{"id":1021,"date":"2014-10-31T21:32:23","date_gmt":"2014-10-31T20:32:23","guid":{"rendered":"http:\/\/web.morosycristianosdeaspe.es\/?page_id=1021"},"modified":"2014-10-31T21:34:55","modified_gmt":"2014-10-31T20:34:55","slug":"cronica-de-fiestas-2014","status":"publish","type":"page","link":"https:\/\/web.morosycristianosdeaspe.es\/?page_id=1021","title":{"rendered":"Cr\u00f3nica de Fiestas 2014"},"content":{"rendered":"<p style=\"text-align: right;\" align=\"center\"><em>Carlos Aznar Pav\u00eda<br \/>\nCronista Oficial de Fiestas<\/em><\/p>\n<p>UN A\u00d1O MUY ESPECIAL PARA LOS NI\u00d1OS.<\/p>\n<h2>S\u00e1bado 26 de julio.<\/h2>\n<p>Tarde alegre, tarde de gran fiesta, tarde de reencuentro, abrazos entre festeros. La Plaza Mayor preparada para el gran espect\u00e1culo de la Presentaci\u00f3n Oficial de los Cargos Festeros al Pueblo y como apoteosis final el Preg\u00f3n. Los cargos acompa\u00f1ados de la junta llenando las calles de Aspe de m\u00fasica y color, para despu\u00e9s del recorrido hacer su entrada en la Plaza Mayor. En los soportales del Ayuntamiento el recibimiento del Alcalde Antonio Puerto, junto con la corporaci\u00f3n que preside, brindis con champ\u00e1n por el comienzo y el buen desarrollo de las mismas y todo el mundo a ocupar sus asientos el espect\u00e1culo va a empezar. Dos guap\u00edsimas y desenvueltas festeras fueron las presentadoras, Mar\u00eda Teresa Prieto y Lorena Garc\u00eda, pero la novedad de esa tarde fueron las presentadoras infantiles, dos ni\u00f1as encantadoras que encandilaron al public\u00f3, \u00c1ngela Cremades y Blanca Alcolea, con preguntas curiosas y llenas de gracia echas por las ni\u00f1as a las mayores, nos fueron presentando los cargos infantiles hasta llegar a la presentaci\u00f3n del Pregonero Infantil, David Mira Cremades, este ni\u00f1o fue la gran revelaci\u00f3n de la noche, Blanca se dirigi\u00f3 a David con estas palabras.\u00a1\u00a1Muchas gracias David!! Nosotras como todos los ni\u00f1os y ni\u00f1as festeras, estamos muy orgullosas de que hayas sido nuestro primer pregonero\u201d.<br \/>\nEn el segundo bloque tambi\u00e9n intervinieron las dos ni\u00f1as, con sus preguntas a las presentadoras consiguieron que el acto fuese una delicia. El Pregonero de las Fiestas de Moros y Cristianos 2014, Antonio Calero Prieto, fue presentado por la anterior Pregonera Marisa Cerd\u00e1n que hizo un recorrido por su vida, como festero fundador entre otros de la Comparsa Estudiantes. El Preg\u00f3n de Calero estuvo lleno de vivencias, una poes\u00eda donde Boabdil se despide de Granada le sirvi\u00f3 de introducci\u00f3n, para entrar de lleno en un hermoso y sentido preg\u00f3n, estas fueron algunas de sus palabras: \u201cLa fiesta no es solo una fuente inagotable de diversi\u00f3n, la fiesta es el testimonio esc\u00e9nico de una parte muy importante de nuestra cultura. Es la magia de nuestra m\u00e1s portentosa imaginaci\u00f3n, trasformada en arte, creado y expuesto en la calle\u201d.<br \/>\nEl Vicepresidente de la Uni\u00f3n Jos\u00e9 Berenguer, tuvo que sustituir al Presidente que se encontraba entre los cargos como Capit\u00e1n de la Comparsa Duque de Maqueda. La imposici\u00f3n de la insignia de la Uni\u00f3n al Alcalde como presidente de Honor, la firma en el Libro de Oro del Alcalde, Pregonero y el nombrado Miembro Honor\u00edfico de la UNDEF en el presente a\u00f1o, Jos\u00e9 Antonio Pastor Cremades, m\u00e1s los discursos del Vicepresidente y el Alcalde, pusieron broche a este acto.<\/p>\n<h2>Jueves 7 de agosto.<\/h2>\n<p>Como en a\u00f1os anteriores con un sol que no daba tregua, desde primera hora de la ma\u00f1ana las diferentes comparsas con sus bandas de m\u00fasica recorr\u00edan las calles de Aspe, para al mediod\u00eda celebrar el primer d\u00eda de fiesta en nuestros respectivos cuartelillos, donde saboreamos la refrescante paloma y la sabrosa paella, hasta que a la hora convenida, las 19:30 nos concentramos en el ensanche de la Calle Castelar, con una gran algarab\u00eda producida por las bandas de m\u00fasica de las ocho comparsas, all\u00ed se inici\u00f3 la entrada de bandas de m\u00fasica, que discurri\u00f3 por la citada calle y por San Pedro, San Jos\u00e9 y Avenida de la Constituci\u00f3n donde estaba instalado el castillo de las embajadas. El Alcalde de Aspe, los Sultanes, los Reyes y los Embajadores tomaron sus almenas y el Director del Himno de las Fiestas de Moros y Cristianos levant\u00f3 la batuta y todas las bandas de m\u00fasica as\u00ed como los festeros como una sola voz interpretamos el Himno de las Fiestas de Moros y Cristianos al mismo tiempo que se izaba la bandera. El Alcalde en un simb\u00f3lico y tradicional acto entreg\u00f3 el bast\u00f3n de mando al Alcalde de Fiestas y nos dirig\u00eda unas palabras para anunciar que daban comienzo las fiestas y finalizar con el grito \u201cViva las Fiestas de Moros y Cristianos\u201d. El honor de dirigir el himno este a\u00f1o le ha correspondido al joven y gran m\u00fasico aspense Antoni Clavel Cascales.<br \/>\nEl mismo d\u00eda a media noche, tres potentes morteros anunciaban que los Moros y Cristianos volv\u00edan a tomar las calles de Aspe, para arrancarles una sonrisa a sus paisanos que, en masa acuden a presenciar y aplaudir la Gran Retreta, este a\u00f1o con much\u00edsima participaci\u00f3n, adem\u00e1s de originalidad y colorido en los disfraces por parte de todos los festeros que esa noche nos liberamos de la seriedad y rigidez de las entradas oficiales.<\/p>\n<h2>Viernes 8 de agosto.<\/h2>\n<p>Con resaca pero sobre todo con mucho calor, acudimos un buen n\u00famero de festeros adem\u00e1s de todos los cargos y miembros de la junta, al Parque Miguel Iborra. Era el lugar de la concentraci\u00f3n para desde all\u00ed iniciar la Diana y Pasacalle por las calles de la poblaci\u00f3n, un recorrido aliviado en algunos puntos por la refrescante paloma gentileza de An\u00eds Salas. El recorrido acab\u00f3 en la Plaza Mayor.<br \/>\nLa concentraci\u00f3n para iniciar la gran \u201cEntrada Mora\u201d como en a\u00f1os anteriores fue en el ensanche de la Cruz de Orihuela. Hubo dos novedades, la primera y que a todos nos sorprendi\u00f3 muy gratamente fue que el Director General de Turismo de la Comunidad Valenciana, Sebasti\u00e1n Fern\u00e1ndez Miralles, tom\u00f3 parte en la entrada desfilando junto con su amigo, el Concejal Juan Antonio P\u00e9rez Sala y lo hicieron con una de las filas m\u00e1s veterana de las fiestas, Viejas Glorias de la Comparsa Duque de Maqueda. La segunda novedad fue que la voz a la que estamos acostumbrados a que dirija y anime a las tropas moras y cristianos para iniciar la gran batalla, este a\u00f1o junto con su esposa ocupaban el trono de las huestes cristianas y al no escuchar la voz de Enrique Alenda, se nos hac\u00eda un poco raro, aunque Jos\u00e9 Antonio Gil S\u00e1nchez, lo hizo muy bien, y el desfile discurri\u00f3 puntual y ordenado. Cerraba la capitan\u00eda mora, con un espectacular boato muy aplaudido por el p\u00fablico que presenci\u00f3 esta primera y espectacular entrada mora.<\/p>\n<h2>S\u00e1bado 9 de agosto<\/h2>\n<p>La Residencia de Ancianos Virgen de las Nieves, abri\u00f3 sus puertas un a\u00f1o m\u00e1s para acoger la Fiesta de Moros y Cristianos, que desde su fundaci\u00f3n nunca ha faltado a la cita con los residentes de esta querida instituci\u00f3n. Salimos de la Plaza Mayor a las 11:30 y a ella volvimos casi tres horas m\u00e1s tarde felices y contentos de haberles dado un bonito desfile adem\u00e1s de los donativos de la junta y de las comparsas.<br \/>\nA las 20 horas desde distintos puntos part\u00eda Desfile Infantil y Guerrilla, cada vez son m\u00e1s los ni\u00f1os que acuden a este su particular desfile, la guerrilla ha quedado un poco estancada pero todav\u00eda se escuchan los disparos desde cualquier punto del pueblo.<br \/>\nA las 21 horas la Bas\u00edlica acogi\u00f3 a los Moros y Cristianos con sus capitanes y abanderadas reyes y sultanes.<br \/>\nA\u00f1o par, la patrona de dos pueblos, la Virgen de las Nieves en su trono, desde que hizo su entrada en la Bas\u00edlica la noche del tres de agosto, despu\u00e9s de recorrer en romer\u00eda los nueve kil\u00f3metros que separan a Hond\u00f3n de Aspe. A sus pies se inclinaron las banderas mora y cristiana, el Rector de la Bas\u00edlica Monse\u00f1or D. Fernando Navarro, celebr\u00f3 la Eucarist\u00eda, en ella tomamos parte miembros de la junta en lecturas y salmos as\u00ed como en la monici\u00f3n de entrada. Acabada la Misa Festera con el mismo orden que hab\u00edamos entrado en el templo, salimos para dirigirnos al castillo de las embajadas. La avenida de la Constituci\u00f3n estaba completamente colapsada por el p\u00fablico que un a\u00f1o m\u00e1s no quer\u00eda perder detalle de este hist\u00f3rico texto de David Garrido, y de su bonita puesta en escena, que result\u00f3 espectacular y donde Jos\u00e9 Vicente Botella y Jos\u00e9 Berenguer, Embajador Moro y Cristiano se superan a\u00f1o tras a\u00f1o. El Juglar: Jos\u00e9 Mateo Soler, se estrenaba en su papel, lo mismo que el Vig\u00eda Moro Salvador Prieto Cremades, para Francisco Bonmati Erades, fue su segundo a\u00f1o como Director de escena.<\/p>\n<h2>Domingo 10 de agosto<\/h2>\n<p>La Entrada Cristiana result\u00f3 como la Mora, un derroche de fantas\u00eda y color, un gran espect\u00e1culo dir\u00eda yo, sin ning\u00fan tipo de incidentes, ordenada y sin esos cortes que a nadie gustan. El boato de la Capitan\u00eda Cristiana dejaba al p\u00fablico perplejo y sorprendido, la imaginaci\u00f3n de personas con muy buen gusto hab\u00eda trabajado para que este final de desfile, con la carroza de los reyes, resultase algo que al p\u00fablico le dejase un especial sabor y le costase abandonar sus asientos.<br \/>\nFinalizado el desfile, autoridades locales e invitados entre los que se encontraban los Alcaldes de Sax, Monforte y Hond\u00f3n de las Nieves, adem\u00e1s del Presidente de la UNDEF, presidentes y miembros de pueblos festeros, Cargos Festeros, Presidente y miembros de la junta y dem\u00e1s invitados, desde la tribuna nos dirigimos al castillo de las embajadas, donde se dio el fallo de los Premios Miguel Iborra. Las capitan\u00edas as\u00ed como el Alcalde de Fiestas entregaron sus respectivas banderas y se clausuraron las Fiestas de Moros y Cristianos 2014. La noche acab\u00f3 en animada conversaci\u00f3n sobre temas festeros en los jardines de la Casa del Cisco donde se sirvi\u00f3 un vino de honor.<\/p>\n","protected":false},"excerpt":{"rendered":"<p>Carlos Aznar Pav\u00eda Cronista Oficial de Fiestas UN A\u00d1O MUY ESPECIAL PARA LOS NI\u00d1OS. S\u00e1bado 26 de julio. Tarde alegre, tarde de gran fiesta, tarde de reencuentro, abrazos entre festeros. La Plaza Mayor preparada para el gran espect\u00e1culo de la Presentaci\u00f3n Oficial de los Cargos Festeros al Pueblo y como apoteosis final el Preg\u00f3n. Los [&hellip;]<\/p>\n","protected":false},"author":1,"featured_media":0,"parent":77,"menu_order":46,"comment_status":"closed","ping_status":"closed","template":"onecolumn-page.php","meta":{"footnotes":""},"class_list":["post-1021","page","type-page","status-publish","hentry"],"_links":{"self":[{"href":"https:\/\/web.morosycristianosdeaspe.es\/index.php?rest_route=\/wp\/v2\/pages\/1021","targetHints":{"allow":["GET"]}}],"collection":[{"href":"https:\/\/web.morosycristianosdeaspe.es\/index.php?rest_route=\/wp\/v2\/pages"}],"about":[{"href":"https:\/\/web.morosycristianosdeaspe.es\/index.php?rest_route=\/wp\/v2\/types\/page"}],"author":[{"embeddable":true,"href":"https:\/\/web.morosycristianosdeaspe.es\/index.php?rest_route=\/wp\/v2\/users\/1"}],"replies":[{"embeddable":true,"href":"https:\/\/web.morosycristianosdeaspe.es\/index.php?rest_route=%2Fwp%2Fv2%2Fcomments&post=1021"}],"version-history":[{"count":1,"href":"https:\/\/web.morosycristianosdeaspe.es\/index.php?rest_route=\/wp\/v2\/pages\/1021\/revisions"}],"predecessor-version":[{"id":1022,"href":"https:\/\/web.morosycristianosdeaspe.es\/index.php?rest_route=\/wp\/v2\/pages\/1021\/revisions\/1022"}],"up":[{"embeddable":true,"href":"https:\/\/web.morosycristianosdeaspe.es\/index.php?rest_route=\/wp\/v2\/pages\/77"}],"wp:attachment":[{"href":"https:\/\/web.morosycristianosdeaspe.es\/index.php?rest_route=%2Fwp%2Fv2%2Fmedia&parent=1021"}],"curies":[{"name":"wp","href":"https:\/\/api.w.org\/{rel}","templated":true}]}}

Crónica de Fiestas 2014

<p style="text-align: right;" align="center"><em>Carlos Aznar Pavía<br />
Cronista Oficial de Fiestas</em></p>
<p>UN AÑO MUY ESPECIAL PARA LOS NIÑOS.</p>
<h2>Sábado 26 de julio.</h2>
<p>Tarde alegre, tarde de gran fiesta, tarde de reencuentro, abrazos entre festeros. La Plaza Mayor preparada para el gran espectáculo de la Presentación Oficial de los Cargos Festeros al Pueblo y como apoteosis final el Pregón. Los cargos acompañados de la junta llenando las calles de Aspe de música y color, para después del recorrido hacer su entrada en la Plaza Mayor. En los soportales del Ayuntamiento el recibimiento del Alcalde Antonio Puerto, junto con la corporación que preside, brindis con champán por el comienzo y el buen desarrollo de las mismas y todo el mundo a ocupar sus asientos el espectáculo va a empezar. Dos guapísimas y desenvueltas festeras fueron las presentadoras, María Teresa Prieto y Lorena García, pero la novedad de esa tarde fueron las presentadoras infantiles, dos niñas encantadoras que encandilaron al publicó, Ángela Cremades y Blanca Alcolea, con preguntas curiosas y llenas de gracia echas por las niñas a las mayores, nos fueron presentando los cargos infantiles hasta llegar a la presentación del Pregonero Infantil, David Mira Cremades, este niño fue la gran revelación de la noche, Blanca se dirigió a David con estas palabras.¡¡Muchas gracias David!! Nosotras como todos los niños y niñas festeras, estamos muy orgullosas de que hayas sido nuestro primer pregonero”.<br />
En el segundo bloque también intervinieron las dos niñas, con sus preguntas a las presentadoras consiguieron que el acto fuese una delicia. El Pregonero de las Fiestas de Moros y Cristianos 2014, Antonio Calero Prieto, fue presentado por la anterior Pregonera Marisa Cerdán que hizo un recorrido por su vida, como festero fundador entre otros de la Comparsa Estudiantes. El Pregón de Calero estuvo lleno de vivencias, una poesía donde Boabdil se despide de Granada le sirvió de introducción, para entrar de lleno en un hermoso y sentido pregón, estas fueron algunas de sus palabras: “La fiesta no es solo una fuente inagotable de diversión, la fiesta es el testimonio escénico de una parte muy importante de nuestra cultura. Es la magia de nuestra más portentosa imaginación, trasformada en arte, creado y expuesto en la calle”.<br />
El Vicepresidente de la Unión José Berenguer, tuvo que sustituir al Presidente que se encontraba entre los cargos como Capitán de la Comparsa Duque de Maqueda. La imposición de la insignia de la Unión al Alcalde como presidente de Honor, la firma en el Libro de Oro del Alcalde, Pregonero y el nombrado Miembro Honorífico de la UNDEF en el presente año, José Antonio Pastor Cremades, más los discursos del Vicepresidente y el Alcalde, pusieron broche a este acto.</p>
<h2>Jueves 7 de agosto.</h2>
<p>Como en años anteriores con un sol que no daba tregua, desde primera hora de la mañana las diferentes comparsas con sus bandas de música recorrían las calles de Aspe, para al mediodía celebrar el primer día de fiesta en nuestros respectivos cuartelillos, donde saboreamos la refrescante paloma y la sabrosa paella, hasta que a la hora convenida, las 19:30 nos concentramos en el ensanche de la Calle Castelar, con una gran algarabía producida por las bandas de música de las ocho comparsas, allí se inició la entrada de bandas de música, que discurrió por la citada calle y por San Pedro, San José y Avenida de la Constitución donde estaba instalado el castillo de las embajadas. El Alcalde de Aspe, los Sultanes, los Reyes y los Embajadores tomaron sus almenas y el Director del Himno de las Fiestas de Moros y Cristianos levantó la batuta y todas las bandas de música así como los festeros como una sola voz interpretamos el Himno de las Fiestas de Moros y Cristianos al mismo tiempo que se izaba la bandera. El Alcalde en un simbólico y tradicional acto entregó el bastón de mando al Alcalde de Fiestas y nos dirigía unas palabras para anunciar que daban comienzo las fiestas y finalizar con el grito “Viva las Fiestas de Moros y Cristianos”. El honor de dirigir el himno este año le ha correspondido al joven y gran músico aspense Antoni Clavel Cascales.<br />
El mismo día a media noche, tres potentes morteros anunciaban que los Moros y Cristianos volvían a tomar las calles de Aspe, para arrancarles una sonrisa a sus paisanos que, en masa acuden a presenciar y aplaudir la Gran Retreta, este año con muchísima participación, además de originalidad y colorido en los disfraces por parte de todos los festeros que esa noche nos liberamos de la seriedad y rigidez de las entradas oficiales.</p>
<h2>Viernes 8 de agosto.</h2>
<p>Con resaca pero sobre todo con mucho calor, acudimos un buen número de festeros además de todos los cargos y miembros de la junta, al Parque Miguel Iborra. Era el lugar de la concentración para desde allí iniciar la Diana y Pasacalle por las calles de la población, un recorrido aliviado en algunos puntos por la refrescante paloma gentileza de Anís Salas. El recorrido acabó en la Plaza Mayor.<br />
La concentración para iniciar la gran “Entrada Mora” como en años anteriores fue en el ensanche de la Cruz de Orihuela. Hubo dos novedades, la primera y que a todos nos sorprendió muy gratamente fue que el Director General de Turismo de la Comunidad Valenciana, Sebastián Fernández Miralles, tomó parte en la entrada desfilando junto con su amigo, el Concejal Juan Antonio Pérez Sala y lo hicieron con una de las filas más veterana de las fiestas, Viejas Glorias de la Comparsa Duque de Maqueda. La segunda novedad fue que la voz a la que estamos acostumbrados a que dirija y anime a las tropas moras y cristianos para iniciar la gran batalla, este año junto con su esposa ocupaban el trono de las huestes cristianas y al no escuchar la voz de Enrique Alenda, se nos hacía un poco raro, aunque José Antonio Gil Sánchez, lo hizo muy bien, y el desfile discurrió puntual y ordenado. Cerraba la capitanía mora, con un espectacular boato muy aplaudido por el público que presenció esta primera y espectacular entrada mora.</p>
<h2>Sábado 9 de agosto</h2>
<p>La Residencia de Ancianos Virgen de las Nieves, abrió sus puertas un año más para acoger la Fiesta de Moros y Cristianos, que desde su fundación nunca ha faltado a la cita con los residentes de esta querida institución. Salimos de la Plaza Mayor a las 11:30 y a ella volvimos casi tres horas más tarde felices y contentos de haberles dado un bonito desfile además de los donativos de la junta y de las comparsas.<br />
A las 20 horas desde distintos puntos partía Desfile Infantil y Guerrilla, cada vez son más los niños que acuden a este su particular desfile, la guerrilla ha quedado un poco estancada pero todavía se escuchan los disparos desde cualquier punto del pueblo.<br />
A las 21 horas la Basílica acogió a los Moros y Cristianos con sus capitanes y abanderadas reyes y sultanes.<br />
Año par, la patrona de dos pueblos, la Virgen de las Nieves en su trono, desde que hizo su entrada en la Basílica la noche del tres de agosto, después de recorrer en romería los nueve kilómetros que separan a Hondón de Aspe. A sus pies se inclinaron las banderas mora y cristiana, el Rector de la Basílica Monseñor D. Fernando Navarro, celebró la Eucaristía, en ella tomamos parte miembros de la junta en lecturas y salmos así como en la monición de entrada. Acabada la Misa Festera con el mismo orden que habíamos entrado en el templo, salimos para dirigirnos al castillo de las embajadas. La avenida de la Constitución estaba completamente colapsada por el público que un año más no quería perder detalle de este histórico texto de David Garrido, y de su bonita puesta en escena, que resultó espectacular y donde José Vicente Botella y José Berenguer, Embajador Moro y Cristiano se superan año tras año. El Juglar: José Mateo Soler, se estrenaba en su papel, lo mismo que el Vigía Moro Salvador Prieto Cremades, para Francisco Bonmati Erades, fue su segundo año como Director de escena.</p>
<h2>Domingo 10 de agosto</h2>
<p>La Entrada Cristiana resultó como la Mora, un derroche de fantasía y color, un gran espectáculo diría yo, sin ningún tipo de incidentes, ordenada y sin esos cortes que a nadie gustan. El boato de la Capitanía Cristiana dejaba al público perplejo y sorprendido, la imaginación de personas con muy buen gusto había trabajado para que este final de desfile, con la carroza de los reyes, resultase algo que al público le dejase un especial sabor y le costase abandonar sus asientos.<br />
Finalizado el desfile, autoridades locales e invitados entre los que se encontraban los Alcaldes de Sax, Monforte y Hondón de las Nieves, además del Presidente de la UNDEF, presidentes y miembros de pueblos festeros, Cargos Festeros, Presidente y miembros de la junta y demás invitados, desde la tribuna nos dirigimos al castillo de las embajadas, donde se dio el fallo de los Premios Miguel Iborra. Las capitanías así como el Alcalde de Fiestas entregaron sus respectivas banderas y se clausuraron las Fiestas de Moros y Cristianos 2014. La noche acabó en animada conversación sobre temas festeros en los jardines de la Casa del Cisco donde se sirvió un vino de honor.</p>

<p>Carlos Aznar Pavía Cronista Oficial de Fiestas UN AÑO MUY ESPECIAL PARA LOS NIÑOS. Sábado 26 de julio. Tarde alegre, tarde de gran fiesta, tarde de reencuentro, abrazos entre festeros. La Plaza Mayor preparada para el gran espectáculo de la Presentación Oficial de los Cargos Festeros al Pueblo y como apoteosis final el Pregón. Los [&hellip;]</p>
