{"id":1176,"date":"2015-06-07T21:27:52","date_gmt":"2015-06-07T20:27:52","guid":{"rendered":"http:\/\/web.morosycristianosdeaspe.es\/?page_id=1176"},"modified":"2015-06-07T21:27:52","modified_gmt":"2015-06-07T20:27:52","slug":"cargos-junta-central","status":"publish","type":"page","link":"https:\/\/web.morosycristianosdeaspe.es\/?page_id=1176","title":{"rendered":"Cargos Junta Central"},"content":{"rendered":"<h1><span style=\"color: #800000;\">Sultanato (Moros Sulaym\u00e1n)<\/span><\/h1>\n<figure id=\"attachment_1195\" aria-describedby=\"caption-attachment-1195\" style=\"width: 600px\" class=\"wp-caption aligncenter\"><img loading=\"lazy\" decoding=\"async\" class=\"wp-image-1195 size-full\" src=\"https:\/\/web.morosycristianosdeaspe.es\/wp-content\/uploads\/2015\/06\/Sultanato_Infantiles.jpg\" alt=\"Sultanes Infantiles: Mar Botella Pastor y Pablo Botella Pastor\" width=\"600\" height=\"400\" srcset=\"https:\/\/web.morosycristianosdeaspe.es\/wp-content\/uploads\/2015\/06\/Sultanato_Infantiles.jpg 600w, https:\/\/web.morosycristianosdeaspe.es\/wp-content\/uploads\/2015\/06\/Sultanato_Infantiles-300x200.jpg 300w\" sizes=\"auto, (max-width: 600px) 100vw, 600px\" \/><figcaption id=\"caption-attachment-1195\" class=\"wp-caption-text\">Sultanes Infantiles: Mar Botella Pastor y Pablo Botella Pastor<\/figcaption><\/figure>\n<figure id=\"attachment_1194\" aria-describedby=\"caption-attachment-1194\" style=\"width: 600px\" class=\"wp-caption aligncenter\"><img loading=\"lazy\" decoding=\"async\" class=\"size-full wp-image-1194\" src=\"https:\/\/web.morosycristianosdeaspe.es\/wp-content\/uploads\/2015\/06\/Sultanato_Adultos.jpg\" alt=\"Sultanes: Jos\u00e9 Antonio Pastor Cremades y Elvira Fern\u00e1ndez Pav\u00eda\" width=\"600\" height=\"400\" srcset=\"https:\/\/web.morosycristianosdeaspe.es\/wp-content\/uploads\/2015\/06\/Sultanato_Adultos.jpg 600w, https:\/\/web.morosycristianosdeaspe.es\/wp-content\/uploads\/2015\/06\/Sultanato_Adultos-300x200.jpg 300w\" sizes=\"auto, (max-width: 600px) 100vw, 600px\" \/><figcaption id=\"caption-attachment-1194\" class=\"wp-caption-text\">Sultanes: Jos\u00e9 Antonio Pastor Cremades y Elvira Fern\u00e1ndez Pav\u00eda<\/figcaption><\/figure>\n<h1><span style=\"color: #800000;\">Reinado (Cristianos Estudiantes)<\/span><\/h1>\n<figure id=\"attachment_1193\" aria-describedby=\"caption-attachment-1193\" style=\"width: 600px\" class=\"wp-caption aligncenter\"><img loading=\"lazy\" decoding=\"async\" class=\"size-full wp-image-1193\" src=\"https:\/\/web.morosycristianosdeaspe.es\/wp-content\/uploads\/2015\/06\/Reinado_Infantiles.jpg\" alt=\"Reyes infantiles: Ignacio Banderas Vicedo y Paula Vicedo Carbonell\" width=\"600\" height=\"400\" srcset=\"https:\/\/web.morosycristianosdeaspe.es\/wp-content\/uploads\/2015\/06\/Reinado_Infantiles.jpg 600w, https:\/\/web.morosycristianosdeaspe.es\/wp-content\/uploads\/2015\/06\/Reinado_Infantiles-300x200.jpg 300w\" sizes=\"auto, (max-width: 600px) 100vw, 600px\" \/><figcaption id=\"caption-attachment-1193\" class=\"wp-caption-text\">Reyes infantiles: Ignacio Banderas Vicedo y Paula Vicedo Carbonell<\/figcaption><\/figure>\n<figure id=\"attachment_1192\" aria-describedby=\"caption-attachment-1192\" style=\"width: 600px\" class=\"wp-caption aligncenter\"><img loading=\"lazy\" decoding=\"async\" class=\"size-full wp-image-1192\" src=\"https:\/\/web.morosycristianosdeaspe.es\/wp-content\/uploads\/2015\/06\/Reinado_Adultos.jpg\" alt=\"Reyes: Beatriz Mart\u00ednez L\u00f3pez y Miguel Caparr\u00f3s Cerd\u00e1n\" width=\"600\" height=\"400\" srcset=\"https:\/\/web.morosycristianosdeaspe.es\/wp-content\/uploads\/2015\/06\/Reinado_Adultos.jpg 600w, https:\/\/web.morosycristianosdeaspe.es\/wp-content\/uploads\/2015\/06\/Reinado_Adultos-300x200.jpg 300w\" sizes=\"auto, (max-width: 600px) 100vw, 600px\" \/><figcaption id=\"caption-attachment-1192\" class=\"wp-caption-text\">Reyes: Beatriz Mart\u00ednez L\u00f3pez y Miguel Caparr\u00f3s Cerd\u00e1n<\/figcaption><\/figure>\n","protected":false},"excerpt":{"rendered":"<p>Sultanato (Moros Sulaym\u00e1n) Reinado (Cristianos Estudiantes)<\/p>\n","protected":false},"author":1,"featured_media":0,"parent":1174,"menu_order":10,"comment_status":"closed","ping_status":"closed","template":"onecolumn-page.php","meta":{"footnotes":""},"class_list":["post-1176","page","type-page","status-publish","hentry"],"_links":{"self":[{"href":"https:\/\/web.morosycristianosdeaspe.es\/index.php?rest_route=\/wp\/v2\/pages\/1176","targetHints":{"allow":["GET"]}}],"collection":[{"href":"https:\/\/web.morosycristianosdeaspe.es\/index.php?rest_route=\/wp\/v2\/pages"}],"about":[{"href":"https:\/\/web.morosycristianosdeaspe.es\/index.php?rest_route=\/wp\/v2\/types\/page"}],"author":[{"embeddable":true,"href":"https:\/\/web.morosycristianosdeaspe.es\/index.php?rest_route=\/wp\/v2\/users\/1"}],"replies":[{"embeddable":true,"href":"https:\/\/web.morosycristianosdeaspe.es\/index.php?rest_route=%2Fwp%2Fv2%2Fcomments&post=1176"}],"version-history":[{"count":1,"href":"https:\/\/web.morosycristianosdeaspe.es\/index.php?rest_route=\/wp\/v2\/pages\/1176\/revisions"}],"predecessor-version":[{"id":1196,"href":"https:\/\/web.morosycristianosdeaspe.es\/index.php?rest_route=\/wp\/v2\/pages\/1176\/revisions\/1196"}],"up":[{"embeddable":true,"href":"https:\/\/web.morosycristianosdeaspe.es\/index.php?rest_route=\/wp\/v2\/pages\/1174"}],"wp:attachment":[{"href":"https:\/\/web.morosycristianosdeaspe.es\/index.php?rest_route=%2Fwp%2Fv2%2Fmedia&parent=1176"}],"curies":[{"name":"wp","href":"https:\/\/api.w.org\/{rel}","templated":true}]}}

<h1><span style="color: #800000;">Sultanato (Moros Sulaymán)</span></h1>
<figure id="attachment_1195" aria-describedby="caption-attachment-1195" style="width: 600px" class="wp-caption aligncenter"><img loading="lazy" decoding="async" class="wp-image-1195 size-full" src="https://web.morosycristianosdeaspe.es/wp-content/uploads/2015/06/Sultanato_Infantiles.jpg" alt="Sultanes Infantiles: Mar Botella Pastor y Pablo Botella Pastor" width="600" height="400" srcset="https://web.morosycristianosdeaspe.es/wp-content/uploads/2015/06/Sultanato_Infantiles.jpg 600w, https://web.morosycristianosdeaspe.es/wp-content/uploads/2015/06/Sultanato_Infantiles-300x200.jpg 300w" sizes="auto, (max-width: 600px) 100vw, 600px" /><figcaption id="caption-attachment-1195" class="wp-caption-text">Sultanes Infantiles: Mar Botella Pastor y Pablo Botella Pastor</figcaption></figure>
<figure id="attachment_1194" aria-describedby="caption-attachment-1194" style="width: 600px" class="wp-caption aligncenter"><img loading="lazy" decoding="async" class="size-full wp-image-1194" src="https://web.morosycristianosdeaspe.es/wp-content/uploads/2015/06/Sultanato_Adultos.jpg" alt="Sultanes: José Antonio Pastor Cremades y Elvira Fernández Pavía" width="600" height="400" srcset="https://web.morosycristianosdeaspe.es/wp-content/uploads/2015/06/Sultanato_Adultos.jpg 600w, https://web.morosycristianosdeaspe.es/wp-content/uploads/2015/06/Sultanato_Adultos-300x200.jpg 300w" sizes="auto, (max-width: 600px) 100vw, 600px" /><figcaption id="caption-attachment-1194" class="wp-caption-text">Sultanes: José Antonio Pastor Cremades y Elvira Fernández Pavía</figcaption></figure>
<h1><span style="color: #800000;">Reinado (Cristianos Estudiantes)</span></h1>
<figure id="attachment_1193" aria-describedby="caption-attachment-1193" style="width: 600px" class="wp-caption aligncenter"><img loading="lazy" decoding="async" class="size-full wp-image-1193" src="https://web.morosycristianosdeaspe.es/wp-content/uploads/2015/06/Reinado_Infantiles.jpg" alt="Reyes infantiles: Ignacio Banderas Vicedo y Paula Vicedo Carbonell" width="600" height="400" srcset="https://web.morosycristianosdeaspe.es/wp-content/uploads/2015/06/Reinado_Infantiles.jpg 600w, https://web.morosycristianosdeaspe.es/wp-content/uploads/2015/06/Reinado_Infantiles-300x200.jpg 300w" sizes="auto, (max-width: 600px) 100vw, 600px" /><figcaption id="caption-attachment-1193" class="wp-caption-text">Reyes infantiles: Ignacio Banderas Vicedo y Paula Vicedo Carbonell</figcaption></figure>
<figure id="attachment_1192" aria-describedby="caption-attachment-1192" style="width: 600px" class="wp-caption aligncenter"><img loading="lazy" decoding="async" class="size-full wp-image-1192" src="https://web.morosycristianosdeaspe.es/wp-content/uploads/2015/06/Reinado_Adultos.jpg" alt="Reyes: Beatriz Martínez López y Miguel Caparrós Cerdán" width="600" height="400" srcset="https://web.morosycristianosdeaspe.es/wp-content/uploads/2015/06/Reinado_Adultos.jpg 600w, https://web.morosycristianosdeaspe.es/wp-content/uploads/2015/06/Reinado_Adultos-300x200.jpg 300w" sizes="auto, (max-width: 600px) 100vw, 600px" /><figcaption id="caption-attachment-1192" class="wp-caption-text">Reyes: Beatriz Martínez López y Miguel Caparrós Cerdán</figcaption></figure>

<p>Sultanato (Moros Sulaymán) Reinado (Cristianos Estudiantes)</p>
