{"id":1197,"date":"2015-06-07T21:44:36","date_gmt":"2015-06-07T20:44:36","guid":{"rendered":"http:\/\/web.morosycristianosdeaspe.es\/?page_id=1197"},"modified":"2015-06-07T21:44:36","modified_gmt":"2015-06-07T20:44:36","slug":"cargos-festeros-bando-moro","status":"publish","type":"page","link":"https:\/\/web.morosycristianosdeaspe.es\/?page_id=1197","title":{"rendered":"Cargos Festeros Bando Moro"},"content":{"rendered":"<figure id=\"attachment_162\" aria-describedby=\"caption-attachment-162\" style=\"width: 89px\" class=\"wp-caption aligncenter\"><a href=\"https:\/\/web.morosycristianosdeaspe.es\/wp-content\/uploads\/2013\/05\/Sulayman_w.png\"><img loading=\"lazy\" decoding=\"async\" class=\"size-full wp-image-162\" src=\"https:\/\/web.morosycristianosdeaspe.es\/wp-content\/uploads\/2013\/05\/Sulayman_w.png\" alt=\"Moros Sulaym\u00e1n\" width=\"89\" height=\"100\" \/><\/a><figcaption id=\"caption-attachment-162\" class=\"wp-caption-text\">Moros Sulaym\u00e1n<\/figcaption><\/figure>\n<figure id=\"attachment_1191\" aria-describedby=\"caption-attachment-1191\" style=\"width: 600px\" class=\"wp-caption aligncenter\"><img loading=\"lazy\" decoding=\"async\" class=\"size-full wp-image-1191\" src=\"https:\/\/web.morosycristianosdeaspe.es\/wp-content\/uploads\/2015\/06\/Moros_Sulayman_Infantiles.jpg\" alt=\"Capit\u00e1n y Abanderada Infantiles: Estanislao Rocamora Fern\u00e1ndez y Mar\u00eda Rocamora Ru\u00edz\" width=\"600\" height=\"400\" srcset=\"https:\/\/web.morosycristianosdeaspe.es\/wp-content\/uploads\/2015\/06\/Moros_Sulayman_Infantiles.jpg 600w, https:\/\/web.morosycristianosdeaspe.es\/wp-content\/uploads\/2015\/06\/Moros_Sulayman_Infantiles-300x200.jpg 300w\" sizes=\"auto, (max-width: 600px) 100vw, 600px\" \/><figcaption id=\"caption-attachment-1191\" class=\"wp-caption-text\">Capit\u00e1n y Abanderada Infantiles: Estanislao Rocamora Fern\u00e1ndez y Mar\u00eda Rocamora Ru\u00edz<\/figcaption><\/figure>\n<figure id=\"attachment_1190\" aria-describedby=\"caption-attachment-1190\" style=\"width: 600px\" class=\"wp-caption aligncenter\"><img loading=\"lazy\" decoding=\"async\" class=\"wp-image-1190 size-full\" src=\"https:\/\/web.morosycristianosdeaspe.es\/wp-content\/uploads\/2015\/06\/Moros_Sulayman_Adultos.jpg\" alt=\"Moros_Sulayman_Adultos\" width=\"600\" height=\"400\" srcset=\"https:\/\/web.morosycristianosdeaspe.es\/wp-content\/uploads\/2015\/06\/Moros_Sulayman_Adultos.jpg 600w, https:\/\/web.morosycristianosdeaspe.es\/wp-content\/uploads\/2015\/06\/Moros_Sulayman_Adultos-300x200.jpg 300w\" sizes=\"auto, (max-width: 600px) 100vw, 600px\" \/><figcaption id=\"caption-attachment-1190\" class=\"wp-caption-text\">Capit\u00e1n y Abanderada: Jos\u00e9 Francisco Rocamora Prieto y Tamara Rocamora Ferr\u00e1ndez<\/figcaption><\/figure>\n<figure id=\"attachment_161\" aria-describedby=\"caption-attachment-161\" style=\"width: 99px\" class=\"wp-caption aligncenter\"><a href=\"https:\/\/web.morosycristianosdeaspe.es\/wp-content\/uploads\/2013\/05\/Fauquies_w.png\"><img loading=\"lazy\" decoding=\"async\" class=\"size-full wp-image-161\" src=\"https:\/\/web.morosycristianosdeaspe.es\/wp-content\/uploads\/2013\/05\/Fauquies_w.png\" alt=\"Moros Fauqu\u00edes\" width=\"99\" height=\"100\" \/><\/a><figcaption id=\"caption-attachment-161\" class=\"wp-caption-text\">Moros Fauqu\u00edes<\/figcaption><\/figure>\n<figure id=\"attachment_1189\" aria-describedby=\"caption-attachment-1189\" style=\"width: 600px\" class=\"wp-caption aligncenter\"><img loading=\"lazy\" decoding=\"async\" class=\"size-full wp-image-1189\" src=\"https:\/\/web.morosycristianosdeaspe.es\/wp-content\/uploads\/2015\/06\/Moros_Fauquies_Adultos.jpg\" alt=\"Capit\u00e1n y Abanderada: Ernesto C\u00f3rcoles Escobar y Elena Mira C\u00f3rcoles\" width=\"600\" height=\"400\" srcset=\"https:\/\/web.morosycristianosdeaspe.es\/wp-content\/uploads\/2015\/06\/Moros_Fauquies_Adultos.jpg 600w, https:\/\/web.morosycristianosdeaspe.es\/wp-content\/uploads\/2015\/06\/Moros_Fauquies_Adultos-300x200.jpg 300w\" sizes=\"auto, (max-width: 600px) 100vw, 600px\" \/><figcaption id=\"caption-attachment-1189\" class=\"wp-caption-text\">Capit\u00e1n y Abanderada: Ernesto C\u00f3rcoles Escobar y Elena Mira C\u00f3rcoles<\/figcaption><\/figure>\n<figure id=\"attachment_160\" aria-describedby=\"caption-attachment-160\" style=\"width: 105px\" class=\"wp-caption aligncenter\"><a href=\"https:\/\/web.morosycristianosdeaspe.es\/wp-content\/uploads\/2013\/05\/Aljau_w.png\"><img loading=\"lazy\" decoding=\"async\" class=\"size-full wp-image-160\" src=\"https:\/\/web.morosycristianosdeaspe.es\/wp-content\/uploads\/2013\/05\/Aljau_w.png\" alt=\"Moros Aljau\" width=\"105\" height=\"100\" \/><\/a><figcaption id=\"caption-attachment-160\" class=\"wp-caption-text\">Moros Aljau<\/figcaption><\/figure>\n<figure id=\"attachment_1188\" aria-describedby=\"caption-attachment-1188\" style=\"width: 600px\" class=\"wp-caption aligncenter\"><img loading=\"lazy\" decoding=\"async\" class=\"size-full wp-image-1188\" src=\"https:\/\/web.morosycristianosdeaspe.es\/wp-content\/uploads\/2015\/06\/Moros_aljau_Infantiles.jpg\" alt=\"Abanderada infantil: Marta G\u00e1mez Garc\u00eda\" width=\"600\" height=\"400\" srcset=\"https:\/\/web.morosycristianosdeaspe.es\/wp-content\/uploads\/2015\/06\/Moros_aljau_Infantiles.jpg 600w, https:\/\/web.morosycristianosdeaspe.es\/wp-content\/uploads\/2015\/06\/Moros_aljau_Infantiles-300x200.jpg 300w\" sizes=\"auto, (max-width: 600px) 100vw, 600px\" \/><figcaption id=\"caption-attachment-1188\" class=\"wp-caption-text\">Abanderada infantil: Marta G\u00e1mez Garc\u00eda<\/figcaption><\/figure>\n<figure id=\"attachment_1187\" aria-describedby=\"caption-attachment-1187\" style=\"width: 600px\" class=\"wp-caption aligncenter\"><img loading=\"lazy\" decoding=\"async\" class=\"size-full wp-image-1187\" src=\"https:\/\/web.morosycristianosdeaspe.es\/wp-content\/uploads\/2015\/06\/Moros_aljau_Adultos.jpg\" alt=\"Capit\u00e1n y Abanderada: Carlos Hern\u00e1ndez Sevilla y Miriam G\u00e1mez Garc\u00eda\" width=\"600\" height=\"400\" srcset=\"https:\/\/web.morosycristianosdeaspe.es\/wp-content\/uploads\/2015\/06\/Moros_aljau_Adultos.jpg 600w, https:\/\/web.morosycristianosdeaspe.es\/wp-content\/uploads\/2015\/06\/Moros_aljau_Adultos-300x200.jpg 300w\" sizes=\"auto, (max-width: 600px) 100vw, 600px\" \/><figcaption id=\"caption-attachment-1187\" class=\"wp-caption-text\">Capit\u00e1n y Abanderada: Carlos Hern\u00e1ndez Sevilla y Miriam G\u00e1mez Garc\u00eda<\/figcaption><\/figure>\n<figure id=\"attachment_159\" aria-describedby=\"caption-attachment-159\" style=\"width: 64px\" class=\"wp-caption aligncenter\"><a href=\"https:\/\/web.morosycristianosdeaspe.es\/wp-content\/uploads\/2013\/05\/Alcana_w.png\"><img loading=\"lazy\" decoding=\"async\" class=\"size-full wp-image-159\" src=\"https:\/\/web.morosycristianosdeaspe.es\/wp-content\/uploads\/2013\/05\/Alcana_w.png\" alt=\"Moros Alcan\u00e1\" width=\"64\" height=\"100\" \/><\/a><figcaption id=\"caption-attachment-159\" class=\"wp-caption-text\">Moros Alcan\u00e1<\/figcaption><\/figure>\n<figure id=\"attachment_1186\" aria-describedby=\"caption-attachment-1186\" style=\"width: 600px\" class=\"wp-caption aligncenter\"><img loading=\"lazy\" decoding=\"async\" class=\"size-full wp-image-1186\" src=\"https:\/\/web.morosycristianosdeaspe.es\/wp-content\/uploads\/2015\/06\/Moros_Alcana_Infantiles.jpg\" alt=\"Abanderadas infantiles: Alba Botella Garc\u00eda y Daniela Pujalte Villar\" width=\"600\" height=\"400\" srcset=\"https:\/\/web.morosycristianosdeaspe.es\/wp-content\/uploads\/2015\/06\/Moros_Alcana_Infantiles.jpg 600w, https:\/\/web.morosycristianosdeaspe.es\/wp-content\/uploads\/2015\/06\/Moros_Alcana_Infantiles-300x200.jpg 300w\" sizes=\"auto, (max-width: 600px) 100vw, 600px\" \/><figcaption id=\"caption-attachment-1186\" class=\"wp-caption-text\">Abanderadas infantiles: Alba Botella Garc\u00eda y Daniela Pujalte Villar<\/figcaption><\/figure>\n<figure id=\"attachment_1185\" aria-describedby=\"caption-attachment-1185\" style=\"width: 600px\" class=\"wp-caption aligncenter\"><img loading=\"lazy\" decoding=\"async\" class=\"size-full wp-image-1185\" src=\"https:\/\/web.morosycristianosdeaspe.es\/wp-content\/uploads\/2015\/06\/Moros_Alcana_Adultos.jpg\" alt=\"Abanderada: Mar\u00eda de las Nieves Cerd\u00e1n Rico\" width=\"600\" height=\"400\" srcset=\"https:\/\/web.morosycristianosdeaspe.es\/wp-content\/uploads\/2015\/06\/Moros_Alcana_Adultos.jpg 600w, https:\/\/web.morosycristianosdeaspe.es\/wp-content\/uploads\/2015\/06\/Moros_Alcana_Adultos-300x200.jpg 300w\" sizes=\"auto, (max-width: 600px) 100vw, 600px\" \/><figcaption id=\"caption-attachment-1185\" class=\"wp-caption-text\">Abanderada: Mar\u00eda de las Nieves Cerd\u00e1n Rico<\/figcaption><\/figure>\n","protected":false},"excerpt":{"rendered":"","protected":false},"author":1,"featured_media":0,"parent":1174,"menu_order":20,"comment_status":"closed","ping_status":"closed","template":"onecolumn-page.php","meta":{"footnotes":""},"class_list":["post-1197","page","type-page","status-publish","hentry"],"_links":{"self":[{"href":"https:\/\/web.morosycristianosdeaspe.es\/index.php?rest_route=\/wp\/v2\/pages\/1197","targetHints":{"allow":["GET"]}}],"collection":[{"href":"https:\/\/web.morosycristianosdeaspe.es\/index.php?rest_route=\/wp\/v2\/pages"}],"about":[{"href":"https:\/\/web.morosycristianosdeaspe.es\/index.php?rest_route=\/wp\/v2\/types\/page"}],"author":[{"embeddable":true,"href":"https:\/\/web.morosycristianosdeaspe.es\/index.php?rest_route=\/wp\/v2\/users\/1"}],"replies":[{"embeddable":true,"href":"https:\/\/web.morosycristianosdeaspe.es\/index.php?rest_route=%2Fwp%2Fv2%2Fcomments&post=1197"}],"version-history":[{"count":1,"href":"https:\/\/web.morosycristianosdeaspe.es\/index.php?rest_route=\/wp\/v2\/pages\/1197\/revisions"}],"predecessor-version":[{"id":1198,"href":"https:\/\/web.morosycristianosdeaspe.es\/index.php?rest_route=\/wp\/v2\/pages\/1197\/revisions\/1198"}],"up":[{"embeddable":true,"href":"https:\/\/web.morosycristianosdeaspe.es\/index.php?rest_route=\/wp\/v2\/pages\/1174"}],"wp:attachment":[{"href":"https:\/\/web.morosycristianosdeaspe.es\/index.php?rest_route=%2Fwp%2Fv2%2Fmedia&parent=1197"}],"curies":[{"name":"wp","href":"https:\/\/api.w.org\/{rel}","templated":true}]}}

<figure id="attachment_162" aria-describedby="caption-attachment-162" style="width: 89px" class="wp-caption aligncenter"><a href="https://web.morosycristianosdeaspe.es/wp-content/uploads/2013/05/Sulayman_w.png"><img loading="lazy" decoding="async" class="size-full wp-image-162" src="https://web.morosycristianosdeaspe.es/wp-content/uploads/2013/05/Sulayman_w.png" alt="Moros Sulaymán" width="89" height="100" /></a><figcaption id="caption-attachment-162" class="wp-caption-text">Moros Sulaymán</figcaption></figure>
<figure id="attachment_1191" aria-describedby="caption-attachment-1191" style="width: 600px" class="wp-caption aligncenter"><img loading="lazy" decoding="async" class="size-full wp-image-1191" src="https://web.morosycristianosdeaspe.es/wp-content/uploads/2015/06/Moros_Sulayman_Infantiles.jpg" alt="Capitán y Abanderada Infantiles: Estanislao Rocamora Fernández y María Rocamora Ruíz" width="600" height="400" srcset="https://web.morosycristianosdeaspe.es/wp-content/uploads/2015/06/Moros_Sulayman_Infantiles.jpg 600w, https://web.morosycristianosdeaspe.es/wp-content/uploads/2015/06/Moros_Sulayman_Infantiles-300x200.jpg 300w" sizes="auto, (max-width: 600px) 100vw, 600px" /><figcaption id="caption-attachment-1191" class="wp-caption-text">Capitán y Abanderada Infantiles: Estanislao Rocamora Fernández y María Rocamora Ruíz</figcaption></figure>
<figure id="attachment_1190" aria-describedby="caption-attachment-1190" style="width: 600px" class="wp-caption aligncenter"><img loading="lazy" decoding="async" class="wp-image-1190 size-full" src="https://web.morosycristianosdeaspe.es/wp-content/uploads/2015/06/Moros_Sulayman_Adultos.jpg" alt="Moros_Sulayman_Adultos" width="600" height="400" srcset="https://web.morosycristianosdeaspe.es/wp-content/uploads/2015/06/Moros_Sulayman_Adultos.jpg 600w, https://web.morosycristianosdeaspe.es/wp-content/uploads/2015/06/Moros_Sulayman_Adultos-300x200.jpg 300w" sizes="auto, (max-width: 600px) 100vw, 600px" /><figcaption id="caption-attachment-1190" class="wp-caption-text">Capitán y Abanderada: José Francisco Rocamora Prieto y Tamara Rocamora Ferrández</figcaption></figure>
<figure id="attachment_161" aria-describedby="caption-attachment-161" style="width: 99px" class="wp-caption aligncenter"><a href="https://web.morosycristianosdeaspe.es/wp-content/uploads/2013/05/Fauquies_w.png"><img loading="lazy" decoding="async" class="size-full wp-image-161" src="https://web.morosycristianosdeaspe.es/wp-content/uploads/2013/05/Fauquies_w.png" alt="Moros Fauquíes" width="99" height="100" /></a><figcaption id="caption-attachment-161" class="wp-caption-text">Moros Fauquíes</figcaption></figure>
<figure id="attachment_1189" aria-describedby="caption-attachment-1189" style="width: 600px" class="wp-caption aligncenter"><img loading="lazy" decoding="async" class="size-full wp-image-1189" src="https://web.morosycristianosdeaspe.es/wp-content/uploads/2015/06/Moros_Fauquies_Adultos.jpg" alt="Capitán y Abanderada: Ernesto Córcoles Escobar y Elena Mira Córcoles" width="600" height="400" srcset="https://web.morosycristianosdeaspe.es/wp-content/uploads/2015/06/Moros_Fauquies_Adultos.jpg 600w, https://web.morosycristianosdeaspe.es/wp-content/uploads/2015/06/Moros_Fauquies_Adultos-300x200.jpg 300w" sizes="auto, (max-width: 600px) 100vw, 600px" /><figcaption id="caption-attachment-1189" class="wp-caption-text">Capitán y Abanderada: Ernesto Córcoles Escobar y Elena Mira Córcoles</figcaption></figure>
<figure id="attachment_160" aria-describedby="caption-attachment-160" style="width: 105px" class="wp-caption aligncenter"><a href="https://web.morosycristianosdeaspe.es/wp-content/uploads/2013/05/Aljau_w.png"><img loading="lazy" decoding="async" class="size-full wp-image-160" src="https://web.morosycristianosdeaspe.es/wp-content/uploads/2013/05/Aljau_w.png" alt="Moros Aljau" width="105" height="100" /></a><figcaption id="caption-attachment-160" class="wp-caption-text">Moros Aljau</figcaption></figure>
<figure id="attachment_1188" aria-describedby="caption-attachment-1188" style="width: 600px" class="wp-caption aligncenter"><img loading="lazy" decoding="async" class="size-full wp-image-1188" src="https://web.morosycristianosdeaspe.es/wp-content/uploads/2015/06/Moros_aljau_Infantiles.jpg" alt="Abanderada infantil: Marta Gámez García" width="600" height="400" srcset="https://web.morosycristianosdeaspe.es/wp-content/uploads/2015/06/Moros_aljau_Infantiles.jpg 600w, https://web.morosycristianosdeaspe.es/wp-content/uploads/2015/06/Moros_aljau_Infantiles-300x200.jpg 300w" sizes="auto, (max-width: 600px) 100vw, 600px" /><figcaption id="caption-attachment-1188" class="wp-caption-text">Abanderada infantil: Marta Gámez García</figcaption></figure>
<figure id="attachment_1187" aria-describedby="caption-attachment-1187" style="width: 600px" class="wp-caption aligncenter"><img loading="lazy" decoding="async" class="size-full wp-image-1187" src="https://web.morosycristianosdeaspe.es/wp-content/uploads/2015/06/Moros_aljau_Adultos.jpg" alt="Capitán y Abanderada: Carlos Hernández Sevilla y Miriam Gámez García" width="600" height="400" srcset="https://web.morosycristianosdeaspe.es/wp-content/uploads/2015/06/Moros_aljau_Adultos.jpg 600w, https://web.morosycristianosdeaspe.es/wp-content/uploads/2015/06/Moros_aljau_Adultos-300x200.jpg 300w" sizes="auto, (max-width: 600px) 100vw, 600px" /><figcaption id="caption-attachment-1187" class="wp-caption-text">Capitán y Abanderada: Carlos Hernández Sevilla y Miriam Gámez García</figcaption></figure>
<figure id="attachment_159" aria-describedby="caption-attachment-159" style="width: 64px" class="wp-caption aligncenter"><a href="https://web.morosycristianosdeaspe.es/wp-content/uploads/2013/05/Alcana_w.png"><img loading="lazy" decoding="async" class="size-full wp-image-159" src="https://web.morosycristianosdeaspe.es/wp-content/uploads/2013/05/Alcana_w.png" alt="Moros Alcaná" width="64" height="100" /></a><figcaption id="caption-attachment-159" class="wp-caption-text">Moros Alcaná</figcaption></figure>
<figure id="attachment_1186" aria-describedby="caption-attachment-1186" style="width: 600px" class="wp-caption aligncenter"><img loading="lazy" decoding="async" class="size-full wp-image-1186" src="https://web.morosycristianosdeaspe.es/wp-content/uploads/2015/06/Moros_Alcana_Infantiles.jpg" alt="Abanderadas infantiles: Alba Botella García y Daniela Pujalte Villar" width="600" height="400" srcset="https://web.morosycristianosdeaspe.es/wp-content/uploads/2015/06/Moros_Alcana_Infantiles.jpg 600w, https://web.morosycristianosdeaspe.es/wp-content/uploads/2015/06/Moros_Alcana_Infantiles-300x200.jpg 300w" sizes="auto, (max-width: 600px) 100vw, 600px" /><figcaption id="caption-attachment-1186" class="wp-caption-text">Abanderadas infantiles: Alba Botella García y Daniela Pujalte Villar</figcaption></figure>
<figure id="attachment_1185" aria-describedby="caption-attachment-1185" style="width: 600px" class="wp-caption aligncenter"><img loading="lazy" decoding="async" class="size-full wp-image-1185" src="https://web.morosycristianosdeaspe.es/wp-content/uploads/2015/06/Moros_Alcana_Adultos.jpg" alt="Abanderada: María de las Nieves Cerdán Rico" width="600" height="400" srcset="https://web.morosycristianosdeaspe.es/wp-content/uploads/2015/06/Moros_Alcana_Adultos.jpg 600w, https://web.morosycristianosdeaspe.es/wp-content/uploads/2015/06/Moros_Alcana_Adultos-300x200.jpg 300w" sizes="auto, (max-width: 600px) 100vw, 600px" /><figcaption id="caption-attachment-1185" class="wp-caption-text">Abanderada: María de las Nieves Cerdán Rico</figcaption></figure>
