{"id":1234,"date":"2015-07-16T16:26:26","date_gmt":"2015-07-16T15:26:26","guid":{"rendered":"http:\/\/web.morosycristianosdeaspe.es\/?page_id=1234"},"modified":"2016-07-26T12:18:31","modified_gmt":"2016-07-26T11:18:31","slug":"programa-fiestas-2015","status":"publish","type":"page","link":"https:\/\/web.morosycristianosdeaspe.es\/?page_id=1234","title":{"rendered":"Programa Fiestas 2015"},"content":{"rendered":"<p><img loading=\"lazy\" decoding=\"async\" class=\"aligncenter wp-image-1260 size-full\" src=\"https:\/\/web.morosycristianosdeaspe.es\/wp-content\/uploads\/2015\/07\/Cartel2015-354-x-496.jpg\" alt=\"Cartel2015 (354 x 496)\" width=\"354\" height=\"496\" srcset=\"https:\/\/web.morosycristianosdeaspe.es\/wp-content\/uploads\/2015\/07\/Cartel2015-354-x-496.jpg 354w, https:\/\/web.morosycristianosdeaspe.es\/wp-content\/uploads\/2015\/07\/Cartel2015-354-x-496-214x300.jpg 214w\" sizes=\"auto, (max-width: 354px) 100vw, 354px\" \/><\/p>\n<ul>\n<li><span style=\"color: #000000;\"><strong>S\u00e1bado 1 de Agosto.<\/strong><\/span>\n<ul>\n<li><span style=\"color: #000000;\"><a href=\"https:\/\/web.morosycristianosdeaspe.es\/?page_id=1236\">Preg\u00f3n y Presentaci\u00f3n al Pueblo.<\/a><\/span><\/li>\n<\/ul>\n<\/li>\n<li><span style=\"color: #000000;\"><strong>Jueves 6 de Agosto.<\/strong><\/span>\n<ul>\n<li><span style=\"color: #000000;\"><a href=\"https:\/\/web.morosycristianosdeaspe.es\/?page_id=1239\">D\u00eda del Festero Infantil.<\/a><\/span><\/li>\n<\/ul>\n<\/li>\n<li><span style=\"color: #000000;\"><strong>Viernes 7 de Agosto.<\/strong><\/span>\n<ul>\n<li><span style=\"color: #000000;\"><a href=\"https:\/\/web.morosycristianosdeaspe.es\/?page_id=1241\">Entrada de Bandas y Retreta.<\/a><\/span><\/li>\n<\/ul>\n<\/li>\n<li><span style=\"color: #000000;\"><strong>S\u00e1bado 8 de Agosto.<\/strong><\/span>\n<ul>\n<li><span style=\"color: #000000;\"><a href=\"https:\/\/web.morosycristianosdeaspe.es\/?page_id=1244\">Pasacalles Festero y Entrada Mora.<\/a><\/span><br \/>\n<span style=\"color: #000000;\"> <em><a href=\"https:\/\/web.morosycristianosdeaspe.es\/?page_id=1252\">Orden de desfile Entrada Mora.<\/a><\/em><\/span><\/li>\n<\/ul>\n<\/li>\n<li><span style=\"color: #000000;\"><strong>Domingo 9 de Agosto. <\/strong><\/span>\n<ul>\n<li><span style=\"color: #000000;\"><a href=\"https:\/\/web.morosycristianosdeaspe.es\/?page_id=1246\">Pasacalles a Residencia de Ancianos, Entrada Infantil, Guerrilla, Misa Festera y Embajada.<\/a><\/span><\/li>\n<\/ul>\n<\/li>\n<li><span style=\"color: #000000;\"><strong>Lunes 10 de Agosto.<\/strong><\/span>\n<ul>\n<li><span style=\"color: #000000;\"><a href=\"https:\/\/web.morosycristianosdeaspe.es\/?page_id=1248\">Entrada Cristiana y Entrega de Banderas.<\/a><\/span><br \/>\n<span style=\"color: #000000;\"> <em><a href=\"https:\/\/web.morosycristianosdeaspe.es\/?page_id=1254\">Orden de desfile Entrada Cristiana.<\/a><\/em><\/span><\/li>\n<\/ul>\n<\/li>\n<\/ul>\n<p>Tambi\u00e9n se puede descargar en formato PDF pulsando <a href=\"https:\/\/web.morosycristianosdeaspe.es\/wp-content\/uploads\/2015\/07\/Programa-2015-Union-MyC-Aspe.pdf\">aqu\u00ed.<\/a><\/p>\n<h6>Programa patrocinado por:<\/h6>\n<p><img loading=\"lazy\" decoding=\"async\" class=\"aligncenter wp-image-948 size-medium\" src=\"https:\/\/web.morosycristianosdeaspe.es\/wp-content\/uploads\/2014\/07\/anis-salas-logo-300x51.png\" alt=\"\" width=\"300\" height=\"51\" srcset=\"https:\/\/web.morosycristianosdeaspe.es\/wp-content\/uploads\/2014\/07\/anis-salas-logo-300x51.png 300w, https:\/\/web.morosycristianosdeaspe.es\/wp-content\/uploads\/2014\/07\/anis-salas-logo-1024x175.png 1024w, https:\/\/web.morosycristianosdeaspe.es\/wp-content\/uploads\/2014\/07\/anis-salas-logo-900x154.png 900w\" sizes=\"auto, (max-width: 300px) 100vw, 300px\" \/><\/p>\n","protected":false},"excerpt":{"rendered":"<p>S\u00e1bado 1 de Agosto. Preg\u00f3n y Presentaci\u00f3n al Pueblo. Jueves 6 de Agosto. D\u00eda del Festero Infantil. Viernes 7 de Agosto. Entrada de Bandas y Retreta. S\u00e1bado 8 de Agosto. Pasacalles Festero y Entrada Mora. Orden de desfile Entrada Mora. Domingo 9 de Agosto. Pasacalles a Residencia de Ancianos, Entrada Infantil, Guerrilla, Misa Festera y [&hellip;]<\/p>\n","protected":false},"author":1,"featured_media":0,"parent":95,"menu_order":61,"comment_status":"closed","ping_status":"closed","template":"onecolumn-page.php","meta":{"footnotes":""},"class_list":["post-1234","page","type-page","status-publish","hentry"],"_links":{"self":[{"href":"https:\/\/web.morosycristianosdeaspe.es\/index.php?rest_route=\/wp\/v2\/pages\/1234","targetHints":{"allow":["GET"]}}],"collection":[{"href":"https:\/\/web.morosycristianosdeaspe.es\/index.php?rest_route=\/wp\/v2\/pages"}],"about":[{"href":"https:\/\/web.morosycristianosdeaspe.es\/index.php?rest_route=\/wp\/v2\/types\/page"}],"author":[{"embeddable":true,"href":"https:\/\/web.morosycristianosdeaspe.es\/index.php?rest_route=\/wp\/v2\/users\/1"}],"replies":[{"embeddable":true,"href":"https:\/\/web.morosycristianosdeaspe.es\/index.php?rest_route=%2Fwp%2Fv2%2Fcomments&post=1234"}],"version-history":[{"count":6,"href":"https:\/\/web.morosycristianosdeaspe.es\/index.php?rest_route=\/wp\/v2\/pages\/1234\/revisions"}],"predecessor-version":[{"id":1275,"href":"https:\/\/web.morosycristianosdeaspe.es\/index.php?rest_route=\/wp\/v2\/pages\/1234\/revisions\/1275"}],"up":[{"embeddable":true,"href":"https:\/\/web.morosycristianosdeaspe.es\/index.php?rest_route=\/wp\/v2\/pages\/95"}],"wp:attachment":[{"href":"https:\/\/web.morosycristianosdeaspe.es\/index.php?rest_route=%2Fwp%2Fv2%2Fmedia&parent=1234"}],"curies":[{"name":"wp","href":"https:\/\/api.w.org\/{rel}","templated":true}]}}

<p><img loading="lazy" decoding="async" class="aligncenter wp-image-1260 size-full" src="https://web.morosycristianosdeaspe.es/wp-content/uploads/2015/07/Cartel2015-354-x-496.jpg" alt="Cartel2015 (354 x 496)" width="354" height="496" srcset="https://web.morosycristianosdeaspe.es/wp-content/uploads/2015/07/Cartel2015-354-x-496.jpg 354w, https://web.morosycristianosdeaspe.es/wp-content/uploads/2015/07/Cartel2015-354-x-496-214x300.jpg 214w" sizes="auto, (max-width: 354px) 100vw, 354px" /></p>
<ul>
<li><span style="color: #000000;"><strong>Sábado 1 de Agosto.</strong></span>
<ul>
<li><span style="color: #000000;"><a href="https://web.morosycristianosdeaspe.es/?page_id=1236">Pregón y Presentación al Pueblo.</a></span></li>
</ul>
</li>
<li><span style="color: #000000;"><strong>Jueves 6 de Agosto.</strong></span>
<ul>
<li><span style="color: #000000;"><a href="https://web.morosycristianosdeaspe.es/?page_id=1239">Día del Festero Infantil.</a></span></li>
</ul>
</li>
<li><span style="color: #000000;"><strong>Viernes 7 de Agosto.</strong></span>
<ul>
<li><span style="color: #000000;"><a href="https://web.morosycristianosdeaspe.es/?page_id=1241">Entrada de Bandas y Retreta.</a></span></li>
</ul>
</li>
<li><span style="color: #000000;"><strong>Sábado 8 de Agosto.</strong></span>
<ul>
<li><span style="color: #000000;"><a href="https://web.morosycristianosdeaspe.es/?page_id=1244">Pasacalles Festero y Entrada Mora.</a></span><br />
<span style="color: #000000;"> <em><a href="https://web.morosycristianosdeaspe.es/?page_id=1252">Orden de desfile Entrada Mora.</a></em></span></li>
</ul>
</li>
<li><span style="color: #000000;"><strong>Domingo 9 de Agosto. </strong></span>
<ul>
<li><span style="color: #000000;"><a href="https://web.morosycristianosdeaspe.es/?page_id=1246">Pasacalles a Residencia de Ancianos, Entrada Infantil, Guerrilla, Misa Festera y Embajada.</a></span></li>
</ul>
</li>
<li><span style="color: #000000;"><strong>Lunes 10 de Agosto.</strong></span>
<ul>
<li><span style="color: #000000;"><a href="https://web.morosycristianosdeaspe.es/?page_id=1248">Entrada Cristiana y Entrega de Banderas.</a></span><br />
<span style="color: #000000;"> <em><a href="https://web.morosycristianosdeaspe.es/?page_id=1254">Orden de desfile Entrada Cristiana.</a></em></span></li>
</ul>
</li>
</ul>
<p>También se puede descargar en formato PDF pulsando <a href="https://web.morosycristianosdeaspe.es/wp-content/uploads/2015/07/Programa-2015-Union-MyC-Aspe.pdf">aquí.</a></p>
<h6>Programa patrocinado por:</h6>
<p><img loading="lazy" decoding="async" class="aligncenter wp-image-948 size-medium" src="https://web.morosycristianosdeaspe.es/wp-content/uploads/2014/07/anis-salas-logo-300x51.png" alt="" width="300" height="51" srcset="https://web.morosycristianosdeaspe.es/wp-content/uploads/2014/07/anis-salas-logo-300x51.png 300w, https://web.morosycristianosdeaspe.es/wp-content/uploads/2014/07/anis-salas-logo-1024x175.png 1024w, https://web.morosycristianosdeaspe.es/wp-content/uploads/2014/07/anis-salas-logo-900x154.png 900w" sizes="auto, (max-width: 300px) 100vw, 300px" /></p>

<p>Sábado 1 de Agosto. Pregón y Presentación al Pueblo. Jueves 6 de Agosto. Día del Festero Infantil. Viernes 7 de Agosto. Entrada de Bandas y Retreta. Sábado 8 de Agosto. Pasacalles Festero y Entrada Mora. Orden de desfile Entrada Mora. Domingo 9 de Agosto. Pasacalles a Residencia de Ancianos, Entrada Infantil, Guerrilla, Misa Festera y [&hellip;]</p>
