{"id":1239,"date":"2015-07-16T16:35:19","date_gmt":"2015-07-16T15:35:19","guid":{"rendered":"http:\/\/web.morosycristianosdeaspe.es\/?page_id=1239"},"modified":"2015-07-16T16:35:19","modified_gmt":"2015-07-16T15:35:19","slug":"jueves-6-de-agosto-dia-del-festero-infantil","status":"publish","type":"page","link":"https:\/\/web.morosycristianosdeaspe.es\/?page_id=1239","title":{"rendered":"Jueves 6 de Agosto. D\u00eda del Festero Infantil"},"content":{"rendered":"<h1><span style=\"color: #0000ff;\">Fiesta Infantil<\/span><\/h1>\n<p><em><strong>Merienda y actividades l\u00fadicas para todos los ni\u00f1os festeros de las distintas comparsas de la Uni\u00f3n de Moros y Cristianos.<\/strong><\/em><\/p>\n<p><strong>Lugar de celebraci\u00f3n:<\/strong> K\u00e1bila de Moros Fauqu\u00edes.<\/p>\n<p><strong>Horario:<\/strong> 18:30h (Merienda); 19:00h (Hinchables, talleres, actividades).<\/p>\n<p>* Merienda y todas las actividades gratuitas.<\/p>\n<p>Organiza: Comparsa Moros Fauqu\u00edes.<\/p>\n<p>Patrocina: Uni\u00f3n de Moros y Cristianos Virgen de las Nieves de Aspe.<\/p>\n","protected":false},"excerpt":{"rendered":"<p>Fiesta Infantil Merienda y actividades l\u00fadicas para todos los ni\u00f1os festeros de las distintas comparsas de la Uni\u00f3n de Moros y Cristianos. Lugar de celebraci\u00f3n: K\u00e1bila de Moros Fauqu\u00edes. Horario: 18:30h (Merienda); 19:00h (Hinchables, talleres, actividades). * Merienda y todas las actividades gratuitas. Organiza: Comparsa Moros Fauqu\u00edes. Patrocina: Uni\u00f3n de Moros y Cristianos Virgen de [&hellip;]<\/p>\n","protected":false},"author":1,"featured_media":0,"parent":1234,"menu_order":15,"comment_status":"closed","ping_status":"closed","template":"","meta":{"footnotes":""},"class_list":["post-1239","page","type-page","status-publish","hentry"],"_links":{"self":[{"href":"https:\/\/web.morosycristianosdeaspe.es\/index.php?rest_route=\/wp\/v2\/pages\/1239","targetHints":{"allow":["GET"]}}],"collection":[{"href":"https:\/\/web.morosycristianosdeaspe.es\/index.php?rest_route=\/wp\/v2\/pages"}],"about":[{"href":"https:\/\/web.morosycristianosdeaspe.es\/index.php?rest_route=\/wp\/v2\/types\/page"}],"author":[{"embeddable":true,"href":"https:\/\/web.morosycristianosdeaspe.es\/index.php?rest_route=\/wp\/v2\/users\/1"}],"replies":[{"embeddable":true,"href":"https:\/\/web.morosycristianosdeaspe.es\/index.php?rest_route=%2Fwp%2Fv2%2Fcomments&post=1239"}],"version-history":[{"count":1,"href":"https:\/\/web.morosycristianosdeaspe.es\/index.php?rest_route=\/wp\/v2\/pages\/1239\/revisions"}],"predecessor-version":[{"id":1240,"href":"https:\/\/web.morosycristianosdeaspe.es\/index.php?rest_route=\/wp\/v2\/pages\/1239\/revisions\/1240"}],"up":[{"embeddable":true,"href":"https:\/\/web.morosycristianosdeaspe.es\/index.php?rest_route=\/wp\/v2\/pages\/1234"}],"wp:attachment":[{"href":"https:\/\/web.morosycristianosdeaspe.es\/index.php?rest_route=%2Fwp%2Fv2%2Fmedia&parent=1239"}],"curies":[{"name":"wp","href":"https:\/\/api.w.org\/{rel}","templated":true}]}}

Jueves 6 de Agosto. Día del Festero Infantil

<h1><span style="color: #0000ff;">Fiesta Infantil</span></h1>
<p><em><strong>Merienda y actividades lúdicas para todos los niños festeros de las distintas comparsas de la Unión de Moros y Cristianos.</strong></em></p>
<p><strong>Lugar de celebración:</strong> Kábila de Moros Fauquíes.</p>
<p><strong>Horario:</strong> 18:30h (Merienda); 19:00h (Hinchables, talleres, actividades).</p>
<p>* Merienda y todas las actividades gratuitas.</p>
<p>Organiza: Comparsa Moros Fauquíes.</p>
<p>Patrocina: Unión de Moros y Cristianos Virgen de las Nieves de Aspe.</p>

<p>Fiesta Infantil Merienda y actividades lúdicas para todos los niños festeros de las distintas comparsas de la Unión de Moros y Cristianos. Lugar de celebración: Kábila de Moros Fauquíes. Horario: 18:30h (Merienda); 19:00h (Hinchables, talleres, actividades). * Merienda y todas las actividades gratuitas. Organiza: Comparsa Moros Fauquíes. Patrocina: Unión de Moros y Cristianos Virgen de [&hellip;]</p>
