{"id":1246,"date":"2015-07-16T17:31:45","date_gmt":"2015-07-16T16:31:45","guid":{"rendered":"http:\/\/web.morosycristianosdeaspe.es\/?page_id=1246"},"modified":"2015-07-17T14:56:49","modified_gmt":"2015-07-17T13:56:49","slug":"domingo-9-de-agosto-pasacalles-a-residencia-de-ancianos-entrada-infantil-guerrilla-misa-festera-y-embajada","status":"publish","type":"page","link":"https:\/\/web.morosycristianosdeaspe.es\/?page_id=1246","title":{"rendered":"Domingo 9 de Agosto. Pasacalles a Residencia de Ancianos, Entrada Infantil, Guerrilla, Misa Festera y Embajada."},"content":{"rendered":"<h1><span style=\"color: #0000ff;\">Pasacalle y Desfile en Residencia de Ancianos<\/span><\/h1>\n<p><em>Pasacalles hasta la Residencia de Ancianos para celebrar en sus jardines un desfile festero en honor a nuestros mayores.<\/em><\/p>\n<p><b>Hora de concentraci\u00f3n: <\/b>11:15 h.<\/p>\n<p><b>Lugar de concentraci\u00f3n: <\/b>Plaza Mayor.<\/p>\n<figure id=\"attachment_434\" aria-describedby=\"caption-attachment-434\" style=\"width: 300px\" class=\"wp-caption alignright\"><a href=\"https:\/\/web.morosycristianosdeaspe.es\/wp-content\/uploads\/2013\/07\/asilow.jpg\"><img loading=\"lazy\" decoding=\"async\" class=\"size-medium wp-image-434 \" src=\"https:\/\/web.morosycristianosdeaspe.es\/wp-content\/uploads\/2013\/07\/asilow-300x237.jpg\" alt=\"Pasacalle a R. Ancianos. Click en el plano para ampliar.\" width=\"300\" height=\"237\" srcset=\"https:\/\/web.morosycristianosdeaspe.es\/wp-content\/uploads\/2013\/07\/asilow-300x237.jpg 300w, https:\/\/web.morosycristianosdeaspe.es\/wp-content\/uploads\/2013\/07\/asilow.jpg 843w\" sizes=\"auto, (max-width: 300px) 100vw, 300px\" \/><\/a><figcaption id=\"caption-attachment-434\" class=\"wp-caption-text\">Pasacalle a R. Ancianos. Click en el plano para ampliar.<\/figcaption><\/figure>\n<p><b>Hora de salida: <\/b>11:30 h.<\/p>\n<p><b>Itinerario: <\/b>Plaza Mayor, calle Sacramento, Parque Dr. Calatayud, calle Santa Faz, calle Virgen de las Nieves, calle Ram\u00f3n y Cajal, avenida Castelar y Residencia de Ancianos -Desfile Festero en Residencia de Ancianos &#8211; avenida Castelar, calle San Pedro, calle Francisco Candela y Plaza Mayor.<\/p>\n<p>&nbsp;<\/p>\n<p>&nbsp;<\/p>\n<h1><span style=\"color: #0000ff;\">Entrada Infantil y Acompa\u00f1amiento de Cargos a la Misa Festera.<\/span><\/h1>\n<p><b>Hora de concentraci\u00f3n: <\/b>19:45 h.<\/p>\n<p><b>Lugar de concentraci\u00f3n: <\/b>Calle Doctor Mara\u00f1\u00f3n esquina con calle Isaac Peral<\/p>\n<p><b>Hora de salida: <\/b>20:00 h.<\/p>\n<p><b>Itinerario: <\/b>Calle Doctor Mara\u00f1\u00f3n esquina calle Isaac Peral, calle Doctor Mara\u00f1\u00f3n, Parque Dr. Calatayud (\u201dBankia\u201d), lateral del Mercado-Parque Dr. Calatayud, calle Pedro Galipienso, Avd. Constituci\u00f3n y Plaza Mayor.<\/p>\n<h1><span style=\"color: #0000ff;\">Guerrilla<\/span><\/h1>\n<p><i>Disparo de arcabucer\u00eda que finaliza en el Castillo de Embajada.<\/i><\/p>\n<p><b>Hora de concentraci\u00f3n: <\/b>19:30 h.<\/p>\n<p><b>Lugar de concentraci\u00f3n: <\/b>Antigua Cer\u00e1mica de Cervera (c\/ Tarragona)<\/p>\n<p>Horario de pruebas de arcabuces: 19:45 h. a 20:15 h.<\/p>\n<p><b>Hora de salida<\/b>: 20:15 h.<\/p>\n<p><b>Itinerario: <\/b>Calle Tarragona, calle Santa Faz, Parque Dr. Calatayud y Castillo de Embajada.<\/p>\n<h1><span style=\"color: #0000ff;\">Misa Festera.<\/span><\/h1>\n<p><b>Hora del acto: <\/b>21:00 h<\/p>\n<p><b>Lugar de concentraci\u00f3n: <\/b>Puerta de la Bas\u00edlica.<\/p>\n<h1><span style=\"color: #0000ff;\">Embajada.<\/span><\/h1>\n<p><i>Representaci\u00f3n de parlamento entre embajadores y toma del castillo por parte del bando cristiano.<\/i><\/p>\n<p><strong>Hora del acto:<\/strong> 22:00 h<\/p>\n<p><strong>Lugar de concentraci\u00f3n:<\/strong> Arco del Ayuntamiento antiguo.<\/p>\n<p><strong>Embajador cristiano:<\/strong> Vicente Botella Tolmos.<\/p>\n<p><strong>Embajador moro:<\/strong> Jos\u00e9 Berenguer Pastor.<\/p>\n<p><strong>Juglar: <\/strong>Jos\u00e9 Manuel Mateo Soler.<\/p>\n<p><strong>Vig\u00eda moro: <\/strong>Miguel \u00c1ngel Barber\u00e1 Hern\u00e1ndez.<\/p>\n<p><strong>Director de escena: <\/strong>Antonio Calero Prieto.<\/p>\n","protected":false},"excerpt":{"rendered":"<p>Pasacalle y Desfile en Residencia de Ancianos Pasacalles hasta la Residencia de Ancianos para celebrar en sus jardines un desfile festero en honor a nuestros mayores. Hora de concentraci\u00f3n: 11:15 h. Lugar de concentraci\u00f3n: Plaza Mayor. Hora de salida: 11:30 h. Itinerario: Plaza Mayor, calle Sacramento, Parque Dr. Calatayud, calle Santa Faz, calle Virgen de [&hellip;]<\/p>\n","protected":false},"author":1,"featured_media":0,"parent":1234,"menu_order":30,"comment_status":"closed","ping_status":"closed","template":"onecolumn-page.php","meta":{"footnotes":""},"class_list":["post-1246","page","type-page","status-publish","hentry"],"_links":{"self":[{"href":"https:\/\/web.morosycristianosdeaspe.es\/index.php?rest_route=\/wp\/v2\/pages\/1246","targetHints":{"allow":["GET"]}}],"collection":[{"href":"https:\/\/web.morosycristianosdeaspe.es\/index.php?rest_route=\/wp\/v2\/pages"}],"about":[{"href":"https:\/\/web.morosycristianosdeaspe.es\/index.php?rest_route=\/wp\/v2\/types\/page"}],"author":[{"embeddable":true,"href":"https:\/\/web.morosycristianosdeaspe.es\/index.php?rest_route=\/wp\/v2\/users\/1"}],"replies":[{"embeddable":true,"href":"https:\/\/web.morosycristianosdeaspe.es\/index.php?rest_route=%2Fwp%2Fv2%2Fcomments&post=1246"}],"version-history":[{"count":2,"href":"https:\/\/web.morosycristianosdeaspe.es\/index.php?rest_route=\/wp\/v2\/pages\/1246\/revisions"}],"predecessor-version":[{"id":1265,"href":"https:\/\/web.morosycristianosdeaspe.es\/index.php?rest_route=\/wp\/v2\/pages\/1246\/revisions\/1265"}],"up":[{"embeddable":true,"href":"https:\/\/web.morosycristianosdeaspe.es\/index.php?rest_route=\/wp\/v2\/pages\/1234"}],"wp:attachment":[{"href":"https:\/\/web.morosycristianosdeaspe.es\/index.php?rest_route=%2Fwp%2Fv2%2Fmedia&parent=1246"}],"curies":[{"name":"wp","href":"https:\/\/api.w.org\/{rel}","templated":true}]}}

<h1><span style="color: #0000ff;">Pasacalle y Desfile en Residencia de Ancianos</span></h1>
<p><em>Pasacalles hasta la Residencia de Ancianos para celebrar en sus jardines un desfile festero en honor a nuestros mayores.</em></p>
<p><b>Hora de concentración: </b>11:15 h.</p>
<p><b>Lugar de concentración: </b>Plaza Mayor.</p>
<figure id="attachment_434" aria-describedby="caption-attachment-434" style="width: 300px" class="wp-caption alignright"><a href="https://web.morosycristianosdeaspe.es/wp-content/uploads/2013/07/asilow.jpg"><img loading="lazy" decoding="async" class="size-medium wp-image-434 " src="https://web.morosycristianosdeaspe.es/wp-content/uploads/2013/07/asilow-300x237.jpg" alt="Pasacalle a R. Ancianos. Click en el plano para ampliar." width="300" height="237" srcset="https://web.morosycristianosdeaspe.es/wp-content/uploads/2013/07/asilow-300x237.jpg 300w, https://web.morosycristianosdeaspe.es/wp-content/uploads/2013/07/asilow.jpg 843w" sizes="auto, (max-width: 300px) 100vw, 300px" /></a><figcaption id="caption-attachment-434" class="wp-caption-text">Pasacalle a R. Ancianos. Click en el plano para ampliar.</figcaption></figure>
<p><b>Hora de salida: </b>11:30 h.</p>
<p><b>Itinerario: </b>Plaza Mayor, calle Sacramento, Parque Dr. Calatayud, calle Santa Faz, calle Virgen de las Nieves, calle Ramón y Cajal, avenida Castelar y Residencia de Ancianos -Desfile Festero en Residencia de Ancianos &#8211; avenida Castelar, calle San Pedro, calle Francisco Candela y Plaza Mayor.</p>
<p>&nbsp;</p>
<p>&nbsp;</p>
<h1><span style="color: #0000ff;">Entrada Infantil y Acompañamiento de Cargos a la Misa Festera.</span></h1>
<p><b>Hora de concentración: </b>19:45 h.</p>
<p><b>Lugar de concentración: </b>Calle Doctor Marañón esquina con calle Isaac Peral</p>
<p><b>Hora de salida: </b>20:00 h.</p>
<p><b>Itinerario: </b>Calle Doctor Marañón esquina calle Isaac Peral, calle Doctor Marañón, Parque Dr. Calatayud (”Bankia”), lateral del Mercado-Parque Dr. Calatayud, calle Pedro Galipienso, Avd. Constitución y Plaza Mayor.</p>
<h1><span style="color: #0000ff;">Guerrilla</span></h1>
<p><i>Disparo de arcabucería que finaliza en el Castillo de Embajada.</i></p>
<p><b>Hora de concentración: </b>19:30 h.</p>
<p><b>Lugar de concentración: </b>Antigua Cerámica de Cervera (c/ Tarragona)</p>
<p>Horario de pruebas de arcabuces: 19:45 h. a 20:15 h.</p>
<p><b>Hora de salida</b>: 20:15 h.</p>
<p><b>Itinerario: </b>Calle Tarragona, calle Santa Faz, Parque Dr. Calatayud y Castillo de Embajada.</p>
<h1><span style="color: #0000ff;">Misa Festera.</span></h1>
<p><b>Hora del acto: </b>21:00 h</p>
<p><b>Lugar de concentración: </b>Puerta de la Basílica.</p>
<h1><span style="color: #0000ff;">Embajada.</span></h1>
<p><i>Representación de parlamento entre embajadores y toma del castillo por parte del bando cristiano.</i></p>
<p><strong>Hora del acto:</strong> 22:00 h</p>
<p><strong>Lugar de concentración:</strong> Arco del Ayuntamiento antiguo.</p>
<p><strong>Embajador cristiano:</strong> Vicente Botella Tolmos.</p>
<p><strong>Embajador moro:</strong> José Berenguer Pastor.</p>
<p><strong>Juglar: </strong>José Manuel Mateo Soler.</p>
<p><strong>Vigía moro: </strong>Miguel Ángel Barberá Hernández.</p>
<p><strong>Director de escena: </strong>Antonio Calero Prieto.</p>

<p>Pasacalle y Desfile en Residencia de Ancianos Pasacalles hasta la Residencia de Ancianos para celebrar en sus jardines un desfile festero en honor a nuestros mayores. Hora de concentración: 11:15 h. Lugar de concentración: Plaza Mayor. Hora de salida: 11:30 h. Itinerario: Plaza Mayor, calle Sacramento, Parque Dr. Calatayud, calle Santa Faz, calle Virgen de [&hellip;]</p>
