{"id":1560,"date":"2016-07-26T12:21:19","date_gmt":"2016-07-26T11:21:19","guid":{"rendered":"http:\/\/web.morosycristianosdeaspe.es\/?page_id=1560"},"modified":"2017-08-04T19:59:15","modified_gmt":"2017-08-04T18:59:15","slug":"programa-fiestas-2016","status":"publish","type":"page","link":"https:\/\/web.morosycristianosdeaspe.es\/?page_id=1560","title":{"rendered":"Programa Fiestas 2017"},"content":{"rendered":"<p><a href=\"https:\/\/web.morosycristianosdeaspe.es\/wp-content\/uploads\/2017\/05\/1-e1496050127835.jpg\" target=\"_blank\" rel=\"noopener\"><img loading=\"lazy\" decoding=\"async\" class=\"wp-image-1825 size-medium aligncenter\" src=\"https:\/\/web.morosycristianosdeaspe.es\/wp-content\/uploads\/2017\/05\/1-e1496050127835-220x300.jpg\" alt=\"\" width=\"220\" height=\"300\" srcset=\"https:\/\/web.morosycristianosdeaspe.es\/wp-content\/uploads\/2017\/05\/1-e1496050127835-220x300.jpg 220w, https:\/\/web.morosycristianosdeaspe.es\/wp-content\/uploads\/2017\/05\/1-e1496050127835-768x1048.jpg 768w, https:\/\/web.morosycristianosdeaspe.es\/wp-content\/uploads\/2017\/05\/1-e1496050127835-751x1024.jpg 751w, https:\/\/web.morosycristianosdeaspe.es\/wp-content\/uploads\/2017\/05\/1-e1496050127835-690x941.jpg 690w, https:\/\/web.morosycristianosdeaspe.es\/wp-content\/uploads\/2017\/05\/1-e1496050127835-980x1337.jpg 980w\" sizes=\"auto, (max-width: 220px) 100vw, 220px\" \/><\/a><\/p>\n<ul>\n<li><strong>S\u00e1bado&nbsp;30 de Julio.<\/strong>\n<ul>\n<li><a href=\"https:\/\/web.morosycristianosdeaspe.es\/?page_id=1563\">Preg\u00f3n y Presentaci\u00f3n al Pueblo.<\/a><\/li>\n<\/ul>\n<\/li>\n<li><strong>Lunes 7 de Agosto.<\/strong>\n<ul>\n<li><a href=\"https:\/\/web.morosycristianosdeaspe.es\/?page_id=1565\">Entrada de Bandas y Retreta.<\/a><\/li>\n<\/ul>\n<\/li>\n<li><strong>Martes 8 de Agosto.<\/strong>\n<ul>\n<li><a href=\"https:\/\/web.morosycristianosdeaspe.es\/?page_id=1569\">Desfile y Embajada Infantil.&nbsp;Entrada Mora.<\/a><\/li>\n<\/ul>\n<\/li>\n<li><strong>Mi\u00e9rcoles 9 de Agosto.<\/strong>\n<ul>\n<li><a href=\"https:\/\/web.morosycristianosdeaspe.es\/?page_id=1571\">Pasacalles a Residencia de Ancianos, Guerrilla, Misa Festera y Embajada.<\/a><\/li>\n<\/ul>\n<\/li>\n<li><strong>Jueves 10 de Agosto.<\/strong>\n<ul>\n<li><a href=\"https:\/\/web.morosycristianosdeaspe.es\/?page_id=1574\">Entrada Cristiana y Entrega de Banderas.<\/a><\/li>\n<\/ul>\n<\/li>\n<\/ul>\n<p>Puedes descargar el programa de Fiestas 2017 en formato PDF haciendo click<span style=\"color: #ff0000;\"><strong> <a href=\"https:\/\/web.morosycristianosdeaspe.es\/wp-content\/uploads\/2017\/08\/PAC-MOROS-ASPE-17.pdf\" target=\"_blank\" rel=\"noopener\">aqu\u00ed.<\/a><\/strong><\/span><\/p>\n<p>&nbsp;<\/p>\n<p>Programa patrocinado por:<\/p>\n<p><a href=\"https:\/\/web.morosycristianosdeaspe.es\/wp-content\/uploads\/2016\/07\/anissalas.png\"><img loading=\"lazy\" decoding=\"async\" class=\"size-full wp-image-1920 alignleft\" src=\"https:\/\/web.morosycristianosdeaspe.es\/wp-content\/uploads\/2016\/07\/anissalas.png\" alt=\"\" width=\"150\" height=\"121\"><\/a><\/p>\n","protected":false},"excerpt":{"rendered":"<p>S\u00e1bado&nbsp;30 de Julio. Preg\u00f3n y Presentaci\u00f3n al Pueblo. Lunes 7 de Agosto. Entrada de Bandas y Retreta. Martes 8 de Agosto. Desfile y Embajada Infantil.&nbsp;Entrada Mora. Mi\u00e9rcoles 9 de Agosto. Pasacalles a Residencia de Ancianos, Guerrilla, Misa Festera y Embajada. Jueves 10 de Agosto. Entrada Cristiana y Entrega de Banderas. Puedes descargar el programa de [&hellip;]<\/p>\n","protected":false},"author":1,"featured_media":0,"parent":0,"menu_order":60,"comment_status":"closed","ping_status":"closed","template":"","meta":{"footnotes":""},"class_list":["post-1560","page","type-page","status-publish","hentry"],"_links":{"self":[{"href":"https:\/\/web.morosycristianosdeaspe.es\/index.php?rest_route=\/wp\/v2\/pages\/1560","targetHints":{"allow":["GET"]}}],"collection":[{"href":"https:\/\/web.morosycristianosdeaspe.es\/index.php?rest_route=\/wp\/v2\/pages"}],"about":[{"href":"https:\/\/web.morosycristianosdeaspe.es\/index.php?rest_route=\/wp\/v2\/types\/page"}],"author":[{"embeddable":true,"href":"https:\/\/web.morosycristianosdeaspe.es\/index.php?rest_route=\/wp\/v2\/users\/1"}],"replies":[{"embeddable":true,"href":"https:\/\/web.morosycristianosdeaspe.es\/index.php?rest_route=%2Fwp%2Fv2%2Fcomments&post=1560"}],"version-history":[{"count":10,"href":"https:\/\/web.morosycristianosdeaspe.es\/index.php?rest_route=\/wp\/v2\/pages\/1560\/revisions"}],"predecessor-version":[{"id":1921,"href":"https:\/\/web.morosycristianosdeaspe.es\/index.php?rest_route=\/wp\/v2\/pages\/1560\/revisions\/1921"}],"wp:attachment":[{"href":"https:\/\/web.morosycristianosdeaspe.es\/index.php?rest_route=%2Fwp%2Fv2%2Fmedia&parent=1560"}],"curies":[{"name":"wp","href":"https:\/\/api.w.org\/{rel}","templated":true}]}}

<p><a href="https://web.morosycristianosdeaspe.es/wp-content/uploads/2017/05/1-e1496050127835.jpg" target="_blank" rel="noopener"><img loading="lazy" decoding="async" class="wp-image-1825 size-medium aligncenter" src="https://web.morosycristianosdeaspe.es/wp-content/uploads/2017/05/1-e1496050127835-220x300.jpg" alt="" width="220" height="300" srcset="https://web.morosycristianosdeaspe.es/wp-content/uploads/2017/05/1-e1496050127835-220x300.jpg 220w, https://web.morosycristianosdeaspe.es/wp-content/uploads/2017/05/1-e1496050127835-768x1048.jpg 768w, https://web.morosycristianosdeaspe.es/wp-content/uploads/2017/05/1-e1496050127835-751x1024.jpg 751w, https://web.morosycristianosdeaspe.es/wp-content/uploads/2017/05/1-e1496050127835-690x941.jpg 690w, https://web.morosycristianosdeaspe.es/wp-content/uploads/2017/05/1-e1496050127835-980x1337.jpg 980w" sizes="auto, (max-width: 220px) 100vw, 220px" /></a></p>
<ul>
<li><strong>Sábado&nbsp;30 de Julio.</strong>
<ul>
<li><a href="https://web.morosycristianosdeaspe.es/?page_id=1563">Pregón y Presentación al Pueblo.</a></li>
</ul>
</li>
<li><strong>Lunes 7 de Agosto.</strong>
<ul>
<li><a href="https://web.morosycristianosdeaspe.es/?page_id=1565">Entrada de Bandas y Retreta.</a></li>
</ul>
</li>
<li><strong>Martes 8 de Agosto.</strong>
<ul>
<li><a href="https://web.morosycristianosdeaspe.es/?page_id=1569">Desfile y Embajada Infantil.&nbsp;Entrada Mora.</a></li>
</ul>
</li>
<li><strong>Miércoles 9 de Agosto.</strong>
<ul>
<li><a href="https://web.morosycristianosdeaspe.es/?page_id=1571">Pasacalles a Residencia de Ancianos, Guerrilla, Misa Festera y Embajada.</a></li>
</ul>
</li>
<li><strong>Jueves 10 de Agosto.</strong>
<ul>
<li><a href="https://web.morosycristianosdeaspe.es/?page_id=1574">Entrada Cristiana y Entrega de Banderas.</a></li>
</ul>
</li>
</ul>
<p>Puedes descargar el programa de Fiestas 2017 en formato PDF haciendo click<span style="color: #ff0000;"><strong> <a href="https://web.morosycristianosdeaspe.es/wp-content/uploads/2017/08/PAC-MOROS-ASPE-17.pdf" target="_blank" rel="noopener">aquí.</a></strong></span></p>
<p>&nbsp;</p>
<p>Programa patrocinado por:</p>
<p><a href="https://web.morosycristianosdeaspe.es/wp-content/uploads/2016/07/anissalas.png"><img loading="lazy" decoding="async" class="size-full wp-image-1920 alignleft" src="https://web.morosycristianosdeaspe.es/wp-content/uploads/2016/07/anissalas.png" alt="" width="150" height="121"></a></p>

<p>Sábado&nbsp;30 de Julio. Pregón y Presentación al Pueblo. Lunes 7 de Agosto. Entrada de Bandas y Retreta. Martes 8 de Agosto. Desfile y Embajada Infantil.&nbsp;Entrada Mora. Miércoles 9 de Agosto. Pasacalles a Residencia de Ancianos, Guerrilla, Misa Festera y Embajada. Jueves 10 de Agosto. Entrada Cristiana y Entrega de Banderas. Puedes descargar el programa de [&hellip;]</p>
