{"id":1563,"date":"2016-07-26T12:50:35","date_gmt":"2016-07-26T11:50:35","guid":{"rendered":"http:\/\/web.morosycristianosdeaspe.es\/?page_id=1563"},"modified":"2017-08-04T19:25:26","modified_gmt":"2017-08-04T18:25:26","slug":"sabado-30-de-julio","status":"publish","type":"page","link":"https:\/\/web.morosycristianosdeaspe.es\/?page_id=1563","title":{"rendered":"S\u00e1bado 29 de Julio"},"content":{"rendered":"<h1>Presentaci\u00f3n de Cargos al Alcalde<\/h1>\n<p><em>Pasacalle desde la sede de la Uni\u00f3n hasta la lonja del Antiguo Ayuntamiento donde se presentaran los cargos al Sr. Alcalde.<\/em><\/p>\n<p><strong>Lugar de concentraci\u00f3n:<\/strong> Sede de la Uni\u00f3n situada en la Calle San Pedro<\/p>\n<p><strong>Hora de salida:<\/strong> 20:15 h.<\/p>\n<h1>Presentaci\u00f3n de Cargos al Pueblo<\/h1>\n<p><strong><em>Presentaci\u00f3n de los cargos festeros al Pueblo y Preg\u00f3n de las Fiestas de Moros y Cristianos 2017<\/em><\/strong><\/p>\n<p><strong>Lugar del acto:<\/strong> Plaza mayor<\/p>\n<p><strong>Hora del acto:<\/strong> 21:30 h<\/p>\n<p><strong>Presentadora:<\/strong>&nbsp;Mar\u00eda Jos\u00e9 Cremades Hern\u00e1ndez<\/p>\n<p><strong>Presentadoras infantiles&nbsp;<\/strong>Laura Cremades Gras y Natalia Cremades Gras.<\/p>\n<p><strong>Pregonera infantil:<\/strong> Mar\u00eda Pujalte Erades<\/p>\n<p><strong>Pregonero:<\/strong> Rosa Ruiz Mart\u00ednez<\/p>\n<h1>Cena de Gala<\/h1>\n<p><strong>Hora de celebraci\u00f3n:<\/strong> Al finalizar el acto de Presentaci\u00f3n de Cargos al Pueblo. Aprox. 22:45h<\/p>\n<p><strong>Lugar de celebraci\u00f3n:<\/strong>&nbsp;Comparsa Cristianos Duque de Maqueda.<\/p>\n","protected":false},"excerpt":{"rendered":"<p>Presentaci\u00f3n de Cargos al Alcalde Pasacalle desde la sede de la Uni\u00f3n hasta la lonja del Antiguo Ayuntamiento donde se presentaran los cargos al Sr. Alcalde. Lugar de concentraci\u00f3n: Sede de la Uni\u00f3n situada en la Calle San Pedro Hora de salida: 20:15 h. Presentaci\u00f3n de Cargos al Pueblo Presentaci\u00f3n de los cargos festeros al [&hellip;]<\/p>\n","protected":false},"author":1,"featured_media":0,"parent":1560,"menu_order":5,"comment_status":"closed","ping_status":"closed","template":"","meta":{"footnotes":""},"class_list":["post-1563","page","type-page","status-publish","hentry"],"_links":{"self":[{"href":"https:\/\/web.morosycristianosdeaspe.es\/index.php?rest_route=\/wp\/v2\/pages\/1563","targetHints":{"allow":["GET"]}}],"collection":[{"href":"https:\/\/web.morosycristianosdeaspe.es\/index.php?rest_route=\/wp\/v2\/pages"}],"about":[{"href":"https:\/\/web.morosycristianosdeaspe.es\/index.php?rest_route=\/wp\/v2\/types\/page"}],"author":[{"embeddable":true,"href":"https:\/\/web.morosycristianosdeaspe.es\/index.php?rest_route=\/wp\/v2\/users\/1"}],"replies":[{"embeddable":true,"href":"https:\/\/web.morosycristianosdeaspe.es\/index.php?rest_route=%2Fwp%2Fv2%2Fcomments&post=1563"}],"version-history":[{"count":3,"href":"https:\/\/web.morosycristianosdeaspe.es\/index.php?rest_route=\/wp\/v2\/pages\/1563\/revisions"}],"predecessor-version":[{"id":1905,"href":"https:\/\/web.morosycristianosdeaspe.es\/index.php?rest_route=\/wp\/v2\/pages\/1563\/revisions\/1905"}],"up":[{"embeddable":true,"href":"https:\/\/web.morosycristianosdeaspe.es\/index.php?rest_route=\/wp\/v2\/pages\/1560"}],"wp:attachment":[{"href":"https:\/\/web.morosycristianosdeaspe.es\/index.php?rest_route=%2Fwp%2Fv2%2Fmedia&parent=1563"}],"curies":[{"name":"wp","href":"https:\/\/api.w.org\/{rel}","templated":true}]}}

Sábado 29 de Julio

<h1>Presentación de Cargos al Alcalde</h1>
<p><em>Pasacalle desde la sede de la Unión hasta la lonja del Antiguo Ayuntamiento donde se presentaran los cargos al Sr. Alcalde.</em></p>
<p><strong>Lugar de concentración:</strong> Sede de la Unión situada en la Calle San Pedro</p>
<p><strong>Hora de salida:</strong> 20:15 h.</p>
<h1>Presentación de Cargos al Pueblo</h1>
<p><strong><em>Presentación de los cargos festeros al Pueblo y Pregón de las Fiestas de Moros y Cristianos 2017</em></strong></p>
<p><strong>Lugar del acto:</strong> Plaza mayor</p>
<p><strong>Hora del acto:</strong> 21:30 h</p>
<p><strong>Presentadora:</strong>&nbsp;María José Cremades Hernández</p>
<p><strong>Presentadoras infantiles&nbsp;</strong>Laura Cremades Gras y Natalia Cremades Gras.</p>
<p><strong>Pregonera infantil:</strong> María Pujalte Erades</p>
<p><strong>Pregonero:</strong> Rosa Ruiz Martínez</p>
<h1>Cena de Gala</h1>
<p><strong>Hora de celebración:</strong> Al finalizar el acto de Presentación de Cargos al Pueblo. Aprox. 22:45h</p>
<p><strong>Lugar de celebración:</strong>&nbsp;Comparsa Cristianos Duque de Maqueda.</p>

<p>Presentación de Cargos al Alcalde Pasacalle desde la sede de la Unión hasta la lonja del Antiguo Ayuntamiento donde se presentaran los cargos al Sr. Alcalde. Lugar de concentración: Sede de la Unión situada en la Calle San Pedro Hora de salida: 20:15 h. Presentación de Cargos al Pueblo Presentación de los cargos festeros al [&hellip;]</p>
