{"id":1565,"date":"2016-07-26T12:52:30","date_gmt":"2016-07-26T11:52:30","guid":{"rendered":"http:\/\/web.morosycristianosdeaspe.es\/?page_id=1565"},"modified":"2017-08-04T19:34:29","modified_gmt":"2017-08-04T18:34:29","slug":"domingo-7-de-agosto-entrada-de-bandas-y-retreta","status":"publish","type":"page","link":"https:\/\/web.morosycristianosdeaspe.es\/?page_id=1565","title":{"rendered":"Lunes 7 de Agosto. Entrada de Bandas y Retreta"},"content":{"rendered":"<h1><span style=\"color: #0000ff;\">Entrada de Bandas<\/span><\/h1>\n<h2><span style=\"color: #008000;\">Pasacalle autoridades, reyes y sultanes.<\/span><\/h2>\n<p><em>Pasacalle de autoridades, reyes y sultanes desde la sede de la Uni\u00f3n de Moros y Cristianos hasta el punto de salida de la Entrada de Bandas de comparsas.<\/em><\/p>\n<p><strong>Orden de salida desde la sede de la Uni\u00f3n:<\/strong><br \/>\n\u2022 Bandera de la Uni\u00f3n.<br \/>\n\u2022 Reyes y sultanes.<br \/>\n\u2022 Alcalde, Presidente de la Uni\u00f3n, Embajadores y Director del Himno.<br \/>\n\u2022 Banda de m\u00fasica.<\/p>\n<p><strong>Itinerario de autoridades, reyes y sultanes:<\/strong> Sede de la Uni\u00f3n, Francisco Candela, San Pedro, Castelar y Fuente Castelar.<\/p>\n<h2><span style=\"color: #008000;\">Entrada de Bandas de comparsas.<\/span><\/h2>\n<p><em>Entrada de Bandas de todas las comparsas desde la calle Castelar que terminar\u00e1 a pies del castillo de embajada con la interpretaci\u00f3n del Himno de las Fiestas, dirigido por <strong>D. Jos\u00e9 Jeric\u00f3 Ll\u00e1cer.<\/strong><br \/>\n<\/em><br \/>\n<strong>Hora de salida de la Entrada de Bandas:<\/strong> 19:45 Horas.<\/p>\n<p><strong>Itinerario Entrada de Bandas:<\/strong> Fuente Castelar, Castelar, San Pedro, San Jos\u00e9, Avda. Constituci\u00f3n, Pedro Galipienso, Parque Dr. Calatayud y Castillo de Embajada.<\/p>\n<p><strong>Orden de comparsas en Entrada de Bandas:<\/strong><\/p>\n<ul>\n<li>Bandera de la Uni\u00f3n.<\/li>\n<li>Reyes y sultanes.<\/li>\n<li>Alcalde, Presidente de la Uni\u00f3n, Embajadores y Director del Himno.<\/li>\n<li>Banda de m\u00fasica.<\/li>\n<li>Bando Cristiano.\n<ul>\n<li>Cristianos Lanceros de Uchel.<\/li>\n<li>Cristianos Duque de Maqueda.<\/li>\n<li>Cristianos Estudiantes.<\/li>\n<li>Cristianos Contrabandistas de la Sierra Negra.<\/li>\n<\/ul>\n<\/li>\n<li>Bando Moro.\n<ul>\n<li>Moros Aljau.<\/li>\n<li>Moros Alcan\u00e1.<\/li>\n<li>Moros Sulaym\u00e1n.<\/li>\n<li>Moros Fauqu\u00edes.<\/li>\n<\/ul>\n<\/li>\n<\/ul>\n<h1><span style=\"color: #0000ff;\">Retreta.<\/span><\/h1>\n<p><em>Pasacalle desfile humor\u00edstico por las calles del pueblo.<\/em><\/p>\n<p><strong>Hora de salida:<\/strong> 24:00 h.<\/p>\n<p><strong>Itinerario:<\/strong> Calle Col\u00f3n, calle Sol, calle Santa Faz, parque Dr. Calatayud, calle Pedro Galipienso y Avda. Constituci\u00f3n.<\/p>\n<div id=\"attachment_394\" class=\"wp-caption alignleft\">\n<p><a href=\"https:\/\/web.morosycristianosdeaspe.es\/wp-content\/uploads\/2013\/08\/retretaw.jpg\"><img loading=\"lazy\" decoding=\"async\" class=\"size-medium wp-image-394\" src=\"https:\/\/web.morosycristianosdeaspe.es\/wp-content\/uploads\/2013\/08\/retretaw-300x210.jpg\" sizes=\"auto, (max-width: 300px) 100vw, 300px\" srcset=\"https:\/\/web.morosycristianosdeaspe.es\/wp-content\/uploads\/2013\/08\/retretaw-300x210.jpg 300w, https:\/\/web.morosycristianosdeaspe.es\/wp-content\/uploads\/2013\/08\/retretaw.jpg 946w\" alt=\"Retreta. Click en el plano para ampliar.\" width=\"300\" height=\"210\"><\/a><\/p>\n<p class=\"wp-caption-text\">Retreta. Click en el plano para ampliar.<\/p>\n<\/div>\n<p>&nbsp;<\/p>\n<p>&nbsp;<\/p>\n<p>&nbsp;<\/p>\n<p>&nbsp;<\/p>\n<p>&nbsp;<\/p>\n<p>&nbsp;<\/p>\n<p>&nbsp;<\/p>\n<p><strong>&nbsp;<\/strong><\/p>\n","protected":false},"excerpt":{"rendered":"<p>Entrada de Bandas Pasacalle autoridades, reyes y sultanes. Pasacalle de autoridades, reyes y sultanes desde la sede de la Uni\u00f3n de Moros y Cristianos hasta el punto de salida de la Entrada de Bandas de comparsas. Orden de salida desde la sede de la Uni\u00f3n: \u2022 Bandera de la Uni\u00f3n. \u2022 Reyes y sultanes. \u2022 [&hellip;]<\/p>\n","protected":false},"author":1,"featured_media":0,"parent":1560,"menu_order":70,"comment_status":"closed","ping_status":"closed","template":"","meta":{"footnotes":""},"class_list":["post-1565","page","type-page","status-publish","hentry"],"_links":{"self":[{"href":"https:\/\/web.morosycristianosdeaspe.es\/index.php?rest_route=\/wp\/v2\/pages\/1565","targetHints":{"allow":["GET"]}}],"collection":[{"href":"https:\/\/web.morosycristianosdeaspe.es\/index.php?rest_route=\/wp\/v2\/pages"}],"about":[{"href":"https:\/\/web.morosycristianosdeaspe.es\/index.php?rest_route=\/wp\/v2\/types\/page"}],"author":[{"embeddable":true,"href":"https:\/\/web.morosycristianosdeaspe.es\/index.php?rest_route=\/wp\/v2\/users\/1"}],"replies":[{"embeddable":true,"href":"https:\/\/web.morosycristianosdeaspe.es\/index.php?rest_route=%2Fwp%2Fv2%2Fcomments&post=1565"}],"version-history":[{"count":7,"href":"https:\/\/web.morosycristianosdeaspe.es\/index.php?rest_route=\/wp\/v2\/pages\/1565\/revisions"}],"predecessor-version":[{"id":1910,"href":"https:\/\/web.morosycristianosdeaspe.es\/index.php?rest_route=\/wp\/v2\/pages\/1565\/revisions\/1910"}],"up":[{"embeddable":true,"href":"https:\/\/web.morosycristianosdeaspe.es\/index.php?rest_route=\/wp\/v2\/pages\/1560"}],"wp:attachment":[{"href":"https:\/\/web.morosycristianosdeaspe.es\/index.php?rest_route=%2Fwp%2Fv2%2Fmedia&parent=1565"}],"curies":[{"name":"wp","href":"https:\/\/api.w.org\/{rel}","templated":true}]}}

<h1><span style="color: #0000ff;">Entrada de Bandas</span></h1>
<h2><span style="color: #008000;">Pasacalle autoridades, reyes y sultanes.</span></h2>
<p><em>Pasacalle de autoridades, reyes y sultanes desde la sede de la Unión de Moros y Cristianos hasta el punto de salida de la Entrada de Bandas de comparsas.</em></p>
<p><strong>Orden de salida desde la sede de la Unión:</strong><br />
• Bandera de la Unión.<br />
• Reyes y sultanes.<br />
• Alcalde, Presidente de la Unión, Embajadores y Director del Himno.<br />
• Banda de música.</p>
<p><strong>Itinerario de autoridades, reyes y sultanes:</strong> Sede de la Unión, Francisco Candela, San Pedro, Castelar y Fuente Castelar.</p>
<h2><span style="color: #008000;">Entrada de Bandas de comparsas.</span></h2>
<p><em>Entrada de Bandas de todas las comparsas desde la calle Castelar que terminará a pies del castillo de embajada con la interpretación del Himno de las Fiestas, dirigido por <strong>D. José Jericó Llácer.</strong><br />
</em><br />
<strong>Hora de salida de la Entrada de Bandas:</strong> 19:45 Horas.</p>
<p><strong>Itinerario Entrada de Bandas:</strong> Fuente Castelar, Castelar, San Pedro, San José, Avda. Constitución, Pedro Galipienso, Parque Dr. Calatayud y Castillo de Embajada.</p>
<p><strong>Orden de comparsas en Entrada de Bandas:</strong></p>
<ul>
<li>Bandera de la Unión.</li>
<li>Reyes y sultanes.</li>
<li>Alcalde, Presidente de la Unión, Embajadores y Director del Himno.</li>
<li>Banda de música.</li>
<li>Bando Cristiano.
<ul>
<li>Cristianos Lanceros de Uchel.</li>
<li>Cristianos Duque de Maqueda.</li>
<li>Cristianos Estudiantes.</li>
<li>Cristianos Contrabandistas de la Sierra Negra.</li>
</ul>
</li>
<li>Bando Moro.
<ul>
<li>Moros Aljau.</li>
<li>Moros Alcaná.</li>
<li>Moros Sulaymán.</li>
<li>Moros Fauquíes.</li>
</ul>
</li>
</ul>
<h1><span style="color: #0000ff;">Retreta.</span></h1>
<p><em>Pasacalle desfile humorístico por las calles del pueblo.</em></p>
<p><strong>Hora de salida:</strong> 24:00 h.</p>
<p><strong>Itinerario:</strong> Calle Colón, calle Sol, calle Santa Faz, parque Dr. Calatayud, calle Pedro Galipienso y Avda. Constitución.</p>
<div id="attachment_394" class="wp-caption alignleft">
<p><a href="https://web.morosycristianosdeaspe.es/wp-content/uploads/2013/08/retretaw.jpg"><img loading="lazy" decoding="async" class="size-medium wp-image-394" src="https://web.morosycristianosdeaspe.es/wp-content/uploads/2013/08/retretaw-300x210.jpg" sizes="auto, (max-width: 300px) 100vw, 300px" srcset="https://web.morosycristianosdeaspe.es/wp-content/uploads/2013/08/retretaw-300x210.jpg 300w, https://web.morosycristianosdeaspe.es/wp-content/uploads/2013/08/retretaw.jpg 946w" alt="Retreta. Click en el plano para ampliar." width="300" height="210"></a></p>
<p class="wp-caption-text">Retreta. Click en el plano para ampliar.</p>
</div>
<p>&nbsp;</p>
<p>&nbsp;</p>
<p>&nbsp;</p>
<p>&nbsp;</p>
<p>&nbsp;</p>
<p>&nbsp;</p>
<p>&nbsp;</p>
<p><strong>&nbsp;</strong></p>

<p>Entrada de Bandas Pasacalle autoridades, reyes y sultanes. Pasacalle de autoridades, reyes y sultanes desde la sede de la Unión de Moros y Cristianos hasta el punto de salida de la Entrada de Bandas de comparsas. Orden de salida desde la sede de la Unión: • Bandera de la Unión. • Reyes y sultanes. • [&hellip;]</p>
