{"id":1569,"date":"2016-07-26T15:06:07","date_gmt":"2016-07-26T14:06:07","guid":{"rendered":"http:\/\/web.morosycristianosdeaspe.es\/?page_id=1569"},"modified":"2017-08-04T19:34:04","modified_gmt":"2017-08-04T18:34:04","slug":"lunes-8-de-agosto-desfile-y-embajada-infantil-entrada-mora","status":"publish","type":"page","link":"https:\/\/web.morosycristianosdeaspe.es\/?page_id=1569","title":{"rendered":"Martes 8 de Agosto. Desfile y Embajada Infantil. Entrada Mora"},"content":{"rendered":"<h1><span style=\"color: #0000ff;\">Desfile Infantil<\/span><\/h1>\n<p><em>Desfile Infantil que concluir\u00e1 con la representaci\u00f3n de la primera Embajada Infantil en Fiestas de Agosto.<\/em><\/p>\n<p><strong>Hora de salida:<\/strong> 11:00 h.<\/p>\n<p><strong>Itinerario:&nbsp;<\/strong>Calle Gregorio Rizo, Calle San Jos\u00e9, Avenida Constituci\u00f3n, Calle Genaro Candela, &nbsp;Calle Santa Teresa y Plaza Mayor.<\/p>\n<h1><span style=\"color: #0000ff;\">Embajada&nbsp;Infantil<\/span><\/h1>\n<p><em>Representaci\u00f3n de una adaptaci\u00f3n infantil de la Embajada de Moros y Cristianos de Aspe.<\/em><\/p>\n<p><strong>Hora de representaci\u00f3n:<\/strong> 12:00 h.<\/p>\n<p><strong>Autor:<\/strong>&nbsp;<span style=\"color: #0000ff;\">David Garrido Valls.<\/span><\/p>\n<p><strong>Director:<\/strong>&nbsp;<span style=\"color: #0000ff;\">Jos\u00e9 Berenguer Pastor.<\/span><\/p>\n<p><strong><em>Dramatis personae<\/em>:<\/strong><\/p>\n<ul>\n<li><strong>Juglar [1\u00aa Parte]:<\/strong> <span style=\"color: #0000ff;\">Alba L. Connelly<\/span><\/li>\n<li><strong>Juglar [2\u00aa Parte]:<\/strong> <span style=\"color: #0000ff;\">Irene P\u00e9rez<\/span><\/li>\n<li><strong>Ca\u00edd de Aspe (Abdusalem Abenyusef):<\/strong> <span style=\"color: #0000ff;\">Fran Rodr\u00edguez<\/span><\/li>\n<li><strong>Embajador moro (Al\u00ed Alasf\u00ed)<\/strong> <em>[1\u00aa Parte]<\/em>: <span style=\"color: #0000ff;\">Blanca Alcolea<\/span><\/li>\n<li><strong>Embajador moro (Al\u00ed Alasf\u00ed)<\/strong> <em>[2\u00aa Parte]<\/em>: <span style=\"color: #0000ff;\">I\u00f1aki Hern\u00e1ndez<\/span><\/li>\n<li><strong>Centinela moro:<\/strong> <span style=\"color: #0000ff;\">Irene P\u00e9rez<\/span><\/li>\n<li><strong>Alf\u00e9rez moro de Alcan\u00e1:<\/strong> <span style=\"color: #0000ff;\">Claudia P\u00e9rez<\/span><\/li>\n<li><strong>Alf\u00e9rez moro de Aljau:<\/strong> <span style=\"color: #0000ff;\">Carlos G\u00f3mez<\/span><\/li>\n<li><strong>Alf\u00e9rez moro de Fauqu\u00edes:<\/strong> <span style=\"color: #0000ff;\">Laura Cremades<\/span><\/li>\n<li><span style=\"color: #000000;\"><strong>Alf\u00e9rez moro de Sulaym\u00e1n (Suleim\u00e1n Abenamir):<\/strong><span style=\"color: #0000ff;\"> Emma G\u00f3mez<\/span><\/span><\/li>\n<li><strong>Rey cristiano (Jaime I):<\/strong> <span style=\"color: #0000ff;\">Julia P\u00e9rez<\/span><\/li>\n<li><strong>Embajador cristiano (Bertr\u00e1n de Vilanova)<\/strong><em> [1\u00aa Parte]<\/em>: <span style=\"color: #0000ff;\">Carla Calero<\/span><\/li>\n<li><strong>Embajador cristiano (Bertr\u00e1n de Vilanova)<\/strong><em> [2\u00aa Parte]<\/em>: <span style=\"color: #0000ff;\">David Mira<\/span><\/li>\n<li><strong>Alf\u00e9rez de Cristianos Lanceros de Uchel:<\/strong> <span style=\"color: #0000ff;\">Natalia Cremades<\/span><\/li>\n<li><strong>Alf\u00e9rez de Cristianos Duque de Maqueda:<\/strong> <span style=\"color: #0000ff;\">Mar\u00eda Pujalte<\/span><\/li>\n<li><strong>Alf\u00e9rez de Cristianos Estudiantes:<\/strong> <span style=\"color: #0000ff;\">\u00c1ngela Espinosa<\/span><\/li>\n<li><strong>Alf\u00e9rez de Cristianos Contrabandistas de la S. N.:<\/strong> <span style=\"color: #0000ff;\">Julia Mart\u00ednez<\/span><\/li>\n<\/ul>\n<h1><span style=\"color: #0000ff;\">Entrada Mora<\/span><\/h1>\n<p><em>Tradicional Entrada Mora por las calles de nuestro pueblo.<\/em><\/p>\n<p><strong>Hora de salida:<\/strong> 20:45 h.<\/p>\n<p><strong>Itinerario: <\/strong>Fuente calle Castelar, Castelar, San Pedro, San Jos\u00e9, Avd. Constituci\u00f3n, Pedro Galipienso, Parque Dr. Calatayud, lateral Mercado con esquina de \u201cTelas Alberola\u201d, Parque Dr. Calatayud y Dr. Mara\u00f1\u00f3n.<\/p>\n<p><strong>Orden de salida:<\/strong><\/p>\n<ul>\n<li>Bandera de la Uni\u00f3n.<\/li>\n<li>Bando Cristiano.\n<ul>\n<li>Cristianos Lanceros de Uchel (reinado)<\/li>\n<li>Cristianos Duque de Maqueda.<\/li>\n<li>Cristianos Estudiantes.<\/li>\n<li>Cristianos Contrabandistas de la Sierra Negra&nbsp;<\/li>\n<\/ul>\n<\/li>\n<li>Bando Moro.\n<ul>\n<li>Moros Fauqu\u00edes<\/li>\n<li>Moros Sulaym\u00e1n.<\/li>\n<li>Moros Alcan\u00e1.<\/li>\n<li>Moros Aljau (Sultanato)<\/li>\n<\/ul>\n<\/li>\n<\/ul>\n<p>&nbsp;<\/p>\n","protected":false},"excerpt":{"rendered":"<p>Desfile Infantil Desfile Infantil que concluir\u00e1 con la representaci\u00f3n de la primera Embajada Infantil en Fiestas de Agosto. Hora de salida: 11:00 h. Itinerario:&nbsp;Calle Gregorio Rizo, Calle San Jos\u00e9, Avenida Constituci\u00f3n, Calle Genaro Candela, &nbsp;Calle Santa Teresa y Plaza Mayor. Embajada&nbsp;Infantil Representaci\u00f3n de una adaptaci\u00f3n infantil de la Embajada de Moros y Cristianos de Aspe. [&hellip;]<\/p>\n","protected":false},"author":1,"featured_media":0,"parent":1560,"menu_order":80,"comment_status":"closed","ping_status":"closed","template":"","meta":{"footnotes":""},"class_list":["post-1569","page","type-page","status-publish","hentry"],"_links":{"self":[{"href":"https:\/\/web.morosycristianosdeaspe.es\/index.php?rest_route=\/wp\/v2\/pages\/1569","targetHints":{"allow":["GET"]}}],"collection":[{"href":"https:\/\/web.morosycristianosdeaspe.es\/index.php?rest_route=\/wp\/v2\/pages"}],"about":[{"href":"https:\/\/web.morosycristianosdeaspe.es\/index.php?rest_route=\/wp\/v2\/types\/page"}],"author":[{"embeddable":true,"href":"https:\/\/web.morosycristianosdeaspe.es\/index.php?rest_route=\/wp\/v2\/users\/1"}],"replies":[{"embeddable":true,"href":"https:\/\/web.morosycristianosdeaspe.es\/index.php?rest_route=%2Fwp%2Fv2%2Fcomments&post=1569"}],"version-history":[{"count":10,"href":"https:\/\/web.morosycristianosdeaspe.es\/index.php?rest_route=\/wp\/v2\/pages\/1569\/revisions"}],"predecessor-version":[{"id":1909,"href":"https:\/\/web.morosycristianosdeaspe.es\/index.php?rest_route=\/wp\/v2\/pages\/1569\/revisions\/1909"}],"up":[{"embeddable":true,"href":"https:\/\/web.morosycristianosdeaspe.es\/index.php?rest_route=\/wp\/v2\/pages\/1560"}],"wp:attachment":[{"href":"https:\/\/web.morosycristianosdeaspe.es\/index.php?rest_route=%2Fwp%2Fv2%2Fmedia&parent=1569"}],"curies":[{"name":"wp","href":"https:\/\/api.w.org\/{rel}","templated":true}]}}

<h1><span style="color: #0000ff;">Desfile Infantil</span></h1>
<p><em>Desfile Infantil que concluirá con la representación de la primera Embajada Infantil en Fiestas de Agosto.</em></p>
<p><strong>Hora de salida:</strong> 11:00 h.</p>
<p><strong>Itinerario:&nbsp;</strong>Calle Gregorio Rizo, Calle San José, Avenida Constitución, Calle Genaro Candela, &nbsp;Calle Santa Teresa y Plaza Mayor.</p>
<h1><span style="color: #0000ff;">Embajada&nbsp;Infantil</span></h1>
<p><em>Representación de una adaptación infantil de la Embajada de Moros y Cristianos de Aspe.</em></p>
<p><strong>Hora de representación:</strong> 12:00 h.</p>
<p><strong>Autor:</strong>&nbsp;<span style="color: #0000ff;">David Garrido Valls.</span></p>
<p><strong>Director:</strong>&nbsp;<span style="color: #0000ff;">José Berenguer Pastor.</span></p>
<p><strong><em>Dramatis personae</em>:</strong></p>
<ul>
<li><strong>Juglar [1ª Parte]:</strong> <span style="color: #0000ff;">Alba L. Connelly</span></li>
<li><strong>Juglar [2ª Parte]:</strong> <span style="color: #0000ff;">Irene Pérez</span></li>
<li><strong>Caíd de Aspe (Abdusalem Abenyusef):</strong> <span style="color: #0000ff;">Fran Rodríguez</span></li>
<li><strong>Embajador moro (Alí Alasfí)</strong> <em>[1ª Parte]</em>: <span style="color: #0000ff;">Blanca Alcolea</span></li>
<li><strong>Embajador moro (Alí Alasfí)</strong> <em>[2ª Parte]</em>: <span style="color: #0000ff;">Iñaki Hernández</span></li>
<li><strong>Centinela moro:</strong> <span style="color: #0000ff;">Irene Pérez</span></li>
<li><strong>Alférez moro de Alcaná:</strong> <span style="color: #0000ff;">Claudia Pérez</span></li>
<li><strong>Alférez moro de Aljau:</strong> <span style="color: #0000ff;">Carlos Gómez</span></li>
<li><strong>Alférez moro de Fauquíes:</strong> <span style="color: #0000ff;">Laura Cremades</span></li>
<li><span style="color: #000000;"><strong>Alférez moro de Sulaymán (Suleimán Abenamir):</strong><span style="color: #0000ff;"> Emma Gómez</span></span></li>
<li><strong>Rey cristiano (Jaime I):</strong> <span style="color: #0000ff;">Julia Pérez</span></li>
<li><strong>Embajador cristiano (Bertrán de Vilanova)</strong><em> [1ª Parte]</em>: <span style="color: #0000ff;">Carla Calero</span></li>
<li><strong>Embajador cristiano (Bertrán de Vilanova)</strong><em> [2ª Parte]</em>: <span style="color: #0000ff;">David Mira</span></li>
<li><strong>Alférez de Cristianos Lanceros de Uchel:</strong> <span style="color: #0000ff;">Natalia Cremades</span></li>
<li><strong>Alférez de Cristianos Duque de Maqueda:</strong> <span style="color: #0000ff;">María Pujalte</span></li>
<li><strong>Alférez de Cristianos Estudiantes:</strong> <span style="color: #0000ff;">Ángela Espinosa</span></li>
<li><strong>Alférez de Cristianos Contrabandistas de la S. N.:</strong> <span style="color: #0000ff;">Julia Martínez</span></li>
</ul>
<h1><span style="color: #0000ff;">Entrada Mora</span></h1>
<p><em>Tradicional Entrada Mora por las calles de nuestro pueblo.</em></p>
<p><strong>Hora de salida:</strong> 20:45 h.</p>
<p><strong>Itinerario: </strong>Fuente calle Castelar, Castelar, San Pedro, San José, Avd. Constitución, Pedro Galipienso, Parque Dr. Calatayud, lateral Mercado con esquina de “Telas Alberola”, Parque Dr. Calatayud y Dr. Marañón.</p>
<p><strong>Orden de salida:</strong></p>
<ul>
<li>Bandera de la Unión.</li>
<li>Bando Cristiano.
<ul>
<li>Cristianos Lanceros de Uchel (reinado)</li>
<li>Cristianos Duque de Maqueda.</li>
<li>Cristianos Estudiantes.</li>
<li>Cristianos Contrabandistas de la Sierra Negra&nbsp;</li>
</ul>
</li>
<li>Bando Moro.
<ul>
<li>Moros Fauquíes</li>
<li>Moros Sulaymán.</li>
<li>Moros Alcaná.</li>
<li>Moros Aljau (Sultanato)</li>
</ul>
</li>
</ul>
<p>&nbsp;</p>

<p>Desfile Infantil Desfile Infantil que concluirá con la representación de la primera Embajada Infantil en Fiestas de Agosto. Hora de salida: 11:00 h. Itinerario:&nbsp;Calle Gregorio Rizo, Calle San José, Avenida Constitución, Calle Genaro Candela, &nbsp;Calle Santa Teresa y Plaza Mayor. Embajada&nbsp;Infantil Representación de una adaptación infantil de la Embajada de Moros y Cristianos de Aspe. [&hellip;]</p>
