{"id":1841,"date":"2017-06-18T22:01:36","date_gmt":"2017-06-18T21:01:36","guid":{"rendered":"http:\/\/web.morosycristianosdeaspe.es\/?page_id=1841"},"modified":"2018-07-17T14:58:21","modified_gmt":"2018-07-17T13:58:21","slug":"cargos-festeros-2017","status":"publish","type":"page","link":"https:\/\/web.morosycristianosdeaspe.es\/?page_id=1841","title":{"rendered":"Cargos Festeros 2018"},"content":{"rendered":"<h1>Cargos Junta Central<\/h1>\n<h2><a href=\"https:\/\/web.morosycristianosdeaspe.es\/wp-content\/uploads\/2016\/01\/Sulayman_wxw.png\"><img loading=\"lazy\" decoding=\"async\" class=\"wp-image-1382  alignnone\" src=\"https:\/\/web.morosycristianosdeaspe.es\/wp-content\/uploads\/2016\/01\/Sulayman_wxw.png\" alt=\"\" width=\"29\" height=\"29\" \/><\/a>\u00a0 Sultanato &#8211; Moros Sulaym\u00e1n<\/h2>\n<p><a href=\"https:\/\/web.morosycristianosdeaspe.es\/wp-content\/uploads\/2018\/07\/IMG_6262.jpg\"><img loading=\"lazy\" decoding=\"async\" class=\" wp-image-2017 aligncenter\" src=\"https:\/\/web.morosycristianosdeaspe.es\/wp-content\/uploads\/2018\/07\/IMG_6262-300x200.jpg\" alt=\"\" width=\"433\" height=\"288\" srcset=\"https:\/\/web.morosycristianosdeaspe.es\/wp-content\/uploads\/2018\/07\/IMG_6262-300x200.jpg 300w, https:\/\/web.morosycristianosdeaspe.es\/wp-content\/uploads\/2018\/07\/IMG_6262-768x512.jpg 768w, https:\/\/web.morosycristianosdeaspe.es\/wp-content\/uploads\/2018\/07\/IMG_6262-1024x683.jpg 1024w, https:\/\/web.morosycristianosdeaspe.es\/wp-content\/uploads\/2018\/07\/IMG_6262-690x460.jpg 690w, https:\/\/web.morosycristianosdeaspe.es\/wp-content\/uploads\/2018\/07\/IMG_6262-980x653.jpg 980w\" sizes=\"auto, (max-width: 433px) 100vw, 433px\" \/><\/a><\/p>\n<p style=\"text-align: center;\">&#x1f539;<strong>Sultanes:<\/strong> Ana P\u00e9rez S\u00e1nchez y Borja Pujalte Urios<\/p>\n<h2><a href=\"https:\/\/web.morosycristianosdeaspe.es\/wp-content\/uploads\/2016\/01\/Estudiantes_wxw.png\"><img loading=\"lazy\" decoding=\"async\" class=\"wp-image-1380  alignnone\" src=\"https:\/\/web.morosycristianosdeaspe.es\/wp-content\/uploads\/2016\/01\/Estudiantes_wxw.png\" alt=\"\" width=\"33\" height=\"33\" \/><\/a> Reinado &#8211; Cristianos Estudiantes<\/h2>\n<p><a href=\"https:\/\/web.morosycristianosdeaspe.es\/wp-content\/uploads\/2018\/07\/IMG_6167.jpg\"><img loading=\"lazy\" decoding=\"async\" class=\" wp-image-2031 aligncenter\" src=\"https:\/\/web.morosycristianosdeaspe.es\/wp-content\/uploads\/2018\/07\/IMG_6167-300x200.jpg\" alt=\"\" width=\"449\" height=\"299\" srcset=\"https:\/\/web.morosycristianosdeaspe.es\/wp-content\/uploads\/2018\/07\/IMG_6167-300x200.jpg 300w, https:\/\/web.morosycristianosdeaspe.es\/wp-content\/uploads\/2018\/07\/IMG_6167-768x512.jpg 768w, https:\/\/web.morosycristianosdeaspe.es\/wp-content\/uploads\/2018\/07\/IMG_6167-1024x683.jpg 1024w, https:\/\/web.morosycristianosdeaspe.es\/wp-content\/uploads\/2018\/07\/IMG_6167-690x460.jpg 690w, https:\/\/web.morosycristianosdeaspe.es\/wp-content\/uploads\/2018\/07\/IMG_6167-980x653.jpg 980w\" sizes=\"auto, (max-width: 449px) 100vw, 449px\" \/><\/a><\/p>\n<p style=\"text-align: center;\"><strong>&#x1f539;Reina infantil:\u00a0<\/strong>In\u00e9s Galiana Marhuenda<\/p>\n<p style=\"text-align: center;\"><a href=\"https:\/\/web.morosycristianosdeaspe.es\/wp-content\/uploads\/2018\/07\/IMG_6162.jpg\"><img loading=\"lazy\" decoding=\"async\" class=\" wp-image-2030 aligncenter\" src=\"https:\/\/web.morosycristianosdeaspe.es\/wp-content\/uploads\/2018\/07\/IMG_6162-300x200.jpg\" alt=\"\" width=\"443\" height=\"295\" srcset=\"https:\/\/web.morosycristianosdeaspe.es\/wp-content\/uploads\/2018\/07\/IMG_6162-300x200.jpg 300w, https:\/\/web.morosycristianosdeaspe.es\/wp-content\/uploads\/2018\/07\/IMG_6162-768x512.jpg 768w, https:\/\/web.morosycristianosdeaspe.es\/wp-content\/uploads\/2018\/07\/IMG_6162-1024x683.jpg 1024w, https:\/\/web.morosycristianosdeaspe.es\/wp-content\/uploads\/2018\/07\/IMG_6162-690x460.jpg 690w, https:\/\/web.morosycristianosdeaspe.es\/wp-content\/uploads\/2018\/07\/IMG_6162-980x653.jpg 980w\" sizes=\"auto, (max-width: 443px) 100vw, 443px\" \/><\/a><\/p>\n<p style=\"text-align: center;\"><strong>&#x1f539;Reyes:\u00a0<\/strong>Carmen Mar\u00eda Marhuenda Corrales y Esteban Galiana Llinares<\/p>\n<p>&nbsp;<\/p>\n<hr \/>\n<h2 style=\"text-align: center;\"><\/h2>\n<h2 style=\"text-align: center;\"><strong>\u00a0<\/strong><span style=\"color: #800000;\"><strong>CARGOS FESTEROS DEL BANDO MORO\u00a0<\/strong><\/span><\/h2>\n<p style=\"text-align: center;\"><a href=\"https:\/\/web.morosycristianosdeaspe.es\/wp-content\/uploads\/2016\/01\/Aljau_wxw.png\"><img loading=\"lazy\" decoding=\"async\" class=\" wp-image-1383 aligncenter\" src=\"https:\/\/web.morosycristianosdeaspe.es\/wp-content\/uploads\/2016\/01\/Aljau_wxw.png\" alt=\"\" width=\"87\" height=\"87\" \/><\/a><strong>Moros Aljau<\/strong><\/p>\n<p><a href=\"https:\/\/web.morosycristianosdeaspe.es\/wp-content\/uploads\/2018\/07\/IMG_6210.jpg\"><img loading=\"lazy\" decoding=\"async\" class=\" wp-image-2019 aligncenter\" src=\"https:\/\/web.morosycristianosdeaspe.es\/wp-content\/uploads\/2018\/07\/IMG_6210-300x200.jpg\" alt=\"\" width=\"401\" height=\"267\" srcset=\"https:\/\/web.morosycristianosdeaspe.es\/wp-content\/uploads\/2018\/07\/IMG_6210-300x200.jpg 300w, https:\/\/web.morosycristianosdeaspe.es\/wp-content\/uploads\/2018\/07\/IMG_6210-768x512.jpg 768w, https:\/\/web.morosycristianosdeaspe.es\/wp-content\/uploads\/2018\/07\/IMG_6210-1024x683.jpg 1024w, https:\/\/web.morosycristianosdeaspe.es\/wp-content\/uploads\/2018\/07\/IMG_6210-690x460.jpg 690w, https:\/\/web.morosycristianosdeaspe.es\/wp-content\/uploads\/2018\/07\/IMG_6210-980x653.jpg 980w\" sizes=\"auto, (max-width: 401px) 100vw, 401px\" \/><\/a><\/p>\n<p style=\"text-align: center;\"><strong>&#x1f538;\u00a0Capit\u00e1n y abanderada infantiles:\u00a0<\/strong>Izan S\u00e1nchez Mart\u00ednez y Daniela Berenguer Almod\u00f3var<\/p>\n<p style=\"text-align: center;\"><a href=\"https:\/\/web.morosycristianosdeaspe.es\/wp-content\/uploads\/2018\/07\/IMG_6215.jpg\"><img loading=\"lazy\" decoding=\"async\" class=\" wp-image-2020 aligncenter\" src=\"https:\/\/web.morosycristianosdeaspe.es\/wp-content\/uploads\/2018\/07\/IMG_6215-300x200.jpg\" alt=\"\" width=\"395\" height=\"263\" srcset=\"https:\/\/web.morosycristianosdeaspe.es\/wp-content\/uploads\/2018\/07\/IMG_6215-300x200.jpg 300w, https:\/\/web.morosycristianosdeaspe.es\/wp-content\/uploads\/2018\/07\/IMG_6215-768x512.jpg 768w, https:\/\/web.morosycristianosdeaspe.es\/wp-content\/uploads\/2018\/07\/IMG_6215-1024x683.jpg 1024w, https:\/\/web.morosycristianosdeaspe.es\/wp-content\/uploads\/2018\/07\/IMG_6215-690x460.jpg 690w, https:\/\/web.morosycristianosdeaspe.es\/wp-content\/uploads\/2018\/07\/IMG_6215-980x653.jpg 980w\" sizes=\"auto, (max-width: 395px) 100vw, 395px\" \/><\/a><\/p>\n<p style=\"text-align: center;\"><strong>&#x1f538;\u00a0Abanderada:<\/strong> Laura de la Torre Mira<\/p>\n<hr \/>\n<p style=\"text-align: center;\"><img loading=\"lazy\" decoding=\"async\" class=\"size-full wp-image-1384 aligncenter\" src=\"https:\/\/web.morosycristianosdeaspe.es\/wp-content\/uploads\/2016\/01\/alcana_wxw.png\" alt=\"\" width=\"100\" height=\"100\" \/><strong>Moros Alcan\u00e1<\/strong><\/p>\n<p style=\"text-align: center;\"><a href=\"https:\/\/web.morosycristianosdeaspe.es\/wp-content\/uploads\/2018\/07\/IMG_6186.jpg\"><img loading=\"lazy\" decoding=\"async\" class=\" wp-image-2018 aligncenter\" src=\"https:\/\/web.morosycristianosdeaspe.es\/wp-content\/uploads\/2018\/07\/IMG_6186-300x200.jpg\" alt=\"\" width=\"409\" height=\"272\" srcset=\"https:\/\/web.morosycristianosdeaspe.es\/wp-content\/uploads\/2018\/07\/IMG_6186-300x200.jpg 300w, https:\/\/web.morosycristianosdeaspe.es\/wp-content\/uploads\/2018\/07\/IMG_6186-768x512.jpg 768w, https:\/\/web.morosycristianosdeaspe.es\/wp-content\/uploads\/2018\/07\/IMG_6186-1024x683.jpg 1024w, https:\/\/web.morosycristianosdeaspe.es\/wp-content\/uploads\/2018\/07\/IMG_6186-690x460.jpg 690w, https:\/\/web.morosycristianosdeaspe.es\/wp-content\/uploads\/2018\/07\/IMG_6186-980x653.jpg 980w\" sizes=\"auto, (max-width: 409px) 100vw, 409px\" \/><\/a><\/p>\n<p style=\"text-align: center;\"><strong>&#x1f538;\u00a0Abanderada: <\/strong>Aroa Miralles Ortega<\/p>\n<hr \/>\n<p style=\"text-align: center;\"><img loading=\"lazy\" decoding=\"async\" class=\"size-full wp-image-1382 aligncenter\" src=\"https:\/\/web.morosycristianosdeaspe.es\/wp-content\/uploads\/2016\/01\/Sulayman_wxw.png\" alt=\"\" width=\"100\" height=\"100\" \/><strong>Moros Sulaym\u00e1n<\/strong><\/p>\n<p><a href=\"https:\/\/web.morosycristianosdeaspe.es\/wp-content\/uploads\/2018\/07\/IMG_6272.jpg\"><img loading=\"lazy\" decoding=\"async\" class=\" wp-image-2032 aligncenter\" src=\"https:\/\/web.morosycristianosdeaspe.es\/wp-content\/uploads\/2018\/07\/IMG_6272-300x200.jpg\" alt=\"\" width=\"459\" height=\"306\" srcset=\"https:\/\/web.morosycristianosdeaspe.es\/wp-content\/uploads\/2018\/07\/IMG_6272-300x200.jpg 300w, https:\/\/web.morosycristianosdeaspe.es\/wp-content\/uploads\/2018\/07\/IMG_6272-768x512.jpg 768w, https:\/\/web.morosycristianosdeaspe.es\/wp-content\/uploads\/2018\/07\/IMG_6272-1024x683.jpg 1024w, https:\/\/web.morosycristianosdeaspe.es\/wp-content\/uploads\/2018\/07\/IMG_6272-690x460.jpg 690w, https:\/\/web.morosycristianosdeaspe.es\/wp-content\/uploads\/2018\/07\/IMG_6272-980x653.jpg 980w\" sizes=\"auto, (max-width: 459px) 100vw, 459px\" \/><\/a><\/p>\n<p style=\"text-align: center;\"><strong>&#x1f538;\u00a0Capit\u00e1n y abanderada:\u00a0<\/strong>Inmaculada D\u00edez S\u00e1ez y Juan Jos\u00e9 Cort\u00e9s Fern\u00e1ndez<\/p>\n<hr \/>\n<p style=\"text-align: center;\"><img loading=\"lazy\" decoding=\"async\" class=\"size-full wp-image-1588 aligncenter\" src=\"https:\/\/web.morosycristianosdeaspe.es\/wp-content\/uploads\/2016\/07\/Fauquies_ww.png\" alt=\"\" width=\"99\" height=\"100\" \/><strong>Moros Fauqu\u00edes<\/strong><\/p>\n<p><a href=\"https:\/\/web.morosycristianosdeaspe.es\/wp-content\/uploads\/2018\/07\/IMG_6228.jpg\"><img loading=\"lazy\" decoding=\"async\" class=\" wp-image-2024 aligncenter\" src=\"https:\/\/web.morosycristianosdeaspe.es\/wp-content\/uploads\/2018\/07\/IMG_6228-300x200.jpg\" alt=\"\" width=\"443\" height=\"295\" srcset=\"https:\/\/web.morosycristianosdeaspe.es\/wp-content\/uploads\/2018\/07\/IMG_6228-300x200.jpg 300w, https:\/\/web.morosycristianosdeaspe.es\/wp-content\/uploads\/2018\/07\/IMG_6228-768x512.jpg 768w, https:\/\/web.morosycristianosdeaspe.es\/wp-content\/uploads\/2018\/07\/IMG_6228-1024x683.jpg 1024w, https:\/\/web.morosycristianosdeaspe.es\/wp-content\/uploads\/2018\/07\/IMG_6228-690x460.jpg 690w, https:\/\/web.morosycristianosdeaspe.es\/wp-content\/uploads\/2018\/07\/IMG_6228-980x653.jpg 980w\" sizes=\"auto, (max-width: 443px) 100vw, 443px\" \/><\/a><\/p>\n<p style=\"text-align: center;\"><strong>&#x1f538;\u00a0Capit\u00e1n y abanderada infantiles:\u00a0<\/strong>Marcos Ruiz Garc\u00eda y Luc\u00eda Abad Garc\u00eda<\/p>\n<p><a href=\"https:\/\/web.morosycristianosdeaspe.es\/wp-content\/uploads\/2018\/07\/IMG_6234.jpg\"><img loading=\"lazy\" decoding=\"async\" class=\" wp-image-2025 aligncenter\" src=\"https:\/\/web.morosycristianosdeaspe.es\/wp-content\/uploads\/2018\/07\/IMG_6234-300x200.jpg\" alt=\"\" width=\"447\" height=\"298\" srcset=\"https:\/\/web.morosycristianosdeaspe.es\/wp-content\/uploads\/2018\/07\/IMG_6234-300x200.jpg 300w, https:\/\/web.morosycristianosdeaspe.es\/wp-content\/uploads\/2018\/07\/IMG_6234-768x512.jpg 768w, https:\/\/web.morosycristianosdeaspe.es\/wp-content\/uploads\/2018\/07\/IMG_6234-1024x683.jpg 1024w, https:\/\/web.morosycristianosdeaspe.es\/wp-content\/uploads\/2018\/07\/IMG_6234-690x460.jpg 690w, https:\/\/web.morosycristianosdeaspe.es\/wp-content\/uploads\/2018\/07\/IMG_6234-980x653.jpg 980w\" sizes=\"auto, (max-width: 447px) 100vw, 447px\" \/><\/a><\/p>\n<p style=\"text-align: center;\"><strong>&#x1f538;\u00a0Capit\u00e1n y abanderada:\u00a0<\/strong>Nuria Ruiz Garc\u00eda y David Botella Mart\u00ednez<\/p>\n<hr \/>\n<h2 style=\"text-align: center;\"><strong>\u00a0<\/strong><span style=\"color: #003366;\"><strong>CARGOS FESTEROS DEL BANDO CRISTIANO<\/strong><\/span><\/h2>\n<p style=\"text-align: center;\"><img loading=\"lazy\" decoding=\"async\" class=\"size-full wp-image-1379 aligncenter\" src=\"https:\/\/web.morosycristianosdeaspe.es\/wp-content\/uploads\/2016\/01\/Lanceros_wxw.png\" alt=\"\" width=\"100\" height=\"100\" \/><strong>Lanceros de Uchel<\/strong><\/p>\n<p style=\"text-align: center;\"><a href=\"https:\/\/web.morosycristianosdeaspe.es\/wp-content\/uploads\/2018\/07\/IMG_6296.jpg\"><img loading=\"lazy\" decoding=\"async\" class=\" wp-image-2027 aligncenter\" src=\"https:\/\/web.morosycristianosdeaspe.es\/wp-content\/uploads\/2018\/07\/IMG_6296-300x200.jpg\" alt=\"\" width=\"440\" height=\"293\" srcset=\"https:\/\/web.morosycristianosdeaspe.es\/wp-content\/uploads\/2018\/07\/IMG_6296-300x200.jpg 300w, https:\/\/web.morosycristianosdeaspe.es\/wp-content\/uploads\/2018\/07\/IMG_6296-768x512.jpg 768w, https:\/\/web.morosycristianosdeaspe.es\/wp-content\/uploads\/2018\/07\/IMG_6296-1024x683.jpg 1024w, https:\/\/web.morosycristianosdeaspe.es\/wp-content\/uploads\/2018\/07\/IMG_6296-690x460.jpg 690w, https:\/\/web.morosycristianosdeaspe.es\/wp-content\/uploads\/2018\/07\/IMG_6296-980x653.jpg 980w\" sizes=\"auto, (max-width: 440px) 100vw, 440px\" \/><\/a><\/p>\n<p style=\"text-align: center;\"><strong>&#x1f538;\u00a0Capit\u00e1n y abanderada infantiles:\u00a0<\/strong>Alba Huix P\u00e9rez y Carlos Garc\u00eda Calero<\/p>\n<p style=\"text-align: center;\"><a href=\"https:\/\/web.morosycristianosdeaspe.es\/wp-content\/uploads\/2018\/07\/IMG_6202-a.jpg\"><img loading=\"lazy\" decoding=\"async\" class=\" wp-image-2026 aligncenter\" src=\"https:\/\/web.morosycristianosdeaspe.es\/wp-content\/uploads\/2018\/07\/IMG_6202-a-300x200.jpg\" alt=\"\" width=\"428\" height=\"285\" srcset=\"https:\/\/web.morosycristianosdeaspe.es\/wp-content\/uploads\/2018\/07\/IMG_6202-a-300x200.jpg 300w, https:\/\/web.morosycristianosdeaspe.es\/wp-content\/uploads\/2018\/07\/IMG_6202-a-768x512.jpg 768w, https:\/\/web.morosycristianosdeaspe.es\/wp-content\/uploads\/2018\/07\/IMG_6202-a-1024x683.jpg 1024w, https:\/\/web.morosycristianosdeaspe.es\/wp-content\/uploads\/2018\/07\/IMG_6202-a-690x460.jpg 690w, https:\/\/web.morosycristianosdeaspe.es\/wp-content\/uploads\/2018\/07\/IMG_6202-a-980x653.jpg 980w\" sizes=\"auto, (max-width: 428px) 100vw, 428px\" \/><\/a><\/p>\n<p style=\"text-align: center;\"><strong>&#x1f538;\u00a0Capit\u00e1n y abanderada:\u00a0<\/strong>Antonio Jhan Mirete y Alicia Cerd\u00e1n Martinez<\/p>\n<hr \/>\n<p style=\"text-align: center;\"><img loading=\"lazy\" decoding=\"async\" class=\"size-full wp-image-1378 aligncenter\" src=\"https:\/\/web.morosycristianosdeaspe.es\/wp-content\/uploads\/2016\/01\/maqueda_wxw.png\" alt=\"\" width=\"100\" height=\"100\" \/><strong>Duque de Maqueda<\/strong><\/p>\n<p><a href=\"https:\/\/web.morosycristianosdeaspe.es\/wp-content\/uploads\/2018\/07\/IMG_6306-a.jpg\"><img loading=\"lazy\" decoding=\"async\" class=\" wp-image-2029 aligncenter\" src=\"https:\/\/web.morosycristianosdeaspe.es\/wp-content\/uploads\/2018\/07\/IMG_6306-a-300x200.jpg\" alt=\"\" width=\"462\" height=\"308\" srcset=\"https:\/\/web.morosycristianosdeaspe.es\/wp-content\/uploads\/2018\/07\/IMG_6306-a-300x200.jpg 300w, https:\/\/web.morosycristianosdeaspe.es\/wp-content\/uploads\/2018\/07\/IMG_6306-a-768x512.jpg 768w, https:\/\/web.morosycristianosdeaspe.es\/wp-content\/uploads\/2018\/07\/IMG_6306-a-1024x683.jpg 1024w, https:\/\/web.morosycristianosdeaspe.es\/wp-content\/uploads\/2018\/07\/IMG_6306-a-690x460.jpg 690w, https:\/\/web.morosycristianosdeaspe.es\/wp-content\/uploads\/2018\/07\/IMG_6306-a-980x653.jpg 980w\" sizes=\"auto, (max-width: 462px) 100vw, 462px\" \/><\/a><\/p>\n<p style=\"text-align: center;\"><b>&#x1f538;\u00a0Capit\u00e1n y abanderada infantiles:\u00a0<\/b>Borja Brufal Navarro y Julia Vicedo Mart\u00ednez<\/p>\n<p><a href=\"https:\/\/web.morosycristianosdeaspe.es\/wp-content\/uploads\/2018\/07\/IMG_6301.jpg\"><img loading=\"lazy\" decoding=\"async\" class=\" wp-image-2028 aligncenter\" src=\"https:\/\/web.morosycristianosdeaspe.es\/wp-content\/uploads\/2018\/07\/IMG_6301-300x200.jpg\" alt=\"\" width=\"464\" height=\"309\" srcset=\"https:\/\/web.morosycristianosdeaspe.es\/wp-content\/uploads\/2018\/07\/IMG_6301-300x200.jpg 300w, https:\/\/web.morosycristianosdeaspe.es\/wp-content\/uploads\/2018\/07\/IMG_6301-768x512.jpg 768w, https:\/\/web.morosycristianosdeaspe.es\/wp-content\/uploads\/2018\/07\/IMG_6301-1024x683.jpg 1024w, https:\/\/web.morosycristianosdeaspe.es\/wp-content\/uploads\/2018\/07\/IMG_6301-690x460.jpg 690w, https:\/\/web.morosycristianosdeaspe.es\/wp-content\/uploads\/2018\/07\/IMG_6301-980x653.jpg 980w\" sizes=\"auto, (max-width: 464px) 100vw, 464px\" \/><\/a><\/p>\n<p style=\"text-align: center;\"><strong>&#x1f538;\u00a0Capit\u00e1n y abanderada:<\/strong> Antonio Brufal Garc\u00eda y Elisabeth S\u00e1nchez Rodr\u00edguez<\/p>\n<hr \/>\n<p style=\"text-align: center;\"><img loading=\"lazy\" decoding=\"async\" class=\"size-full wp-image-1380 aligncenter\" src=\"https:\/\/web.morosycristianosdeaspe.es\/wp-content\/uploads\/2016\/01\/Estudiantes_wxw.png\" alt=\"\" width=\"100\" height=\"100\" \/><strong>Cristianos Estudiantes<\/strong><\/p>\n<p><a href=\"https:\/\/web.morosycristianosdeaspe.es\/wp-content\/uploads\/2018\/07\/IMG_6191.jpg\"><img loading=\"lazy\" decoding=\"async\" class=\" wp-image-2023 aligncenter\" src=\"https:\/\/web.morosycristianosdeaspe.es\/wp-content\/uploads\/2018\/07\/IMG_6191-300x200.jpg\" alt=\"\" width=\"423\" height=\"282\" srcset=\"https:\/\/web.morosycristianosdeaspe.es\/wp-content\/uploads\/2018\/07\/IMG_6191-300x200.jpg 300w, https:\/\/web.morosycristianosdeaspe.es\/wp-content\/uploads\/2018\/07\/IMG_6191-768x512.jpg 768w, https:\/\/web.morosycristianosdeaspe.es\/wp-content\/uploads\/2018\/07\/IMG_6191-1024x683.jpg 1024w, https:\/\/web.morosycristianosdeaspe.es\/wp-content\/uploads\/2018\/07\/IMG_6191-690x460.jpg 690w, https:\/\/web.morosycristianosdeaspe.es\/wp-content\/uploads\/2018\/07\/IMG_6191-980x653.jpg 980w\" sizes=\"auto, (max-width: 423px) 100vw, 423px\" \/><\/a><\/p>\n<p style=\"text-align: center;\"><strong>&#x1f538;\u00a0Abanderada:\u00a0<\/strong>In\u00e9s Prieto Esteve<\/p>\n<hr \/>\n<p style=\"text-align: center;\"><img loading=\"lazy\" decoding=\"async\" class=\"size-full wp-image-1381 aligncenter\" src=\"https:\/\/web.morosycristianosdeaspe.es\/wp-content\/uploads\/2016\/01\/ccsn_wxw.png\" alt=\"\" width=\"100\" height=\"100\" \/><strong>Cristianos Contrabandistas de la Sierra Negra<\/strong><\/p>\n<p><a href=\"https:\/\/web.morosycristianosdeaspe.es\/wp-content\/uploads\/2018\/07\/IMG_6252.jpg\"><img loading=\"lazy\" decoding=\"async\" class=\" wp-image-2022 aligncenter\" src=\"https:\/\/web.morosycristianosdeaspe.es\/wp-content\/uploads\/2018\/07\/IMG_6252-300x200.jpg\" alt=\"\" width=\"431\" height=\"287\" srcset=\"https:\/\/web.morosycristianosdeaspe.es\/wp-content\/uploads\/2018\/07\/IMG_6252-300x200.jpg 300w, https:\/\/web.morosycristianosdeaspe.es\/wp-content\/uploads\/2018\/07\/IMG_6252-768x512.jpg 768w, https:\/\/web.morosycristianosdeaspe.es\/wp-content\/uploads\/2018\/07\/IMG_6252-1024x683.jpg 1024w, https:\/\/web.morosycristianosdeaspe.es\/wp-content\/uploads\/2018\/07\/IMG_6252-690x460.jpg 690w, https:\/\/web.morosycristianosdeaspe.es\/wp-content\/uploads\/2018\/07\/IMG_6252-980x653.jpg 980w\" sizes=\"auto, (max-width: 431px) 100vw, 431px\" \/><\/a><\/p>\n<p style=\"text-align: center;\"><strong>&#x1f538;\u00a0Capit\u00e1n y Abanderada infantiles:\u00a0<\/strong>Nerea de las Nieves Cort\u00e9s Braceli y Fran Rodriguez Cremades<\/p>\n<p style=\"text-align: center;\"><a href=\"https:\/\/web.morosycristianosdeaspe.es\/wp-content\/uploads\/2018\/07\/IMG_6179.jpg\"><img loading=\"lazy\" decoding=\"async\" class=\" wp-image-2021 aligncenter\" src=\"https:\/\/web.morosycristianosdeaspe.es\/wp-content\/uploads\/2018\/07\/IMG_6179-300x200.jpg\" alt=\"\" width=\"428\" height=\"285\" srcset=\"https:\/\/web.morosycristianosdeaspe.es\/wp-content\/uploads\/2018\/07\/IMG_6179-300x200.jpg 300w, https:\/\/web.morosycristianosdeaspe.es\/wp-content\/uploads\/2018\/07\/IMG_6179-768x512.jpg 768w, https:\/\/web.morosycristianosdeaspe.es\/wp-content\/uploads\/2018\/07\/IMG_6179-1024x683.jpg 1024w, https:\/\/web.morosycristianosdeaspe.es\/wp-content\/uploads\/2018\/07\/IMG_6179-690x460.jpg 690w, https:\/\/web.morosycristianosdeaspe.es\/wp-content\/uploads\/2018\/07\/IMG_6179-980x653.jpg 980w\" sizes=\"auto, (max-width: 428px) 100vw, 428px\" \/><\/a><\/p>\n<p style=\"text-align: center;\"><strong>&#x1f538;\u00a0Capit\u00e1n y abanderada:\u00a0<\/strong>Carlos Gallego Cerd\u00e1n y Gema Gallego Alema\u00f1<\/p>\n<p>&nbsp;<\/p>\n","protected":false},"excerpt":{"rendered":"<p>Cargos Junta Central \u00a0 Sultanato &#8211; Moros Sulaym\u00e1n &#x1f539;Sultanes: Ana P\u00e9rez S\u00e1nchez y Borja Pujalte Urios Reinado &#8211; Cristianos Estudiantes &#x1f539;Reina infantil:\u00a0In\u00e9s Galiana Marhuenda &#x1f539;Reyes:\u00a0Carmen Mar\u00eda Marhuenda Corrales y Esteban Galiana Llinares &nbsp; \u00a0CARGOS FESTEROS DEL BANDO MORO\u00a0 Moros Aljau &#x1f538;\u00a0Capit\u00e1n y abanderada infantiles:\u00a0Izan S\u00e1nchez Mart\u00ednez y Daniela Berenguer Almod\u00f3var &#x1f538;\u00a0Abanderada: Laura de la Torre [&hellip;]<\/p>\n","protected":false},"author":1,"featured_media":0,"parent":817,"menu_order":1,"comment_status":"closed","ping_status":"closed","template":"","meta":{"footnotes":""},"class_list":["post-1841","page","type-page","status-publish","hentry"],"_links":{"self":[{"href":"https:\/\/web.morosycristianosdeaspe.es\/index.php?rest_route=\/wp\/v2\/pages\/1841","targetHints":{"allow":["GET"]}}],"collection":[{"href":"https:\/\/web.morosycristianosdeaspe.es\/index.php?rest_route=\/wp\/v2\/pages"}],"about":[{"href":"https:\/\/web.morosycristianosdeaspe.es\/index.php?rest_route=\/wp\/v2\/types\/page"}],"author":[{"embeddable":true,"href":"https:\/\/web.morosycristianosdeaspe.es\/index.php?rest_route=\/wp\/v2\/users\/1"}],"replies":[{"embeddable":true,"href":"https:\/\/web.morosycristianosdeaspe.es\/index.php?rest_route=%2Fwp%2Fv2%2Fcomments&post=1841"}],"version-history":[{"count":13,"href":"https:\/\/web.morosycristianosdeaspe.es\/index.php?rest_route=\/wp\/v2\/pages\/1841\/revisions"}],"predecessor-version":[{"id":2033,"href":"https:\/\/web.morosycristianosdeaspe.es\/index.php?rest_route=\/wp\/v2\/pages\/1841\/revisions\/2033"}],"up":[{"embeddable":true,"href":"https:\/\/web.morosycristianosdeaspe.es\/index.php?rest_route=\/wp\/v2\/pages\/817"}],"wp:attachment":[{"href":"https:\/\/web.morosycristianosdeaspe.es\/index.php?rest_route=%2Fwp%2Fv2%2Fmedia&parent=1841"}],"curies":[{"name":"wp","href":"https:\/\/api.w.org\/{rel}","templated":true}]}}