{"id":620,"date":"2013-12-14T20:11:49","date_gmt":"2013-12-14T19:11:49","guid":{"rendered":"http:\/\/web.morosycristianosdeaspe.es\/?page_id=620"},"modified":"2013-12-14T20:11:49","modified_gmt":"2013-12-14T19:11:49","slug":"fiestas-y-actividades-anuales","status":"publish","type":"page","link":"https:\/\/web.morosycristianosdeaspe.es\/?page_id=620","title":{"rendered":"FIESTAS Y ACTIVIDADES ANUALES"},"content":{"rendered":"<p style=\"text-align: right;\" align=\"center\"><span style=\"color: #800000;\"><em>Carlos Aznar Pav\u00eda<br \/>\nCronista Oficial de Fiestas<\/em><\/span><\/p>\n<p align=\"center\">MEMORIA ANUAL DE FIESTAS Y ACTIVIDADES DE LA UNI\u00d3N DE MOROS Y CRISTIANOS VIRGEN DE LAS NIEVES DE ASPE<\/p>\n<p>Las Uni\u00f3n de Moros y Cristianos Virgen de las Nieves de Aspe, tiene una apretada agenda a lo largo del a\u00f1o, al igual que las distintas comparsas que tambi\u00e9n a lo largo del a\u00f1o realizan diversas actividades festivas y culturales.<\/p>\n<p><span style=\"color: #800000;\"><strong>Finales de enero.<\/strong><\/span><\/p>\n<p>El \u00faltimo domingo de enero inicia la primera toma de contacto entre festeros de las distintas comparsas con el Almuerzo Gachamiguero. Una simp\u00e1tica fiesta de convivencia y de sana competici\u00f3n por hacer la gachamiga m\u00e1s sabrosa. En cuanto al recinto no existe ning\u00fan problema, todas las comparsas tienen cuartelillo propio fuera del casco urbano a excepci\u00f3n de la \u00faltima que se integr\u00f3 a las fiesta en el a\u00f1o 2009, Caballeros Cristianos de la Sierra Negra. En las fiestas y actos organizados por la Uni\u00f3n se utilizan estos cuartelillos o k\u00e1blias, siendo rotativo o por expreso deseo de una determinada comparsa, que ese d\u00eda puede sacar alg\u00fan dinero extra con el servicio de barra.<\/p>\n<p><span style=\"color: #800000;\"><strong>Mediados de febrero<\/strong><\/span><\/p>\n<p>El mes de Febrero nos trae la celebraci\u00f3n del Medio A\u00f1o Festero. Siempre procuramos no coincidir en la semana en que se celebra una fiesta local muy antigua e importante \u201cEl Ultimo Jueves\u201d (jueves anterior a la Cuaresma).<\/p>\n<p>La Media Fiesta, es el nombre que le damos a esta celebraci\u00f3n, todas las comparsas contratan bandas de m\u00fasica y en los diferentes cuartelillos empiezan las competiciones deportivas el fin de semana anterior: Tenis de Mesa, Petanca, F\u00fatbol Sala, y tambi\u00e9n juegos de mesa. La entrega de trofeos se realiza coincidiendo con la Media Fiesta, este es un d\u00eda muy especial para todos los festeros, todos los cuartelillos abren sus puertas y celebran almuerzos de confraternidad para acabar recorriendo las calles de Aspe con las diferentes bandas de m\u00fasica, visit\u00e1ndose unos a otros. En esa celebraci\u00f3n tambi\u00e9n abren sus puertas los cuartelillos a nivel de fil\u00e1s, estos cuartelillos son casas antiguas del casco urbano rehabilitadas y acondicionadas para el invierno y que cumplen muy bien las expectativas con las que se adquirieron: Mantener unido al festero durante todo el a\u00f1o.<\/p>\n<p>Por las inclemencias del tiempo en el mes de febrero, las comparsas en estos \u00faltimos a\u00f1os han optado por servicios de catering y tambi\u00e9n han adquirido carpas, que son utilizadas en esas fechas y as\u00ed continuar la fiesta hasta altas horas de la noche.<\/p>\n<p>A las 18 horas se inicia la entrada oficial de bandas, el recorrido siempre acaba en la plaza Mayor, los festeros utilizan para este desfile el atuendo oficial de sus comparsas, nunca el traje de gala de los desfiles de agosto. A las 21 horas tiene lugar el desfile humor\u00edstico llamado Retreta, donde las comparsas compiten en originales disfraces y parodias de temas de actualidad. A pesar de las inclemencias y del intenso frio que algunos a\u00f1os ha hecho en esta celebraci\u00f3n solamente se suspendi\u00f3 un a\u00f1o por una intensa nevada.<\/p>\n<p>En el mes de febrero tambi\u00e9n tiene lugar la Asamblea Anual de la UNDEF, a ella siempre acude un buen n\u00famero de festeros aspenses y en estos \u00faltimos cinco a\u00f1os, once han sido los nombramientos, con los que esta entidad ha distinguido a personas de las Fiestas de Moros y Cristianos de Aspe, como Miembros Honor\u00edficos a T\u00edtulo Personal. El a\u00f1o 2012 la asamblea anual se celebr\u00f3 en Paterna y fueron m\u00e1s de 60 los festeros que se desplazaron a la citada localidad valenciana. El presente a\u00f1o este evento tuvo lugar en Ba\u00f1eres de Mariola y tambi\u00e9n se desplaz\u00f3 un importante n\u00famero de festeros a esta localidad.<\/p>\n<p>El mes de marzo nos trae la convocatoria para el concurso del cartel anunciador de las Fiestas de Moros y Cristianos. Este concurso est\u00e1 patrocinado por la Concejal\u00eda de Cultura del Ayuntamiento de Aspe y es a nivel nacional.<\/p>\n<p>La comida de convivencia y hermandad organizada por la Uni\u00f3n, se viene celebrando en el mes de abril, en ella toman parte todas las comparsas, y como en el almuerzo gachamiguero se utiliza cualquiera de los distintos cuartelillos. La jornada da comienzo\u00a0 muy temprano, con un partido de futbol entre moros y cristianos al t\u00e9rmino del encuentro, almuerzo para todos los festeros que hayan madrugado para continuar a lo largo de la ma\u00f1ana con la competici\u00f3n de petanca. A medio d\u00eda la Uni\u00f3n distribuye a las diferentes comparsas los ingredientes necesarios, para que con arreglo al n\u00famero de asistentes, elaboren la t\u00edpica paella. Esta jornada festiva tiene un gran \u00e9xito, despu\u00e9s de la comida el festero comenta, habla y se exponen proyectos e ideas para las fiestas de agosto. La jornada acaba a altas horas de la noche.<\/p>\n<p>Mayo nos trae el cierre del plazo del cartel anunciador de las fiestas, y tambi\u00e9n la presentaci\u00f3n en el Teatro Wagner de los nuevos cargos festeros. Esta presentaci\u00f3n se cre\u00f3 como un compromiso de las comparsas con la Uni\u00f3n, para de esta forma empezar a preparar los a\u00f1os pares la revista \u201cLa Serranica\u201d y los impares la revista \u201cAspis\u201d que son el escaparate de nuestras fiestas.<\/p>\n<p>El viernes de la tercera semana de julio en los a\u00f1os impares tenemos la presentaci\u00f3n de la revista de Moros y Cristianos \u201cAspis\u201d. El n\u00famero 1 de esta revista,\u00a0 vio la luz en el a\u00f1o 1981, pero no ser\u00eda hasta el 1997 en que apareciese el n\u00famero 2, teniendo ya una continuidad, en la actualidad estamos en el n\u00famero 10.<\/p>\n<p>Los a\u00f1os pares aparecen nuestras fiestas de Moros y cristianos en la revista bienal \u201cLa Serranica\u201d<\/p>\n<p>El \u00faltimo s\u00e1bado del mes de julio, en la Plaza Mayor se realiza la presentaci\u00f3n oficial de los cargos festeros y el preg\u00f3n de las fiestas de Moros y Cristianos, Acto cuidado y elegante de una gran vistosidad y muy arraigado, pues se viene celebrando desde el a\u00f1o 1979.<\/p>\n<p>Desde el a\u00f1o 2004 las Fiestas de Moros y Cristianos se celebran en fechas fijas y dan comienzo el d\u00eda 7 de agosto con la entrada de bandas de m\u00fasica a las 19 horas, para finalizar junto al castillo de la Embajada, donde se canta el Himno de las fiestas de Moros y Cristianos, con el acompa\u00f1amiento de las distintas bandas de m\u00fasica, que son dirigidas por un destacado m\u00fasico aspense, el alcalde de Aspe simb\u00f3licamente entrega el bast\u00f3n de mando al alcalde de las fiestas de Moros y Cristianos, una vez izada la bandera de la Uni\u00f3n.<\/p>\n<p>Tambi\u00e9n el d\u00eda 7 a medianoche, tiene lugar el desfile humor\u00edstico llamado Retreta, que lleno de colorido y originalidad y con los m\u00e1s disparatados disfraces y las m\u00e1s atrevidas y chispeantes parodias hace las delicias del p\u00fablico que asiste a presenciarlo.<\/p>\n<p>El d\u00eda 8, estos \u00faltimos a\u00f1os, los Cargos Festeros acompa\u00f1ados por miembros de la Uni\u00f3n de Moros y Cristianos, hacen un recorrido por los distintos cuartelillos y k\u00e1blias, subidos en un tren de los que se utilizan en recorridos tur\u00edsticos por las ciudades.<\/p>\n<p>A las 20:45 del d\u00eda 8 tiene lugar la Entrada Mora, donde el Bando Cristiano abre el desfile.<\/p>\n<p>El d\u00eda 9 nos trae un apretado programa de actos, Desfile Infantil a las 10:30, y a las 11:30 pasacalles por las calles de la localidad para acabar en la Residencia de Ancianos Virgen de las Nieves, que es de lo que se trata, para una vez all\u00ed realizar donativos y un desfile para las personas que est\u00e1n acogidas a esta instituci\u00f3n.<\/p>\n<p>Ya por la tarde, tiradores con arcabuces por un lado y por el otro Cargos Festeros con sus escuadras parten a las 20 horas, para concentrarse en la Plaza Mayor. Una hora m\u00e1s tarde la Bas\u00edlica de Ntra. Sra. del Socorro acoge a todos los festeros que honran a su patrona la Virgen de las Nieves con la Eucarist\u00eda (Misa Festera). A las 22 horas tiene lugar la Embajada. Una gran puesta en escena con m\u00fasica y efectos especiales, donde los Embajadores Moro y Cristiano parlamentan la rendici\u00f3n del pueblo de Aspe con su castillo.<\/p>\n<p>El d\u00eda 10 a las 20:45, nos trae la Entrada Cristiana, tan espectacular como la Mora\u00a0 y al finalizar la entrega de banderas en las puertas del castillo. El fallo de los Premios Miguel Iborra a los mejores cabos y filas y los discursos del Presidente de la Uni\u00f3n y del Alcalde de Aspe clausuran las fiestas.<\/p>\n","protected":false},"excerpt":{"rendered":"<p>Carlos Aznar Pav\u00eda Cronista Oficial de Fiestas MEMORIA ANUAL DE FIESTAS Y ACTIVIDADES DE LA UNI\u00d3N DE MOROS Y CRISTIANOS VIRGEN DE LAS NIEVES DE ASPE Las Uni\u00f3n de Moros y Cristianos Virgen de las Nieves de Aspe, tiene una apretada agenda a lo largo del a\u00f1o, al igual que las distintas comparsas que tambi\u00e9n [&hellip;]<\/p>\n","protected":false},"author":1,"featured_media":0,"parent":77,"menu_order":8,"comment_status":"closed","ping_status":"closed","template":"","meta":{"footnotes":""},"class_list":["post-620","page","type-page","status-publish","hentry"],"_links":{"self":[{"href":"https:\/\/web.morosycristianosdeaspe.es\/index.php?rest_route=\/wp\/v2\/pages\/620","targetHints":{"allow":["GET"]}}],"collection":[{"href":"https:\/\/web.morosycristianosdeaspe.es\/index.php?rest_route=\/wp\/v2\/pages"}],"about":[{"href":"https:\/\/web.morosycristianosdeaspe.es\/index.php?rest_route=\/wp\/v2\/types\/page"}],"author":[{"embeddable":true,"href":"https:\/\/web.morosycristianosdeaspe.es\/index.php?rest_route=\/wp\/v2\/users\/1"}],"replies":[{"embeddable":true,"href":"https:\/\/web.morosycristianosdeaspe.es\/index.php?rest_route=%2Fwp%2Fv2%2Fcomments&post=620"}],"version-history":[{"count":2,"href":"https:\/\/web.morosycristianosdeaspe.es\/index.php?rest_route=\/wp\/v2\/pages\/620\/revisions"}],"predecessor-version":[{"id":622,"href":"https:\/\/web.morosycristianosdeaspe.es\/index.php?rest_route=\/wp\/v2\/pages\/620\/revisions\/622"}],"up":[{"embeddable":true,"href":"https:\/\/web.morosycristianosdeaspe.es\/index.php?rest_route=\/wp\/v2\/pages\/77"}],"wp:attachment":[{"href":"https:\/\/web.morosycristianosdeaspe.es\/index.php?rest_route=%2Fwp%2Fv2%2Fmedia&parent=620"}],"curies":[{"name":"wp","href":"https:\/\/api.w.org\/{rel}","templated":true}]}}

<p style="text-align: right;" align="center"><span style="color: #800000;"><em>Carlos Aznar Pavía<br />
Cronista Oficial de Fiestas</em></span></p>
<p align="center">MEMORIA ANUAL DE FIESTAS Y ACTIVIDADES DE LA UNIÓN DE MOROS Y CRISTIANOS VIRGEN DE LAS NIEVES DE ASPE</p>
<p>Las Unión de Moros y Cristianos Virgen de las Nieves de Aspe, tiene una apretada agenda a lo largo del año, al igual que las distintas comparsas que también a lo largo del año realizan diversas actividades festivas y culturales.</p>
<p><span style="color: #800000;"><strong>Finales de enero.</strong></span></p>
<p>El último domingo de enero inicia la primera toma de contacto entre festeros de las distintas comparsas con el Almuerzo Gachamiguero. Una simpática fiesta de convivencia y de sana competición por hacer la gachamiga más sabrosa. En cuanto al recinto no existe ningún problema, todas las comparsas tienen cuartelillo propio fuera del casco urbano a excepción de la última que se integró a las fiesta en el año 2009, Caballeros Cristianos de la Sierra Negra. En las fiestas y actos organizados por la Unión se utilizan estos cuartelillos o káblias, siendo rotativo o por expreso deseo de una determinada comparsa, que ese día puede sacar algún dinero extra con el servicio de barra.</p>
<p><span style="color: #800000;"><strong>Mediados de febrero</strong></span></p>
<p>El mes de Febrero nos trae la celebración del Medio Año Festero. Siempre procuramos no coincidir en la semana en que se celebra una fiesta local muy antigua e importante “El Ultimo Jueves” (jueves anterior a la Cuaresma).</p>
<p>La Media Fiesta, es el nombre que le damos a esta celebración, todas las comparsas contratan bandas de música y en los diferentes cuartelillos empiezan las competiciones deportivas el fin de semana anterior: Tenis de Mesa, Petanca, Fútbol Sala, y también juegos de mesa. La entrega de trofeos se realiza coincidiendo con la Media Fiesta, este es un día muy especial para todos los festeros, todos los cuartelillos abren sus puertas y celebran almuerzos de confraternidad para acabar recorriendo las calles de Aspe con las diferentes bandas de música, visitándose unos a otros. En esa celebración también abren sus puertas los cuartelillos a nivel de filás, estos cuartelillos son casas antiguas del casco urbano rehabilitadas y acondicionadas para el invierno y que cumplen muy bien las expectativas con las que se adquirieron: Mantener unido al festero durante todo el año.</p>
<p>Por las inclemencias del tiempo en el mes de febrero, las comparsas en estos últimos años han optado por servicios de catering y también han adquirido carpas, que son utilizadas en esas fechas y así continuar la fiesta hasta altas horas de la noche.</p>
<p>A las 18 horas se inicia la entrada oficial de bandas, el recorrido siempre acaba en la plaza Mayor, los festeros utilizan para este desfile el atuendo oficial de sus comparsas, nunca el traje de gala de los desfiles de agosto. A las 21 horas tiene lugar el desfile humorístico llamado Retreta, donde las comparsas compiten en originales disfraces y parodias de temas de actualidad. A pesar de las inclemencias y del intenso frio que algunos años ha hecho en esta celebración solamente se suspendió un año por una intensa nevada.</p>
<p>En el mes de febrero también tiene lugar la Asamblea Anual de la UNDEF, a ella siempre acude un buen número de festeros aspenses y en estos últimos cinco años, once han sido los nombramientos, con los que esta entidad ha distinguido a personas de las Fiestas de Moros y Cristianos de Aspe, como Miembros Honoríficos a Título Personal. El año 2012 la asamblea anual se celebró en Paterna y fueron más de 60 los festeros que se desplazaron a la citada localidad valenciana. El presente año este evento tuvo lugar en Bañeres de Mariola y también se desplazó un importante número de festeros a esta localidad.</p>
<p>El mes de marzo nos trae la convocatoria para el concurso del cartel anunciador de las Fiestas de Moros y Cristianos. Este concurso está patrocinado por la Concejalía de Cultura del Ayuntamiento de Aspe y es a nivel nacional.</p>
<p>La comida de convivencia y hermandad organizada por la Unión, se viene celebrando en el mes de abril, en ella toman parte todas las comparsas, y como en el almuerzo gachamiguero se utiliza cualquiera de los distintos cuartelillos. La jornada da comienzo  muy temprano, con un partido de futbol entre moros y cristianos al término del encuentro, almuerzo para todos los festeros que hayan madrugado para continuar a lo largo de la mañana con la competición de petanca. A medio día la Unión distribuye a las diferentes comparsas los ingredientes necesarios, para que con arreglo al número de asistentes, elaboren la típica paella. Esta jornada festiva tiene un gran éxito, después de la comida el festero comenta, habla y se exponen proyectos e ideas para las fiestas de agosto. La jornada acaba a altas horas de la noche.</p>
<p>Mayo nos trae el cierre del plazo del cartel anunciador de las fiestas, y también la presentación en el Teatro Wagner de los nuevos cargos festeros. Esta presentación se creó como un compromiso de las comparsas con la Unión, para de esta forma empezar a preparar los años pares la revista “La Serranica” y los impares la revista “Aspis” que son el escaparate de nuestras fiestas.</p>
<p>El viernes de la tercera semana de julio en los años impares tenemos la presentación de la revista de Moros y Cristianos “Aspis”. El número 1 de esta revista,  vio la luz en el año 1981, pero no sería hasta el 1997 en que apareciese el número 2, teniendo ya una continuidad, en la actualidad estamos en el número 10.</p>
<p>Los años pares aparecen nuestras fiestas de Moros y cristianos en la revista bienal “La Serranica”</p>
<p>El último sábado del mes de julio, en la Plaza Mayor se realiza la presentación oficial de los cargos festeros y el pregón de las fiestas de Moros y Cristianos, Acto cuidado y elegante de una gran vistosidad y muy arraigado, pues se viene celebrando desde el año 1979.</p>
<p>Desde el año 2004 las Fiestas de Moros y Cristianos se celebran en fechas fijas y dan comienzo el día 7 de agosto con la entrada de bandas de música a las 19 horas, para finalizar junto al castillo de la Embajada, donde se canta el Himno de las fiestas de Moros y Cristianos, con el acompañamiento de las distintas bandas de música, que son dirigidas por un destacado músico aspense, el alcalde de Aspe simbólicamente entrega el bastón de mando al alcalde de las fiestas de Moros y Cristianos, una vez izada la bandera de la Unión.</p>
<p>También el día 7 a medianoche, tiene lugar el desfile humorístico llamado Retreta, que lleno de colorido y originalidad y con los más disparatados disfraces y las más atrevidas y chispeantes parodias hace las delicias del público que asiste a presenciarlo.</p>
<p>El día 8, estos últimos años, los Cargos Festeros acompañados por miembros de la Unión de Moros y Cristianos, hacen un recorrido por los distintos cuartelillos y káblias, subidos en un tren de los que se utilizan en recorridos turísticos por las ciudades.</p>
<p>A las 20:45 del día 8 tiene lugar la Entrada Mora, donde el Bando Cristiano abre el desfile.</p>
<p>El día 9 nos trae un apretado programa de actos, Desfile Infantil a las 10:30, y a las 11:30 pasacalles por las calles de la localidad para acabar en la Residencia de Ancianos Virgen de las Nieves, que es de lo que se trata, para una vez allí realizar donativos y un desfile para las personas que están acogidas a esta institución.</p>
<p>Ya por la tarde, tiradores con arcabuces por un lado y por el otro Cargos Festeros con sus escuadras parten a las 20 horas, para concentrarse en la Plaza Mayor. Una hora más tarde la Basílica de Ntra. Sra. del Socorro acoge a todos los festeros que honran a su patrona la Virgen de las Nieves con la Eucaristía (Misa Festera). A las 22 horas tiene lugar la Embajada. Una gran puesta en escena con música y efectos especiales, donde los Embajadores Moro y Cristiano parlamentan la rendición del pueblo de Aspe con su castillo.</p>
<p>El día 10 a las 20:45, nos trae la Entrada Cristiana, tan espectacular como la Mora  y al finalizar la entrega de banderas en las puertas del castillo. El fallo de los Premios Miguel Iborra a los mejores cabos y filas y los discursos del Presidente de la Unión y del Alcalde de Aspe clausuran las fiestas.</p>

<p>Carlos Aznar Pavía Cronista Oficial de Fiestas MEMORIA ANUAL DE FIESTAS Y ACTIVIDADES DE LA UNIÓN DE MOROS Y CRISTIANOS VIRGEN DE LAS NIEVES DE ASPE Las Unión de Moros y Cristianos Virgen de las Nieves de Aspe, tiene una apretada agenda a lo largo del año, al igual que las distintas comparsas que también [&hellip;]</p>
