{"id":77,"date":"2013-05-29T12:45:53","date_gmt":"2013-05-29T10:45:53","guid":{"rendered":"http:\/\/noticias.morosycristianosdeaspe.es\/?page_id=77"},"modified":"2017-02-28T11:38:00","modified_gmt":"2017-02-28T10:38:00","slug":"cronicas","status":"publish","type":"page","link":"https:\/\/web.morosycristianosdeaspe.es\/?page_id=77","title":{"rendered":"Cr\u00f3nicas"},"content":{"rendered":"<p>Relaci\u00f3n de cr\u00f3nicas de las fiestas de Moros y Cristianos de Aspe, publicadas por el Cronista Oficial de Fiestas, D. Carlos Aznar Pav\u00eda.<\/p>\n<address><a title=\"FIESTAS Y ACTIVIDADES ANUALES\" href=\"https:\/\/web.morosycristianosdeaspe.es\/?page_id=620\">FIESTAS Y ACTIVIDADES ANUALES<\/a><\/address>\n<address>&nbsp;<\/address>\n<address><a title=\"LA VIRGEN DE LAS NIEVES PATRONA DE LAS FIESTAS DE MOROS Y CRISTIANOS DE ASPE\" href=\"https:\/\/web.morosycristianosdeaspe.es\/?page_id=91\">LA VIRGEN DE LAS NIEVES PATRONA DE LAS FIESTAS DE MOROS Y CRISTIANOS DE ASPE<\/a><\/address>\n<address>&nbsp;<\/address>\n<address><a title=\"ASPE Y SUS FIESTAS DE MOROS Y CRISTIANOS 2012\" href=\"https:\/\/web.morosycristianosdeaspe.es\/?page_id=87\">ASPE Y SUS FIESTAS DE MOROS Y CRISTIANOS 2012<\/a><\/address>\n<address>&nbsp;<\/address>\n<address><a title=\"LAS FIESTAS DE MOROS Y CRISTIANOS DE ASPE DECLARADAS DE INTER\u00c9S TUR\u00cdSTICO PROVINCIAL\" href=\"https:\/\/web.morosycristianosdeaspe.es\/?page_id=79\">LAS FIESTAS DE MOROS Y CRISTIANOS DE ASPE DECLARADAS DE INTER\u00c9S TUR\u00cdSTICO PROVINCIAL<\/a><\/address>\n<address>&nbsp;<\/address>\n<address><a title=\"ASPE Y SUS PRIMERAS FIESTAS TRAS LA DECLARACI\u00d3N DE INTER\u00c9S TUR\u00cdSTICO PROVINCIAL\" href=\"https:\/\/web.morosycristianosdeaspe.es\/?page_id=480\">ASPE Y SUS PRIMERAS FIESTAS TRAS LA DECLARACI\u00d3N DE INTER\u00c9S TUR\u00cdSTICO PROVINCIAL (2013)<\/a><\/address>\n<address>&nbsp;<\/address>\n<address><a title=\"ACTO DE LA CONCORDIA EN ASPE\" href=\"https:\/\/web.morosycristianosdeaspe.es\/?page_id=623\">ACTO DE LA CONCORDIA EN ASPE<\/a><\/address>\n<address>&nbsp;<\/address>\n<address><a title=\"Cr\u00f3nica de Fiestas 2014\" href=\"https:\/\/web.morosycristianosdeaspe.es\/?page_id=1021\">CR\u00d3NICA DE FIESTAS 2014 <\/a><\/address>\n<address>&nbsp;<\/address>\n<address><a href=\"https:\/\/web.morosycristianosdeaspe.es\/?page_id=1288\">CR\u00d3NICA DE FIESTAS 2015<\/a><\/address>\n<address>&nbsp;<\/address>\n<address><a href=\"https:\/\/web.morosycristianosdeaspe.es\/?page_id=1496\">CR\u00d3NICA DE FIESTAS 2016<\/a><\/address>\n<p>&nbsp;<\/p>\n","protected":false},"excerpt":{"rendered":"<p>Relaci\u00f3n de cr\u00f3nicas de las fiestas de Moros y Cristianos de Aspe, publicadas por el Cronista Oficial de Fiestas, D. Carlos Aznar Pav\u00eda. FIESTAS Y ACTIVIDADES ANUALES &nbsp; LA VIRGEN DE LAS NIEVES PATRONA DE LAS FIESTAS DE MOROS Y CRISTIANOS DE ASPE &nbsp; ASPE Y SUS FIESTAS DE MOROS Y CRISTIANOS 2012 &nbsp; LAS [&hellip;]<\/p>\n","protected":false},"author":1,"featured_media":0,"parent":0,"menu_order":20,"comment_status":"closed","ping_status":"open","template":"","meta":{"footnotes":""},"class_list":["post-77","page","type-page","status-publish","hentry"],"_links":{"self":[{"href":"https:\/\/web.morosycristianosdeaspe.es\/index.php?rest_route=\/wp\/v2\/pages\/77","targetHints":{"allow":["GET"]}}],"collection":[{"href":"https:\/\/web.morosycristianosdeaspe.es\/index.php?rest_route=\/wp\/v2\/pages"}],"about":[{"href":"https:\/\/web.morosycristianosdeaspe.es\/index.php?rest_route=\/wp\/v2\/types\/page"}],"author":[{"embeddable":true,"href":"https:\/\/web.morosycristianosdeaspe.es\/index.php?rest_route=\/wp\/v2\/users\/1"}],"replies":[{"embeddable":true,"href":"https:\/\/web.morosycristianosdeaspe.es\/index.php?rest_route=%2Fwp%2Fv2%2Fcomments&post=77"}],"version-history":[{"count":12,"href":"https:\/\/web.morosycristianosdeaspe.es\/index.php?rest_route=\/wp\/v2\/pages\/77\/revisions"}],"predecessor-version":[{"id":1823,"href":"https:\/\/web.morosycristianosdeaspe.es\/index.php?rest_route=\/wp\/v2\/pages\/77\/revisions\/1823"}],"wp:attachment":[{"href":"https:\/\/web.morosycristianosdeaspe.es\/index.php?rest_route=%2Fwp%2Fv2%2Fmedia&parent=77"}],"curies":[{"name":"wp","href":"https:\/\/api.w.org\/{rel}","templated":true}]}}

Crónicas

<p>Relación de crónicas de las fiestas de Moros y Cristianos de Aspe, publicadas por el Cronista Oficial de Fiestas, D. Carlos Aznar Pavía.</p>
<address><a title="FIESTAS Y ACTIVIDADES ANUALES" href="https://web.morosycristianosdeaspe.es/?page_id=620">FIESTAS Y ACTIVIDADES ANUALES</a></address>
<address>&nbsp;</address>
<address><a title="LA VIRGEN DE LAS NIEVES PATRONA DE LAS FIESTAS DE MOROS Y CRISTIANOS DE ASPE" href="https://web.morosycristianosdeaspe.es/?page_id=91">LA VIRGEN DE LAS NIEVES PATRONA DE LAS FIESTAS DE MOROS Y CRISTIANOS DE ASPE</a></address>
<address>&nbsp;</address>
<address><a title="ASPE Y SUS FIESTAS DE MOROS Y CRISTIANOS 2012" href="https://web.morosycristianosdeaspe.es/?page_id=87">ASPE Y SUS FIESTAS DE MOROS Y CRISTIANOS 2012</a></address>
<address>&nbsp;</address>
<address><a title="LAS FIESTAS DE MOROS Y CRISTIANOS DE ASPE DECLARADAS DE INTERÉS TURÍSTICO PROVINCIAL" href="https://web.morosycristianosdeaspe.es/?page_id=79">LAS FIESTAS DE MOROS Y CRISTIANOS DE ASPE DECLARADAS DE INTERÉS TURÍSTICO PROVINCIAL</a></address>
<address>&nbsp;</address>
<address><a title="ASPE Y SUS PRIMERAS FIESTAS TRAS LA DECLARACIÓN DE INTERÉS TURÍSTICO PROVINCIAL" href="https://web.morosycristianosdeaspe.es/?page_id=480">ASPE Y SUS PRIMERAS FIESTAS TRAS LA DECLARACIÓN DE INTERÉS TURÍSTICO PROVINCIAL (2013)</a></address>
<address>&nbsp;</address>
<address><a title="ACTO DE LA CONCORDIA EN ASPE" href="https://web.morosycristianosdeaspe.es/?page_id=623">ACTO DE LA CONCORDIA EN ASPE</a></address>
<address>&nbsp;</address>
<address><a title="Crónica de Fiestas 2014" href="https://web.morosycristianosdeaspe.es/?page_id=1021">CRÓNICA DE FIESTAS 2014 </a></address>
<address>&nbsp;</address>
<address><a href="https://web.morosycristianosdeaspe.es/?page_id=1288">CRÓNICA DE FIESTAS 2015</a></address>
<address>&nbsp;</address>
<address><a href="https://web.morosycristianosdeaspe.es/?page_id=1496">CRÓNICA DE FIESTAS 2016</a></address>
<p>&nbsp;</p>

<p>Relación de crónicas de las fiestas de Moros y Cristianos de Aspe, publicadas por el Cronista Oficial de Fiestas, D. Carlos Aznar Pavía. FIESTAS Y ACTIVIDADES ANUALES &nbsp; LA VIRGEN DE LAS NIEVES PATRONA DE LAS FIESTAS DE MOROS Y CRISTIANOS DE ASPE &nbsp; ASPE Y SUS FIESTAS DE MOROS Y CRISTIANOS 2012 &nbsp; LAS [&hellip;]</p>
