{"id":79,"date":"2013-05-29T12:47:53","date_gmt":"2013-05-29T10:47:53","guid":{"rendered":"http:\/\/noticias.morosycristianosdeaspe.es\/?page_id=79"},"modified":"2013-06-18T16:48:10","modified_gmt":"2013-06-18T14:48:10","slug":"las-fiestas-de-moros-y-cristianos-de-aspe-declaradas-de-interes-turistico-provincial","status":"publish","type":"page","link":"https:\/\/web.morosycristianosdeaspe.es\/?page_id=79","title":{"rendered":"LAS FIESTAS DE MOROS Y CRISTIANOS DE ASPE DECLARADAS DE INTER\u00c9S TUR\u00cdSTICO PROVINCIAL"},"content":{"rendered":"<p align=\"right\"><em><span style=\"color: #880000;\">Carlos Aznar Pav\u00eda<br \/>\nCronista Oficial de Fiestas<\/span><\/em><\/p>\n<p>El 27 del pasado mes de enero, Aspe celebraba con un gran acto, para darle a conocer a todos los festeros y al pueblo en general que sus Fiestas de Moros y Cristianos hab\u00edan sido declaradas de Inter\u00e9s Tur\u00edstico Provincial. Hab\u00eda culminado un trabajo que unos pocos llevamos a feliz t\u00e9rmino. Este acto tuvo lugar en el bonito marco de nuestro Teatro Wagner y en estas l\u00edneas voy a tratar de hacer un resumen de lo que all\u00ed se dijo y se mostr\u00f3 por medio de una gran pantalla, im\u00e1genes que acompa\u00f1aron las distintas intervenciones, todas ellas de un gran inter\u00e9s. Estas fueron la de <b>Manuel D\u00edez<\/b>, Alcalde de Aspe,<b> Sebasti\u00e1n Fern\u00e1ndez<\/b>, Director General de Turismo de la Comunitat Valenciana, <b>Francisco Vives<\/b>, Presidente de la Uni\u00f3n de Moros y Cristianos Virgen de las Nieves, <b>Antonio Puerto Garc\u00eda<\/b>, Concejal de Turismo, <b>Mar\u00eda Dolores Vald\u00e9s Sanju\u00e1n<\/b>, T\u00e9cnico de Turismo y <b>Abel Ca\u00f1izares<\/b>, T\u00e9cnico estad\u00edstico.<\/p>\n<p><b>Alba<\/b>, una joven y guapa festera condujo el acto con desenvoltura y simpat\u00eda, y estas fueron algunas de sus palabras a modo de introducci\u00f3n:<\/p>\n<p><i>\u201cBien es sabido por todos, que Aspe es un pueblo de gran riqueza en muchos aspectos\u2026Rica en patrimonio hist\u00f3rico, en patrimonio natural, en una suculenta gastronom\u00eda y con un gran patrimonio cultural, del cual forman parte las diversas tradiciones de nuestro pueblo, que se ven materializadas muchas de ellas en nuestras distintas fiestas. Y es la fiesta, nuestra Fiesta de Moros y Cristianos, la que nos ha tra\u00eddo aqu\u00ed esta ma\u00f1ana para celebrar que no solo son diversi\u00f3n, si no que los Moros y Cristianos de Aspe son capaces de contribuir en algo m\u00e1s, capaces de suponer un beneficio y reconocimiento a nuestro pueblo, y por esta raz\u00f3n que merec\u00edan estar incluidas dentro de las fiestas declarada por el Consell como de Inter\u00e9s Tur\u00edstico Provincial.<br \/>\n<\/i><\/p>\n<p><i>\u00bfY cu\u00e1les son los motivos que nos han llevado a solicitar esta declaraci\u00f3n? Pues son muchos y variados\u2026 y entre ellos por ejemplo es que hemos alcanzado ya un n\u00famero importante de festeros que participan en las distintas comparsas que forman nuestra fiesta, y cada vez son m\u00e1s las personas que se acercan desde otras poblaciones para vernos desfilar. La repercusi\u00f3n social, la que m\u00e1s nos gusta, fomentamos la convivencia y colaboramos como elemento de entretenimiento\u2026\u201d<\/i><\/p>\n<p>De todas las intervenciones destacar la de Mar\u00eda Dolores Vald\u00e9s, porque de una forma clara y amena nos habl\u00f3 de todo el proceso que se ha llevado a cabo, desde la Agencia de Empleo y Desarrollo Local del Ayuntamiento de Aspe, desde donde se gestion\u00f3 todo el proceso y tramitaci\u00f3n, as\u00ed nos lo explic\u00f3:<\/p>\n<p><i>\u201cCon fecha 6 de agosto de 2012, la Uni\u00f3n de Moros y Cristianos Virgen de las Nieves de Aspe registr\u00f3 en la Conselleria de Turismo, Cultura y Deporte de Alicante, la solicitud para que las Fiestas de Moros y Cristianos de Aspe fuera declaradas de Inter\u00e9s Tur\u00edstico Provincial de la Comunidad Valenciana. Al impreso de solicitud se acompa\u00f1aba una relaci\u00f3n de documentaci\u00f3n para que los t\u00e9cnicos encargados de dicha concesi\u00f3n llegaran a la conclusi\u00f3n de que estas fiestas merec\u00edan tal distinci\u00f3n. Era el resumen de varios meses de trabajo que realizamos desde la Agencia de Empleo y Desarrollo Local en colaboraci\u00f3n casi diaria con el Cronista Oficial de Fiestas Carlos Aznar Pav\u00eda\u201d.\u00a0<\/i><\/p>\n<p>Una exposici\u00f3n muy minuciosa de toda la documentaci\u00f3n aportada, al mismo tiempo que todo lo que nos iba relatando aparec\u00eda en pantalla, origen evoluci\u00f3n y descripci\u00f3n, contenido cultural, inicio de las fiestas, sedes festera, cr\u00f3nica de actos festeros, originalidad y tradici\u00f3n popular de las fiestas, toponimia y personajes hist\u00f3ricos, embajada, incluidos sus textos as\u00ed como un amplio dosier fotogr\u00e1fico de su puesta en escena, colaboraciones de historiadores locales, las revistas divulgativas de nuestras fiestas desde que se fundaron en el a\u00f1o 1978, la Historia de la M\u00fasica a trav\u00e9s de estos 34 de fiesta, etc\u00e9tera, hasta llegar al Equipamiento Tur\u00edstico y al documento de resoluci\u00f3n.<\/p>\n<p>Un <a href=\"http:\/\/www.morosycristianosdeaspe.es\/documentos\/turismo\/AspeTurismo.html\" target=\"_blank\">informe descriptivo<\/a> de los recursos patrimoniales, culturales, festivos, deportivos, gastron\u00f3micos\u2026 de Aspe, que qued\u00f3 acreditado con las im\u00e1genes que se proyectaron al inicio del acto.<\/p>\n<p>\u201cResoluci\u00f3n de la Conselleria de Turismo, Cultura y Deporte, de 7 de noviembre de2012, por la que se otorga la declaraci\u00f3n de fiestas de Inter\u00e9s Tur\u00edstico provincial de la Comunidat Valenciana a los Moros y Cristianos de Aspe.<\/p>\n<p>Esta resoluci\u00f3n fue publicada en el Diario Oficial de la Comunidat Valenciana N\u00ba 6910 el 26 de noviembre de 2012.<\/p>\n<ul>\n<li>Primero: <i>\u201cOtorgar el t\u00edtulo honor\u00edfico de Fiestas de Inter\u00e9s Tur\u00edstico Provincial de la Comunidat Valenciana a las celebraciones constitutivas de los Moros y Cristianos de Aspe (Alicante)\u201d.<\/i><\/li>\n<li>Segundo: <i>\u201cCon fecha de la presente resoluci\u00f3n, inscribir la declaraci\u00f3n concedida en el Registro Especial de Fiestas, Itinerarios, Publicaciones y Obras Audiovisuales de Inter\u00e9s Tur\u00edstico de la Comunidat Valenciana, Secci\u00f3n Primera: Fiestas de Inter\u00e9s Tur\u00edstico\u201d.<\/i><\/li>\n<\/ul>\n<p><b>Abel Ca\u00f1izares<\/b>, al que se le debe una exhaustiva encuesta que sirvi\u00f3 de espoleta para emprender el proyecto que culmin\u00f3 el pasado 7 de noviembre, nos lo explic\u00f3 habl\u00e1ndonos de todos los elementos de una encuesta de estas caracter\u00edsticas:<\/p>\n<p><i>\u201cEl informe enmarcado como parte del proyecto de declaraci\u00f3n de inter\u00e9s tur\u00edstico lanzado en 2009 por la Uni\u00f3n de Moros y Cristianos Virgen de las Nieves de Aspe, trata de constatar el verdadero inter\u00e9s que estas fiestas despiertan entre los asistentes a las mismas. El informe describe el procedimiento llevado a cabo para la obtenci\u00f3n de la informaci\u00f3n as\u00ed como los resultados y conclusiones derivados del an\u00e1lisis de la informaci\u00f3n obtenida\u201d.<\/i><\/p>\n<p><i><\/i>Las intervenciones del Alcalde de Aspe y la del Director General de Turismo, pusieron un bonito broche a este acto, del que festeros y p\u00fablico salieron sabiendo que todo se consigue con ilusi\u00f3n y trabajo.<\/p>\n","protected":false},"excerpt":{"rendered":"<p>Carlos Aznar Pav\u00eda Cronista Oficial de Fiestas El 27 del pasado mes de enero, Aspe celebraba con un gran acto, para darle a conocer a todos los festeros y al pueblo en general que sus Fiestas de Moros y Cristianos hab\u00edan sido declaradas de Inter\u00e9s Tur\u00edstico Provincial. Hab\u00eda culminado un trabajo que unos pocos llevamos [&hellip;]<\/p>\n","protected":false},"author":1,"featured_media":0,"parent":77,"menu_order":23,"comment_status":"closed","ping_status":"open","template":"onecolumn-page.php","meta":{"footnotes":""},"class_list":["post-79","page","type-page","status-publish","hentry"],"_links":{"self":[{"href":"https:\/\/web.morosycristianosdeaspe.es\/index.php?rest_route=\/wp\/v2\/pages\/79","targetHints":{"allow":["GET"]}}],"collection":[{"href":"https:\/\/web.morosycristianosdeaspe.es\/index.php?rest_route=\/wp\/v2\/pages"}],"about":[{"href":"https:\/\/web.morosycristianosdeaspe.es\/index.php?rest_route=\/wp\/v2\/types\/page"}],"author":[{"embeddable":true,"href":"https:\/\/web.morosycristianosdeaspe.es\/index.php?rest_route=\/wp\/v2\/users\/1"}],"replies":[{"embeddable":true,"href":"https:\/\/web.morosycristianosdeaspe.es\/index.php?rest_route=%2Fwp%2Fv2%2Fcomments&post=79"}],"version-history":[{"count":2,"href":"https:\/\/web.morosycristianosdeaspe.es\/index.php?rest_route=\/wp\/v2\/pages\/79\/revisions"}],"predecessor-version":[{"id":296,"href":"https:\/\/web.morosycristianosdeaspe.es\/index.php?rest_route=\/wp\/v2\/pages\/79\/revisions\/296"}],"up":[{"embeddable":true,"href":"https:\/\/web.morosycristianosdeaspe.es\/index.php?rest_route=\/wp\/v2\/pages\/77"}],"wp:attachment":[{"href":"https:\/\/web.morosycristianosdeaspe.es\/index.php?rest_route=%2Fwp%2Fv2%2Fmedia&parent=79"}],"curies":[{"name":"wp","href":"https:\/\/api.w.org\/{rel}","templated":true}]}}

LAS FIESTAS DE MOROS Y CRISTIANOS DE ASPE DECLARADAS DE INTERÉS TURÍSTICO PROVINCIAL

<p align="right"><em><span style="color: #880000;">Carlos Aznar Pavía<br />
Cronista Oficial de Fiestas</span></em></p>
<p>El 27 del pasado mes de enero, Aspe celebraba con un gran acto, para darle a conocer a todos los festeros y al pueblo en general que sus Fiestas de Moros y Cristianos habían sido declaradas de Interés Turístico Provincial. Había culminado un trabajo que unos pocos llevamos a feliz término. Este acto tuvo lugar en el bonito marco de nuestro Teatro Wagner y en estas líneas voy a tratar de hacer un resumen de lo que allí se dijo y se mostró por medio de una gran pantalla, imágenes que acompañaron las distintas intervenciones, todas ellas de un gran interés. Estas fueron la de <b>Manuel Díez</b>, Alcalde de Aspe,<b> Sebastián Fernández</b>, Director General de Turismo de la Comunitat Valenciana, <b>Francisco Vives</b>, Presidente de la Unión de Moros y Cristianos Virgen de las Nieves, <b>Antonio Puerto García</b>, Concejal de Turismo, <b>María Dolores Valdés Sanjuán</b>, Técnico de Turismo y <b>Abel Cañizares</b>, Técnico estadístico.</p>
<p><b>Alba</b>, una joven y guapa festera condujo el acto con desenvoltura y simpatía, y estas fueron algunas de sus palabras a modo de introducción:</p>
<p><i>“Bien es sabido por todos, que Aspe es un pueblo de gran riqueza en muchos aspectos…Rica en patrimonio histórico, en patrimonio natural, en una suculenta gastronomía y con un gran patrimonio cultural, del cual forman parte las diversas tradiciones de nuestro pueblo, que se ven materializadas muchas de ellas en nuestras distintas fiestas. Y es la fiesta, nuestra Fiesta de Moros y Cristianos, la que nos ha traído aquí esta mañana para celebrar que no solo son diversión, si no que los Moros y Cristianos de Aspe son capaces de contribuir en algo más, capaces de suponer un beneficio y reconocimiento a nuestro pueblo, y por esta razón que merecían estar incluidas dentro de las fiestas declarada por el Consell como de Interés Turístico Provincial.<br />
</i></p>
<p><i>¿Y cuáles son los motivos que nos han llevado a solicitar esta declaración? Pues son muchos y variados… y entre ellos por ejemplo es que hemos alcanzado ya un número importante de festeros que participan en las distintas comparsas que forman nuestra fiesta, y cada vez son más las personas que se acercan desde otras poblaciones para vernos desfilar. La repercusión social, la que más nos gusta, fomentamos la convivencia y colaboramos como elemento de entretenimiento…”</i></p>
<p>De todas las intervenciones destacar la de María Dolores Valdés, porque de una forma clara y amena nos habló de todo el proceso que se ha llevado a cabo, desde la Agencia de Empleo y Desarrollo Local del Ayuntamiento de Aspe, desde donde se gestionó todo el proceso y tramitación, así nos lo explicó:</p>
<p><i>“Con fecha 6 de agosto de 2012, la Unión de Moros y Cristianos Virgen de las Nieves de Aspe registró en la Conselleria de Turismo, Cultura y Deporte de Alicante, la solicitud para que las Fiestas de Moros y Cristianos de Aspe fuera declaradas de Interés Turístico Provincial de la Comunidad Valenciana. Al impreso de solicitud se acompañaba una relación de documentación para que los técnicos encargados de dicha concesión llegaran a la conclusión de que estas fiestas merecían tal distinción. Era el resumen de varios meses de trabajo que realizamos desde la Agencia de Empleo y Desarrollo Local en colaboración casi diaria con el Cronista Oficial de Fiestas Carlos Aznar Pavía”. </i></p>
<p>Una exposición muy minuciosa de toda la documentación aportada, al mismo tiempo que todo lo que nos iba relatando aparecía en pantalla, origen evolución y descripción, contenido cultural, inicio de las fiestas, sedes festera, crónica de actos festeros, originalidad y tradición popular de las fiestas, toponimia y personajes históricos, embajada, incluidos sus textos así como un amplio dosier fotográfico de su puesta en escena, colaboraciones de historiadores locales, las revistas divulgativas de nuestras fiestas desde que se fundaron en el año 1978, la Historia de la Música a través de estos 34 de fiesta, etcétera, hasta llegar al Equipamiento Turístico y al documento de resolución.</p>
<p>Un <a href="http://www.morosycristianosdeaspe.es/documentos/turismo/AspeTurismo.html" target="_blank">informe descriptivo</a> de los recursos patrimoniales, culturales, festivos, deportivos, gastronómicos… de Aspe, que quedó acreditado con las imágenes que se proyectaron al inicio del acto.</p>
<p>“Resolución de la Conselleria de Turismo, Cultura y Deporte, de 7 de noviembre de2012, por la que se otorga la declaración de fiestas de Interés Turístico provincial de la Comunidat Valenciana a los Moros y Cristianos de Aspe.</p>
<p>Esta resolución fue publicada en el Diario Oficial de la Comunidat Valenciana Nº 6910 el 26 de noviembre de 2012.</p>
<ul>
<li>Primero: <i>“Otorgar el título honorífico de Fiestas de Interés Turístico Provincial de la Comunidat Valenciana a las celebraciones constitutivas de los Moros y Cristianos de Aspe (Alicante)”.</i></li>
<li>Segundo: <i>“Con fecha de la presente resolución, inscribir la declaración concedida en el Registro Especial de Fiestas, Itinerarios, Publicaciones y Obras Audiovisuales de Interés Turístico de la Comunidat Valenciana, Sección Primera: Fiestas de Interés Turístico”.</i></li>
</ul>
<p><b>Abel Cañizares</b>, al que se le debe una exhaustiva encuesta que sirvió de espoleta para emprender el proyecto que culminó el pasado 7 de noviembre, nos lo explicó hablándonos de todos los elementos de una encuesta de estas características:</p>
<p><i>“El informe enmarcado como parte del proyecto de declaración de interés turístico lanzado en 2009 por la Unión de Moros y Cristianos Virgen de las Nieves de Aspe, trata de constatar el verdadero interés que estas fiestas despiertan entre los asistentes a las mismas. El informe describe el procedimiento llevado a cabo para la obtención de la información así como los resultados y conclusiones derivados del análisis de la información obtenida”.</i></p>
<p><i></i>Las intervenciones del Alcalde de Aspe y la del Director General de Turismo, pusieron un bonito broche a este acto, del que festeros y público salieron sabiendo que todo se consigue con ilusión y trabajo.</p>

<p>Carlos Aznar Pavía Cronista Oficial de Fiestas El 27 del pasado mes de enero, Aspe celebraba con un gran acto, para darle a conocer a todos los festeros y al pueblo en general que sus Fiestas de Moros y Cristianos habían sido declaradas de Interés Turístico Provincial. Había culminado un trabajo que unos pocos llevamos [&hellip;]</p>
