{"id":809,"date":"2014-05-25T10:30:15","date_gmt":"2014-05-25T09:30:15","guid":{"rendered":"http:\/\/web.morosycristianosdeaspe.es\/?page_id=809"},"modified":"2014-05-25T10:33:19","modified_gmt":"2014-05-25T09:33:19","slug":"cargos-festeros-bando-moro","status":"publish","type":"page","link":"https:\/\/web.morosycristianosdeaspe.es\/?page_id=809","title":{"rendered":"Cargos Festeros Bando Moro"},"content":{"rendered":"<figure id=\"attachment_159\" aria-describedby=\"caption-attachment-159\" style=\"width: 64px\" class=\"wp-caption aligncenter\"><img loading=\"lazy\" decoding=\"async\" class=\"size-full wp-image-159\" src=\"https:\/\/web.morosycristianosdeaspe.es\/wp-content\/uploads\/2013\/05\/Alcana_w.png\" alt=\"Moros Alcan\u00e1\" width=\"64\" height=\"100\" \/><figcaption id=\"caption-attachment-159\" class=\"wp-caption-text\">Moros Alcan\u00e1<\/figcaption><\/figure>\n<figure id=\"attachment_810\" aria-describedby=\"caption-attachment-810\" style=\"width: 600px\" class=\"wp-caption aligncenter\"><img loading=\"lazy\" decoding=\"async\" class=\"size-full wp-image-810\" src=\"https:\/\/web.morosycristianosdeaspe.es\/wp-content\/uploads\/2014\/05\/Alcana.jpg\" alt=\"Abanderada: Neus D\u00edez L\u00f3pez\" width=\"600\" height=\"400\" srcset=\"https:\/\/web.morosycristianosdeaspe.es\/wp-content\/uploads\/2014\/05\/Alcana.jpg 600w, https:\/\/web.morosycristianosdeaspe.es\/wp-content\/uploads\/2014\/05\/Alcana-300x200.jpg 300w\" sizes=\"auto, (max-width: 600px) 100vw, 600px\" \/><figcaption id=\"caption-attachment-810\" class=\"wp-caption-text\">Abanderada: Neus D\u00edez L\u00f3pez<\/figcaption><\/figure>\n<figure id=\"attachment_161\" aria-describedby=\"caption-attachment-161\" style=\"width: 99px\" class=\"wp-caption aligncenter\"><img loading=\"lazy\" decoding=\"async\" class=\"size-full wp-image-161\" src=\"https:\/\/web.morosycristianosdeaspe.es\/wp-content\/uploads\/2013\/05\/Fauquies_w.png\" alt=\"Moros Fauqu\u00edes\" width=\"99\" height=\"100\" \/><figcaption id=\"caption-attachment-161\" class=\"wp-caption-text\">Moros Fauqu\u00edes<\/figcaption><\/figure>\n<figure id=\"attachment_811\" aria-describedby=\"caption-attachment-811\" style=\"width: 600px\" class=\"wp-caption aligncenter\"><img loading=\"lazy\" decoding=\"async\" class=\"size-full wp-image-811\" src=\"https:\/\/web.morosycristianosdeaspe.es\/wp-content\/uploads\/2014\/05\/Fauquies-infantil.jpg\" alt=\"Capit\u00e1n Infantil: Pablo L\u00f3pez Puerto\" width=\"600\" height=\"450\" srcset=\"https:\/\/web.morosycristianosdeaspe.es\/wp-content\/uploads\/2014\/05\/Fauquies-infantil.jpg 600w, https:\/\/web.morosycristianosdeaspe.es\/wp-content\/uploads\/2014\/05\/Fauquies-infantil-300x225.jpg 300w\" sizes=\"auto, (max-width: 600px) 100vw, 600px\" \/><figcaption id=\"caption-attachment-811\" class=\"wp-caption-text\">Capit\u00e1n Infantil: Pablo L\u00f3pez Puerto<\/figcaption><\/figure>\n<figure id=\"attachment_812\" aria-describedby=\"caption-attachment-812\" style=\"width: 600px\" class=\"wp-caption aligncenter\"><img loading=\"lazy\" decoding=\"async\" class=\"wp-image-812 size-full\" src=\"https:\/\/web.morosycristianosdeaspe.es\/wp-content\/uploads\/2014\/05\/Fauquies-adulto.jpg\" alt=\"Abanderada: Evelyn Alarc\u00f3n Igual\" width=\"600\" height=\"450\" srcset=\"https:\/\/web.morosycristianosdeaspe.es\/wp-content\/uploads\/2014\/05\/Fauquies-adulto.jpg 600w, https:\/\/web.morosycristianosdeaspe.es\/wp-content\/uploads\/2014\/05\/Fauquies-adulto-300x225.jpg 300w\" sizes=\"auto, (max-width: 600px) 100vw, 600px\" \/><figcaption id=\"caption-attachment-812\" class=\"wp-caption-text\">Abanderada: Evelyn Alarc\u00f3n Igual<\/figcaption><\/figure>\n<figure id=\"attachment_162\" aria-describedby=\"caption-attachment-162\" style=\"width: 89px\" class=\"wp-caption aligncenter\"><img loading=\"lazy\" decoding=\"async\" class=\"size-full wp-image-162\" src=\"https:\/\/web.morosycristianosdeaspe.es\/wp-content\/uploads\/2013\/05\/Sulayman_w.png\" alt=\"Moros Sulaym\u00e1n\" width=\"89\" height=\"100\" \/><figcaption id=\"caption-attachment-162\" class=\"wp-caption-text\">Moros Sulaym\u00e1n<\/figcaption><\/figure>\n<figure id=\"attachment_813\" aria-describedby=\"caption-attachment-813\" style=\"width: 600px\" class=\"wp-caption aligncenter\"><img loading=\"lazy\" decoding=\"async\" class=\"size-full wp-image-813\" src=\"https:\/\/web.morosycristianosdeaspe.es\/wp-content\/uploads\/2014\/05\/sulayman.jpg\" alt=\"Capit\u00e1n: Jose Domingo Mateo Botella Abanderada: Lidia Riquelme Villa\" width=\"600\" height=\"450\" srcset=\"https:\/\/web.morosycristianosdeaspe.es\/wp-content\/uploads\/2014\/05\/sulayman.jpg 600w, https:\/\/web.morosycristianosdeaspe.es\/wp-content\/uploads\/2014\/05\/sulayman-300x225.jpg 300w\" sizes=\"auto, (max-width: 600px) 100vw, 600px\" \/><figcaption id=\"caption-attachment-813\" class=\"wp-caption-text\">Capit\u00e1n: Jose Domingo Mateo Botella<br \/>Abanderada: Lidia Riquelme Villa<\/figcaption><\/figure>\n<figure id=\"attachment_160\" aria-describedby=\"caption-attachment-160\" style=\"width: 105px\" class=\"wp-caption aligncenter\"><a href=\"https:\/\/web.morosycristianosdeaspe.es\/wp-content\/uploads\/2013\/05\/Aljau_w.png\"><img loading=\"lazy\" decoding=\"async\" class=\"size-full wp-image-160\" src=\"https:\/\/web.morosycristianosdeaspe.es\/wp-content\/uploads\/2013\/05\/Aljau_w.png\" alt=\"Moros Aljau\" width=\"105\" height=\"100\" \/><\/a><figcaption id=\"caption-attachment-160\" class=\"wp-caption-text\">Moros Aljau<\/figcaption><\/figure>\n<figure id=\"attachment_814\" aria-describedby=\"caption-attachment-814\" style=\"width: 600px\" class=\"wp-caption aligncenter\"><img loading=\"lazy\" decoding=\"async\" class=\"size-full wp-image-814\" src=\"https:\/\/web.morosycristianosdeaspe.es\/wp-content\/uploads\/2014\/05\/Aljau-infantiles.jpg\" alt=\"Capit\u00e1n Infantil: Adri\u00e1n Morote Corral Abanderada Infantil: Leticia S\u00e1nchez Coca\" width=\"600\" height=\"450\" srcset=\"https:\/\/web.morosycristianosdeaspe.es\/wp-content\/uploads\/2014\/05\/Aljau-infantiles.jpg 600w, https:\/\/web.morosycristianosdeaspe.es\/wp-content\/uploads\/2014\/05\/Aljau-infantiles-300x225.jpg 300w\" sizes=\"auto, (max-width: 600px) 100vw, 600px\" \/><figcaption id=\"caption-attachment-814\" class=\"wp-caption-text\">Capit\u00e1n Infantil: Adri\u00e1n Morote Corral<br \/>Abanderada Infantil: Leticia S\u00e1nchez Coca<\/figcaption><\/figure>\n<figure id=\"attachment_815\" aria-describedby=\"caption-attachment-815\" style=\"width: 600px\" class=\"wp-caption aligncenter\"><img loading=\"lazy\" decoding=\"async\" class=\"size-full wp-image-815\" src=\"https:\/\/web.morosycristianosdeaspe.es\/wp-content\/uploads\/2014\/05\/Aljau-Adultos.jpg\" alt=\"Capit\u00e1n: Antonio Francisco S\u00e1nchez Fern\u00e1ndez Abanderada: Susana Corral D\u00edaz\" width=\"600\" height=\"450\" srcset=\"https:\/\/web.morosycristianosdeaspe.es\/wp-content\/uploads\/2014\/05\/Aljau-Adultos.jpg 600w, https:\/\/web.morosycristianosdeaspe.es\/wp-content\/uploads\/2014\/05\/Aljau-Adultos-300x225.jpg 300w\" sizes=\"auto, (max-width: 600px) 100vw, 600px\" \/><figcaption id=\"caption-attachment-815\" class=\"wp-caption-text\">Capit\u00e1n: Antonio Francisco S\u00e1nchez Fern\u00e1ndez<br \/>Abanderada: Susana Corral D\u00edaz<\/figcaption><\/figure>\n","protected":false},"excerpt":{"rendered":"","protected":false},"author":1,"featured_media":0,"parent":820,"menu_order":2,"comment_status":"closed","ping_status":"closed","template":"onecolumn-page.php","meta":{"footnotes":""},"class_list":["post-809","page","type-page","status-publish","hentry"],"_links":{"self":[{"href":"https:\/\/web.morosycristianosdeaspe.es\/index.php?rest_route=\/wp\/v2\/pages\/809","targetHints":{"allow":["GET"]}}],"collection":[{"href":"https:\/\/web.morosycristianosdeaspe.es\/index.php?rest_route=\/wp\/v2\/pages"}],"about":[{"href":"https:\/\/web.morosycristianosdeaspe.es\/index.php?rest_route=\/wp\/v2\/types\/page"}],"author":[{"embeddable":true,"href":"https:\/\/web.morosycristianosdeaspe.es\/index.php?rest_route=\/wp\/v2\/users\/1"}],"replies":[{"embeddable":true,"href":"https:\/\/web.morosycristianosdeaspe.es\/index.php?rest_route=%2Fwp%2Fv2%2Fcomments&post=809"}],"version-history":[{"count":2,"href":"https:\/\/web.morosycristianosdeaspe.es\/index.php?rest_route=\/wp\/v2\/pages\/809\/revisions"}],"predecessor-version":[{"id":822,"href":"https:\/\/web.morosycristianosdeaspe.es\/index.php?rest_route=\/wp\/v2\/pages\/809\/revisions\/822"}],"up":[{"embeddable":true,"href":"https:\/\/web.morosycristianosdeaspe.es\/index.php?rest_route=\/wp\/v2\/pages\/820"}],"wp:attachment":[{"href":"https:\/\/web.morosycristianosdeaspe.es\/index.php?rest_route=%2Fwp%2Fv2%2Fmedia&parent=809"}],"curies":[{"name":"wp","href":"https:\/\/api.w.org\/{rel}","templated":true}]}}

<figure id="attachment_159" aria-describedby="caption-attachment-159" style="width: 64px" class="wp-caption aligncenter"><img loading="lazy" decoding="async" class="size-full wp-image-159" src="https://web.morosycristianosdeaspe.es/wp-content/uploads/2013/05/Alcana_w.png" alt="Moros Alcaná" width="64" height="100" /><figcaption id="caption-attachment-159" class="wp-caption-text">Moros Alcaná</figcaption></figure>
<figure id="attachment_810" aria-describedby="caption-attachment-810" style="width: 600px" class="wp-caption aligncenter"><img loading="lazy" decoding="async" class="size-full wp-image-810" src="https://web.morosycristianosdeaspe.es/wp-content/uploads/2014/05/Alcana.jpg" alt="Abanderada: Neus Díez López" width="600" height="400" srcset="https://web.morosycristianosdeaspe.es/wp-content/uploads/2014/05/Alcana.jpg 600w, https://web.morosycristianosdeaspe.es/wp-content/uploads/2014/05/Alcana-300x200.jpg 300w" sizes="auto, (max-width: 600px) 100vw, 600px" /><figcaption id="caption-attachment-810" class="wp-caption-text">Abanderada: Neus Díez López</figcaption></figure>
<figure id="attachment_161" aria-describedby="caption-attachment-161" style="width: 99px" class="wp-caption aligncenter"><img loading="lazy" decoding="async" class="size-full wp-image-161" src="https://web.morosycristianosdeaspe.es/wp-content/uploads/2013/05/Fauquies_w.png" alt="Moros Fauquíes" width="99" height="100" /><figcaption id="caption-attachment-161" class="wp-caption-text">Moros Fauquíes</figcaption></figure>
<figure id="attachment_811" aria-describedby="caption-attachment-811" style="width: 600px" class="wp-caption aligncenter"><img loading="lazy" decoding="async" class="size-full wp-image-811" src="https://web.morosycristianosdeaspe.es/wp-content/uploads/2014/05/Fauquies-infantil.jpg" alt="Capitán Infantil: Pablo López Puerto" width="600" height="450" srcset="https://web.morosycristianosdeaspe.es/wp-content/uploads/2014/05/Fauquies-infantil.jpg 600w, https://web.morosycristianosdeaspe.es/wp-content/uploads/2014/05/Fauquies-infantil-300x225.jpg 300w" sizes="auto, (max-width: 600px) 100vw, 600px" /><figcaption id="caption-attachment-811" class="wp-caption-text">Capitán Infantil: Pablo López Puerto</figcaption></figure>
<figure id="attachment_812" aria-describedby="caption-attachment-812" style="width: 600px" class="wp-caption aligncenter"><img loading="lazy" decoding="async" class="wp-image-812 size-full" src="https://web.morosycristianosdeaspe.es/wp-content/uploads/2014/05/Fauquies-adulto.jpg" alt="Abanderada: Evelyn Alarcón Igual" width="600" height="450" srcset="https://web.morosycristianosdeaspe.es/wp-content/uploads/2014/05/Fauquies-adulto.jpg 600w, https://web.morosycristianosdeaspe.es/wp-content/uploads/2014/05/Fauquies-adulto-300x225.jpg 300w" sizes="auto, (max-width: 600px) 100vw, 600px" /><figcaption id="caption-attachment-812" class="wp-caption-text">Abanderada: Evelyn Alarcón Igual</figcaption></figure>
<figure id="attachment_162" aria-describedby="caption-attachment-162" style="width: 89px" class="wp-caption aligncenter"><img loading="lazy" decoding="async" class="size-full wp-image-162" src="https://web.morosycristianosdeaspe.es/wp-content/uploads/2013/05/Sulayman_w.png" alt="Moros Sulaymán" width="89" height="100" /><figcaption id="caption-attachment-162" class="wp-caption-text">Moros Sulaymán</figcaption></figure>
<figure id="attachment_813" aria-describedby="caption-attachment-813" style="width: 600px" class="wp-caption aligncenter"><img loading="lazy" decoding="async" class="size-full wp-image-813" src="https://web.morosycristianosdeaspe.es/wp-content/uploads/2014/05/sulayman.jpg" alt="Capitán: Jose Domingo Mateo Botella Abanderada: Lidia Riquelme Villa" width="600" height="450" srcset="https://web.morosycristianosdeaspe.es/wp-content/uploads/2014/05/sulayman.jpg 600w, https://web.morosycristianosdeaspe.es/wp-content/uploads/2014/05/sulayman-300x225.jpg 300w" sizes="auto, (max-width: 600px) 100vw, 600px" /><figcaption id="caption-attachment-813" class="wp-caption-text">Capitán: Jose Domingo Mateo Botella<br />Abanderada: Lidia Riquelme Villa</figcaption></figure>
<figure id="attachment_160" aria-describedby="caption-attachment-160" style="width: 105px" class="wp-caption aligncenter"><a href="https://web.morosycristianosdeaspe.es/wp-content/uploads/2013/05/Aljau_w.png"><img loading="lazy" decoding="async" class="size-full wp-image-160" src="https://web.morosycristianosdeaspe.es/wp-content/uploads/2013/05/Aljau_w.png" alt="Moros Aljau" width="105" height="100" /></a><figcaption id="caption-attachment-160" class="wp-caption-text">Moros Aljau</figcaption></figure>
<figure id="attachment_814" aria-describedby="caption-attachment-814" style="width: 600px" class="wp-caption aligncenter"><img loading="lazy" decoding="async" class="size-full wp-image-814" src="https://web.morosycristianosdeaspe.es/wp-content/uploads/2014/05/Aljau-infantiles.jpg" alt="Capitán Infantil: Adrián Morote Corral Abanderada Infantil: Leticia Sánchez Coca" width="600" height="450" srcset="https://web.morosycristianosdeaspe.es/wp-content/uploads/2014/05/Aljau-infantiles.jpg 600w, https://web.morosycristianosdeaspe.es/wp-content/uploads/2014/05/Aljau-infantiles-300x225.jpg 300w" sizes="auto, (max-width: 600px) 100vw, 600px" /><figcaption id="caption-attachment-814" class="wp-caption-text">Capitán Infantil: Adrián Morote Corral<br />Abanderada Infantil: Leticia Sánchez Coca</figcaption></figure>
<figure id="attachment_815" aria-describedby="caption-attachment-815" style="width: 600px" class="wp-caption aligncenter"><img loading="lazy" decoding="async" class="size-full wp-image-815" src="https://web.morosycristianosdeaspe.es/wp-content/uploads/2014/05/Aljau-Adultos.jpg" alt="Capitán: Antonio Francisco Sánchez Fernández Abanderada: Susana Corral Díaz" width="600" height="450" srcset="https://web.morosycristianosdeaspe.es/wp-content/uploads/2014/05/Aljau-Adultos.jpg 600w, https://web.morosycristianosdeaspe.es/wp-content/uploads/2014/05/Aljau-Adultos-300x225.jpg 300w" sizes="auto, (max-width: 600px) 100vw, 600px" /><figcaption id="caption-attachment-815" class="wp-caption-text">Capitán: Antonio Francisco Sánchez Fernández<br />Abanderada: Susana Corral Díaz</figcaption></figure>
