{"id":861,"date":"2014-07-04T10:50:14","date_gmt":"2014-07-04T09:50:14","guid":{"rendered":"http:\/\/web.morosycristianosdeaspe.es\/?page_id=861"},"modified":"2014-07-04T11:34:37","modified_gmt":"2014-07-04T10:34:37","slug":"sabado-26-de-julio-pregon-y-presentacion-al-pueblo","status":"publish","type":"page","link":"https:\/\/web.morosycristianosdeaspe.es\/?page_id=861","title":{"rendered":"S\u00e1bado 26 de Julio. Preg\u00f3n y Presentaci\u00f3n al Pueblo."},"content":{"rendered":"<h1><span style=\"color: #0000ff;\">Presentaci\u00f3n de Cargos al Alcalde<\/span><\/h1>\n<p><em>Pasacalle desde la sede de la Uni\u00f3n hasta la lonja del Antiguo Ayuntamiento donde se presentaran los cargos al Sr. Alcalde.<\/em><\/p>\n<p><a href=\"https:\/\/web.morosycristianosdeaspe.es\/wp-content\/uploads\/2013\/08\/plano1w.jpg\" target=\"_blank\"><img loading=\"lazy\" decoding=\"async\" class=\"size-medium wp-image-390\" src=\"https:\/\/web.morosycristianosdeaspe.es\/wp-content\/uploads\/2013\/08\/plano1w-300x238.jpg\" alt=\"Recorrido Pasacalle. Click en el plano para ampliar.\" width=\"300\" height=\"238\" srcset=\"https:\/\/web.morosycristianosdeaspe.es\/wp-content\/uploads\/2013\/08\/plano1w-300x238.jpg 300w, https:\/\/web.morosycristianosdeaspe.es\/wp-content\/uploads\/2013\/08\/plano1w.jpg 773w\" sizes=\"auto, (max-width: 300px) 100vw, 300px\" \/><\/a><\/p>\n<p><strong>Lugar de concentraci\u00f3n:<\/strong> Sede de la Uni\u00f3n.<\/p>\n<p><strong>Hora de concentraci\u00f3n:<\/strong> 20:00 h.<\/p>\n<p><strong>Hora de salida:<\/strong> 20:15 h.<\/p>\n<p><strong>Itinerario:<\/strong> Sede de la Uni\u00f3n, calle Francisco Candela, calle San Jaime, calle Concepci\u00f3n, calle San Rafael, calle Virgen del Carmen, calle Santo Tomas, calle Genaro Candela, Avenida Constituci\u00f3n, Arco del Ayuntamiento y Plaza Mayor.<\/p>\n<p><strong>Orden de salida:<\/strong><\/p>\n<ul>\n<li>Bandera de la Uni\u00f3n.<\/li>\n<li>Reyes y Sultanes.<\/li>\n<li>Capitanes y Abanderadas:\n<ul>\n<li>Moros Alcan\u00e1.<\/li>\n<li>Moros Sulaym\u00e1n.<\/li>\n<li>Moros Fauqu\u00edes.<\/li>\n<li>Moros Aljau.<\/li>\n<li>Cristianos Duque de Maqueda.<\/li>\n<li>Cristianos Estudiantes.<\/li>\n<li>Cristianos Contrabandistas de la Sierra Negra.<\/li>\n<li>Cristianos Lanceros de Uchel.<\/li>\n<\/ul>\n<\/li>\n<li>Presidentes de Comparsas.<\/li>\n<li>Presidente y Directivos de la Uni\u00f3n.<\/li>\n<li>Banda de m\u00fasica.<\/li>\n<li>Festeros y acompa\u00f1antes.<\/li>\n<\/ul>\n<h1><span style=\"color: #0000ff;\">Presentaci\u00f3n de Cargos al Pueblo<\/span><\/h1>\n<p><strong><em>Presentaci\u00f3n de los cargos festeros al Pueblo, Preg\u00f3n de las Fiestas de Moros y Cristianos y homenaje a los festeros nombrados Miembros de Honor de la Undef. <\/em><\/strong><\/p>\n<p><strong>Lugar del acto:<\/strong> Plaza mayor<\/p>\n<p><strong>Hora del acto:<\/strong> 21:30 h<\/p>\n<p><strong>Presentadoras:<\/strong> Lorena Garc\u00eda Vicedo, M\u00aa Tere Prieto Hern\u00e1ndez, \u00c1ngela Cremades Llopis, Blanca Alcolea Prieto.<\/p>\n<p><strong>Pregonero infantil:<\/strong> David Mira Cremades<\/p>\n<p><strong>Pregonero:<\/strong> Antonio Calero Prieto.<\/p>\n<h1><span style=\"color: #0000ff;\">Cena de Gala<\/span><\/h1>\n<p><strong>Hora de celebraci\u00f3n:<\/strong> Al finalizar el acto de Presentaci\u00f3n de Cargos al Pueblo. Aprox. 22:45h<\/p>\n<p><strong>Lugar de celebraci\u00f3n:<\/strong> Restaurante \u201cYa\u201d.<\/p>\n","protected":false},"excerpt":{"rendered":"<p>Presentaci\u00f3n de Cargos al Alcalde Pasacalle desde la sede de la Uni\u00f3n hasta la lonja del Antiguo Ayuntamiento donde se presentaran los cargos al Sr. Alcalde. Lugar de concentraci\u00f3n: Sede de la Uni\u00f3n. Hora de concentraci\u00f3n: 20:00 h. Hora de salida: 20:15 h. Itinerario: Sede de la Uni\u00f3n, calle Francisco Candela, calle San Jaime, calle [&hellip;]<\/p>\n","protected":false},"author":1,"featured_media":0,"parent":856,"menu_order":1,"comment_status":"closed","ping_status":"closed","template":"onecolumn-page.php","meta":{"footnotes":""},"class_list":["post-861","page","type-page","status-publish","hentry"],"_links":{"self":[{"href":"https:\/\/web.morosycristianosdeaspe.es\/index.php?rest_route=\/wp\/v2\/pages\/861","targetHints":{"allow":["GET"]}}],"collection":[{"href":"https:\/\/web.morosycristianosdeaspe.es\/index.php?rest_route=\/wp\/v2\/pages"}],"about":[{"href":"https:\/\/web.morosycristianosdeaspe.es\/index.php?rest_route=\/wp\/v2\/types\/page"}],"author":[{"embeddable":true,"href":"https:\/\/web.morosycristianosdeaspe.es\/index.php?rest_route=\/wp\/v2\/users\/1"}],"replies":[{"embeddable":true,"href":"https:\/\/web.morosycristianosdeaspe.es\/index.php?rest_route=%2Fwp%2Fv2%2Fcomments&post=861"}],"version-history":[{"count":3,"href":"https:\/\/web.morosycristianosdeaspe.es\/index.php?rest_route=\/wp\/v2\/pages\/861\/revisions"}],"predecessor-version":[{"id":864,"href":"https:\/\/web.morosycristianosdeaspe.es\/index.php?rest_route=\/wp\/v2\/pages\/861\/revisions\/864"}],"up":[{"embeddable":true,"href":"https:\/\/web.morosycristianosdeaspe.es\/index.php?rest_route=\/wp\/v2\/pages\/856"}],"wp:attachment":[{"href":"https:\/\/web.morosycristianosdeaspe.es\/index.php?rest_route=%2Fwp%2Fv2%2Fmedia&parent=861"}],"curies":[{"name":"wp","href":"https:\/\/api.w.org\/{rel}","templated":true}]}}

Sábado 26 de Julio. Pregón y Presentación al Pueblo.

<h1><span style="color: #0000ff;">Presentación de Cargos al Alcalde</span></h1>
<p><em>Pasacalle desde la sede de la Unión hasta la lonja del Antiguo Ayuntamiento donde se presentaran los cargos al Sr. Alcalde.</em></p>
<p><a href="https://web.morosycristianosdeaspe.es/wp-content/uploads/2013/08/plano1w.jpg" target="_blank"><img loading="lazy" decoding="async" class="size-medium wp-image-390" src="https://web.morosycristianosdeaspe.es/wp-content/uploads/2013/08/plano1w-300x238.jpg" alt="Recorrido Pasacalle. Click en el plano para ampliar." width="300" height="238" srcset="https://web.morosycristianosdeaspe.es/wp-content/uploads/2013/08/plano1w-300x238.jpg 300w, https://web.morosycristianosdeaspe.es/wp-content/uploads/2013/08/plano1w.jpg 773w" sizes="auto, (max-width: 300px) 100vw, 300px" /></a></p>
<p><strong>Lugar de concentración:</strong> Sede de la Unión.</p>
<p><strong>Hora de concentración:</strong> 20:00 h.</p>
<p><strong>Hora de salida:</strong> 20:15 h.</p>
<p><strong>Itinerario:</strong> Sede de la Unión, calle Francisco Candela, calle San Jaime, calle Concepción, calle San Rafael, calle Virgen del Carmen, calle Santo Tomas, calle Genaro Candela, Avenida Constitución, Arco del Ayuntamiento y Plaza Mayor.</p>
<p><strong>Orden de salida:</strong></p>
<ul>
<li>Bandera de la Unión.</li>
<li>Reyes y Sultanes.</li>
<li>Capitanes y Abanderadas:
<ul>
<li>Moros Alcaná.</li>
<li>Moros Sulaymán.</li>
<li>Moros Fauquíes.</li>
<li>Moros Aljau.</li>
<li>Cristianos Duque de Maqueda.</li>
<li>Cristianos Estudiantes.</li>
<li>Cristianos Contrabandistas de la Sierra Negra.</li>
<li>Cristianos Lanceros de Uchel.</li>
</ul>
</li>
<li>Presidentes de Comparsas.</li>
<li>Presidente y Directivos de la Unión.</li>
<li>Banda de música.</li>
<li>Festeros y acompañantes.</li>
</ul>
<h1><span style="color: #0000ff;">Presentación de Cargos al Pueblo</span></h1>
<p><strong><em>Presentación de los cargos festeros al Pueblo, Pregón de las Fiestas de Moros y Cristianos y homenaje a los festeros nombrados Miembros de Honor de la Undef. </em></strong></p>
<p><strong>Lugar del acto:</strong> Plaza mayor</p>
<p><strong>Hora del acto:</strong> 21:30 h</p>
<p><strong>Presentadoras:</strong> Lorena García Vicedo, Mª Tere Prieto Hernández, Ángela Cremades Llopis, Blanca Alcolea Prieto.</p>
<p><strong>Pregonero infantil:</strong> David Mira Cremades</p>
<p><strong>Pregonero:</strong> Antonio Calero Prieto.</p>
<h1><span style="color: #0000ff;">Cena de Gala</span></h1>
<p><strong>Hora de celebración:</strong> Al finalizar el acto de Presentación de Cargos al Pueblo. Aprox. 22:45h</p>
<p><strong>Lugar de celebración:</strong> Restaurante “Ya”.</p>

<p>Presentación de Cargos al Alcalde Pasacalle desde la sede de la Unión hasta la lonja del Antiguo Ayuntamiento donde se presentaran los cargos al Sr. Alcalde. Lugar de concentración: Sede de la Unión. Hora de concentración: 20:00 h. Hora de salida: 20:15 h. Itinerario: Sede de la Unión, calle Francisco Candela, calle San Jaime, calle [&hellip;]</p>
