{"id":867,"date":"2014-07-04T11:02:37","date_gmt":"2014-07-04T10:02:37","guid":{"rendered":"http:\/\/web.morosycristianosdeaspe.es\/?page_id=867"},"modified":"2014-07-04T11:02:37","modified_gmt":"2014-07-04T10:02:37","slug":"martes-5-de-agosto-procesion-de-la-virgen-de-las-nieves","status":"publish","type":"page","link":"https:\/\/web.morosycristianosdeaspe.es\/?page_id=867","title":{"rendered":"Martes 5 de Agosto. Procesi\u00f3n de la Virgen de las Nieves"},"content":{"rendered":"<h1><span style=\"color: #0000ff;\">Procesi\u00f3n en honor a la Virgen de las Nieves<\/span><\/h1>\n<p><strong>Hora de concentraci\u00f3n:<\/strong> 19:30h<\/p>\n<p><strong>Lugar de concentraci\u00f3n:<\/strong> Presidentes de comparsas, cargos festeros y Junta Central en la Plaza Mayor.<\/p>\n<p><strong>Orden de cargos:<\/strong><\/p>\n<ul>\n<li>Bandera de la Uni\u00f3n.<\/li>\n<li>Reyes y Sultanes.<\/li>\n<li>Capitanes y Abanderadas:\n<ul>\n<li>Moros Alcan\u00e1.<\/li>\n<li>Moros Sulaym\u00e1n.<\/li>\n<li>Moros Fauqu\u00edes.<\/li>\n<li>Moros Aljau.<\/li>\n<li>Cristianos Duque de Maqueda.<\/li>\n<li>Cristianos Estudiantes.<\/li>\n<li>Cristianos Contrabandistas de la Sierra Negra.<\/li>\n<li>Cristianos Lanceros de Uchel.<\/li>\n<\/ul>\n<\/li>\n<li>Presidentes de Comparsas.<\/li>\n<li>Presidente y Directivos de la Uni\u00f3n.<\/li>\n<\/ul>\n","protected":false},"excerpt":{"rendered":"<p>Procesi\u00f3n en honor a la Virgen de las Nieves Hora de concentraci\u00f3n: 19:30h Lugar de concentraci\u00f3n: Presidentes de comparsas, cargos festeros y Junta Central en la Plaza Mayor. Orden de cargos: Bandera de la Uni\u00f3n. Reyes y Sultanes. Capitanes y Abanderadas: Moros Alcan\u00e1. Moros Sulaym\u00e1n. Moros Fauqu\u00edes. Moros Aljau. Cristianos Duque de Maqueda. Cristianos Estudiantes. [&hellip;]<\/p>\n","protected":false},"author":1,"featured_media":0,"parent":856,"menu_order":3,"comment_status":"closed","ping_status":"closed","template":"onecolumn-page.php","meta":{"footnotes":""},"class_list":["post-867","page","type-page","status-publish","hentry"],"_links":{"self":[{"href":"https:\/\/web.morosycristianosdeaspe.es\/index.php?rest_route=\/wp\/v2\/pages\/867","targetHints":{"allow":["GET"]}}],"collection":[{"href":"https:\/\/web.morosycristianosdeaspe.es\/index.php?rest_route=\/wp\/v2\/pages"}],"about":[{"href":"https:\/\/web.morosycristianosdeaspe.es\/index.php?rest_route=\/wp\/v2\/types\/page"}],"author":[{"embeddable":true,"href":"https:\/\/web.morosycristianosdeaspe.es\/index.php?rest_route=\/wp\/v2\/users\/1"}],"replies":[{"embeddable":true,"href":"https:\/\/web.morosycristianosdeaspe.es\/index.php?rest_route=%2Fwp%2Fv2%2Fcomments&post=867"}],"version-history":[{"count":1,"href":"https:\/\/web.morosycristianosdeaspe.es\/index.php?rest_route=\/wp\/v2\/pages\/867\/revisions"}],"predecessor-version":[{"id":868,"href":"https:\/\/web.morosycristianosdeaspe.es\/index.php?rest_route=\/wp\/v2\/pages\/867\/revisions\/868"}],"up":[{"embeddable":true,"href":"https:\/\/web.morosycristianosdeaspe.es\/index.php?rest_route=\/wp\/v2\/pages\/856"}],"wp:attachment":[{"href":"https:\/\/web.morosycristianosdeaspe.es\/index.php?rest_route=%2Fwp%2Fv2%2Fmedia&parent=867"}],"curies":[{"name":"wp","href":"https:\/\/api.w.org\/{rel}","templated":true}]}}

Martes 5 de Agosto. Procesión de la Virgen de las Nieves

<h1><span style="color: #0000ff;">Procesión en honor a la Virgen de las Nieves</span></h1>
<p><strong>Hora de concentración:</strong> 19:30h</p>
<p><strong>Lugar de concentración:</strong> Presidentes de comparsas, cargos festeros y Junta Central en la Plaza Mayor.</p>
<p><strong>Orden de cargos:</strong></p>
<ul>
<li>Bandera de la Unión.</li>
<li>Reyes y Sultanes.</li>
<li>Capitanes y Abanderadas:
<ul>
<li>Moros Alcaná.</li>
<li>Moros Sulaymán.</li>
<li>Moros Fauquíes.</li>
<li>Moros Aljau.</li>
<li>Cristianos Duque de Maqueda.</li>
<li>Cristianos Estudiantes.</li>
<li>Cristianos Contrabandistas de la Sierra Negra.</li>
<li>Cristianos Lanceros de Uchel.</li>
</ul>
</li>
<li>Presidentes de Comparsas.</li>
<li>Presidente y Directivos de la Unión.</li>
</ul>

<p>Procesión en honor a la Virgen de las Nieves Hora de concentración: 19:30h Lugar de concentración: Presidentes de comparsas, cargos festeros y Junta Central en la Plaza Mayor. Orden de cargos: Bandera de la Unión. Reyes y Sultanes. Capitanes y Abanderadas: Moros Alcaná. Moros Sulaymán. Moros Fauquíes. Moros Aljau. Cristianos Duque de Maqueda. Cristianos Estudiantes. [&hellip;]</p>
