{"id":869,"date":"2014-07-04T11:10:18","date_gmt":"2014-07-04T10:10:18","guid":{"rendered":"http:\/\/web.morosycristianosdeaspe.es\/?page_id=869"},"modified":"2014-07-04T11:11:06","modified_gmt":"2014-07-04T10:11:06","slug":"miercoles-6-de-agosto-dia-del-festero-infantil","status":"publish","type":"page","link":"https:\/\/web.morosycristianosdeaspe.es\/?page_id=869","title":{"rendered":"Mi\u00e9rcoles 6 de Agosto. D\u00eda del Festero Infantil"},"content":{"rendered":"<h1><span style=\"color: #0000ff;\">Fiesta Infantil<\/span><\/h1>\n<p><em><strong>Merienda y actividades l\u00fadicas para todos los ni\u00f1os festeros de las distintas comparsas de la Uni\u00f3n de Moros y Cristianos.<\/strong><\/em><\/p>\n<p><strong>Lugar de celebraci\u00f3n:<\/strong> K\u00e1bila de Moros Fauqu\u00edes.<\/p>\n<p><strong>Horario:<\/strong> 18:30h (Merienda); 19:00h (Hinchables, talleres, actividades).<\/p>\n<p>* Merienda y todas las actividades gratuitas. Sufragadas por la Uni\u00f3n de Moros y Cristianos y la comparsa Moros Fauqu\u00edes.<\/p>\n","protected":false},"excerpt":{"rendered":"<p>Fiesta Infantil Merienda y actividades l\u00fadicas para todos los ni\u00f1os festeros de las distintas comparsas de la Uni\u00f3n de Moros y Cristianos. Lugar de celebraci\u00f3n: K\u00e1bila de Moros Fauqu\u00edes. Horario: 18:30h (Merienda); 19:00h (Hinchables, talleres, actividades). * Merienda y todas las actividades gratuitas. Sufragadas por la Uni\u00f3n de Moros y Cristianos y la comparsa Moros [&hellip;]<\/p>\n","protected":false},"author":1,"featured_media":0,"parent":856,"menu_order":4,"comment_status":"closed","ping_status":"closed","template":"onecolumn-page.php","meta":{"footnotes":""},"class_list":["post-869","page","type-page","status-publish","hentry"],"_links":{"self":[{"href":"https:\/\/web.morosycristianosdeaspe.es\/index.php?rest_route=\/wp\/v2\/pages\/869","targetHints":{"allow":["GET"]}}],"collection":[{"href":"https:\/\/web.morosycristianosdeaspe.es\/index.php?rest_route=\/wp\/v2\/pages"}],"about":[{"href":"https:\/\/web.morosycristianosdeaspe.es\/index.php?rest_route=\/wp\/v2\/types\/page"}],"author":[{"embeddable":true,"href":"https:\/\/web.morosycristianosdeaspe.es\/index.php?rest_route=\/wp\/v2\/users\/1"}],"replies":[{"embeddable":true,"href":"https:\/\/web.morosycristianosdeaspe.es\/index.php?rest_route=%2Fwp%2Fv2%2Fcomments&post=869"}],"version-history":[{"count":2,"href":"https:\/\/web.morosycristianosdeaspe.es\/index.php?rest_route=\/wp\/v2\/pages\/869\/revisions"}],"predecessor-version":[{"id":871,"href":"https:\/\/web.morosycristianosdeaspe.es\/index.php?rest_route=\/wp\/v2\/pages\/869\/revisions\/871"}],"up":[{"embeddable":true,"href":"https:\/\/web.morosycristianosdeaspe.es\/index.php?rest_route=\/wp\/v2\/pages\/856"}],"wp:attachment":[{"href":"https:\/\/web.morosycristianosdeaspe.es\/index.php?rest_route=%2Fwp%2Fv2%2Fmedia&parent=869"}],"curies":[{"name":"wp","href":"https:\/\/api.w.org\/{rel}","templated":true}]}}

Miércoles 6 de Agosto. Día del Festero Infantil

<h1><span style="color: #0000ff;">Fiesta Infantil</span></h1>
<p><em><strong>Merienda y actividades lúdicas para todos los niños festeros de las distintas comparsas de la Unión de Moros y Cristianos.</strong></em></p>
<p><strong>Lugar de celebración:</strong> Kábila de Moros Fauquíes.</p>
<p><strong>Horario:</strong> 18:30h (Merienda); 19:00h (Hinchables, talleres, actividades).</p>
<p>* Merienda y todas las actividades gratuitas. Sufragadas por la Unión de Moros y Cristianos y la comparsa Moros Fauquíes.</p>

<p>Fiesta Infantil Merienda y actividades lúdicas para todos los niños festeros de las distintas comparsas de la Unión de Moros y Cristianos. Lugar de celebración: Kábila de Moros Fauquíes. Horario: 18:30h (Merienda); 19:00h (Hinchables, talleres, actividades). * Merienda y todas las actividades gratuitas. Sufragadas por la Unión de Moros y Cristianos y la comparsa Moros [&hellip;]</p>
