{"id":91,"date":"2013-05-29T12:58:26","date_gmt":"2013-05-29T10:58:26","guid":{"rendered":"http:\/\/noticias.morosycristianosdeaspe.es\/?page_id=91"},"modified":"2013-05-29T12:58:26","modified_gmt":"2013-05-29T10:58:26","slug":"la-virgen-de-las-nieves-patrona-de-las-fiestas-de-moros-y-cristianos-de-aspe","status":"publish","type":"page","link":"https:\/\/web.morosycristianosdeaspe.es\/?page_id=91","title":{"rendered":"LA VIRGEN DE LAS NIEVES PATRONA DE LAS FIESTAS DE MOROS Y CRISTIANOS DE ASPE"},"content":{"rendered":"<p align=\"right\"><em><span style=\"color: #880000;\">Carlos Aznar Pav\u00eda<br \/>\nCronista Oficial de Fiestas<\/span><\/em><\/p>\n<p>El a\u00f1o 1978 se fundaron las fiestas de Moros y Cristianos en Aspe. Las circunstancias que rodearon al nacimiento de estas fiestas, puede que no sean las mismas que los pueblos con m\u00e1s o menos antig\u00fcedad que Aspe.<br \/>\nLas fiestas bienales que Aspe celebra en honor a su patrona la virgen de las Nieves datan del a\u00f1o 1418, ese a\u00f1o fue el que marca la tradici\u00f3n, en el que unos j\u00f3venes pelegrinos de camino hacia Yecla, dejaron milagrosamente una imagen de la Virgen en la entonces pedan\u00eda de aspe, Hond\u00f3n.<\/p>\n<p>El hallazgo o aparici\u00f3n de la Virgen de las Nieves tuvo lugar 74 a\u00f1os antes del descubrimiento de Am\u00e9rica; 33 a\u00f1os antes del nacimiento de Isabel la Cat\u00f3lica y todav\u00eda no se hab\u00eda terminado la reconquista de Espa\u00f1a.<\/p>\n<p>La Imagen de la Virgen a lo largo de estos casi VI siglos siempre ha permanecido y permanece en su santuario de Hond\u00f3n a excepci\u00f3n de cuando Aspe, le dedica sus fiestas que son a partir del tres de agosto, d\u00eda en que es trasladada en una multitudinaria romer\u00eda que parte de Hond\u00f3n a las 17:h para hacer su entrada triunfal en Aspe a las 21:h. En el a\u00f1o 1769 empezaron los conflictos entre Aspe y Hond\u00f3n al convertirse el santuario en parroquia. Hubo que establecer unas normas jur\u00eddicas para el traslado de la imagen de una parroquia a otra, este fue el primer Concordato. El documento original se encuentra en el archivo municipal de Aspe. En el se estipulan unas normas que el Ayuntamiento de Aspe deber\u00e1 observar en las traslaciones: &#8211; Aviso previo al cura de Hond\u00f3n, -acompa\u00f1amiento de un n\u00famero de 20 luces, &#8211; estancia en Aspe de 15 d\u00edas. Volvieron a surgir desavenencias entre los curas de ambas parroquias y en el a\u00f1o 1776 y se estableci\u00f3 el segundo Concordato, que venia a ratificar el anterior y jur\u00eddicamente supon\u00eda un acuerdo tripartito entre el Ayuntamiento de Aspe y los curas de Aspe y Hond\u00f3n. Este documento se all\u00e1 recogido en el libro de los Cavildos, 6 de mayo de 1976 y la reuni\u00f3n tuvo lugar en la sala capitular del Ayuntamiento. Este Concordato vino a solucionar las desavenencias surgidas y adem\u00e1s elaboro el reglamento del ceremonial que conlleva a la traslaci\u00f3n de la Imagen. En el A\u00f1o 1839 Hond\u00f3n se segrego de Aspe teniendo Ayuntamiento propio y estableciendo las lindes de su termino municipal, como segregaci\u00f3n de Aspe en 1842. Volvieron los conflictos entre los dos pueblos por la posesi\u00f3n y el patronazgo de la Virgen de las Nieves y hubo que redactar un tercer Concordato, este sigue vigente, sin una sola enmienda hasta nuestros d\u00edas, jur\u00eddicamente est\u00e1 basado en los anteriores y tiene siete art\u00edculos.<\/p>\n<p>El art\u00edculo 1\u00ba determina la residencia normal de la Virgen en su camar\u00edn de Hond\u00f3n. El N\u00ba 3 es innovador y en el se establece el car\u00e1cter bienal, comenzando ese a\u00f1o en Aspe; de ah\u00ed que venga los a\u00f1os pares.<\/p>\n<p>E hecho estas aclaraciones para que el lector, pueda entender el porque Aspe solo tiene fiestas patronales los a\u00f1os pares, esa peculiaridad hace que sean unas fiestas muy esperadas y deseadas, pero que tambi\u00e9n dejaban un gran vacio los a\u00f1os impares.<\/p>\n<p>Las Fiestas de Moros y Cristianos fueron pensadas para llenar ese vacio, y aunque las romer\u00edas de la tra\u00edda y llevada de la Virgen a Hond\u00f3n, como la estancia de la Imagen en Aspe son insustituibles, hemos conseguido unas grandiosas fiestas de Moros y Cristiano, d\u00e1ndole mas realce a las patronales. La Virgen de las nieves preside todos nuestros actos, y a ella como nuestra Patrona le dedicamos misas y ofrendas. Una cosa tuvimos claro y es que siempre respetar\u00edamos las tradicionales fechas de unas fiestas que de tan antiguas se pierden en el tiempo, incluso los a\u00f1os impares las Fiestas de Moros y Cristianos dan comienzo la tarde del d\u00eda 7 de agosto, dejando atr\u00e1s los d\u00edas fuertes de las Fiestas Patronales, que son el 3-4-5 festividad de la Virgen de las Nieves. Los a\u00f1os impares la Uni\u00f3n de Moros y Cristianos le dedica los actos a una Hermosa Imagen de la Virgen de las Nieves que se encuentra en una capilla de la calle que lleva su nombre.<\/p>\n<p>Nuestros historiadores influyeron mucho en la implantaci\u00f3n de estas fiestas. El escritor y poeta David Jim\u00e9nez Puerto, en el a\u00f1o 1940 escribi\u00f3 una obra en tres actos titulada \u201cLa Invenci\u00f3n de La Serranica\u201d, en ella supo plasmar la convivencia entre Moros y Cristianos, o lo que es lo mismo, entre Cristianos viejos y Moros conversos \u201cMud\u00e9jares\u201d. David Jim\u00e9nez, hombre al que siempre admir\u00e9 y del que he le\u00eddo todo lo que ha ca\u00eddo en mis manos, ya hab\u00eda lanzado un mensaje cuarenta a\u00f1os antes del inicio de estas fiestas, mesclando el relato de la aparici\u00f3n de la Virgen de las Nieves con una hermosa historia de amor entre un Moro y una Cristiana. El padre Navarro, tambi\u00e9n hab\u00eda nos escribi\u00f3 otro mensaje en su libro \u201cAspe y su Patrona\u201d publicado en el a\u00f1o 1977, Teniente Coronel Castrense, este sacerdote fallecido recientemente, dice en su libro: \u201cDe las noticias que hemos podido recoger una de ellas se remonta a principios del siglo XVII. En la visita que a esta parroquia hizo el entonces Obispo de Orihuela, D Fray Andr\u00e9s Balaguer, el 28 de octubre de 1607, hall\u00f3 que solo hab\u00edan dos doblas o misas cantadas perpetuas: La primera en 5 de agosto, d\u00eda de Ntra. Sra. De las Nieves\u2026 pagada por la Aljama Mora, por ser voto de la villa\u201d. \u201clibro de visitas (Fol. 159).<\/p>\n<p>Por todo lo expuesto la Uni\u00f3n de Moros y Cristianos, ha cuidado y potenciado lo actos en honor a la Virgen, en estos 32 a\u00f1os de su historia, lo demuestran con sus ofrendas tanto en su capilla de la calle que lleva su nombre, como en la Bas\u00edlica durante la estancia de su sagrada imagen entre nosotros, las misas festeras, las ofrendas, en su procesi\u00f3n del d\u00eda 5. El honor y la ilusi\u00f3n de todo festero de tener una fotograf\u00eda Junto a la \u201cSerranica\u201d para poder ponerla en sitio preferente.<\/p>\n<p>(Serranica): Nombre cari\u00f1oso que se da a la Virgen de las Nieves, por venir cada dos a\u00f1os de la serran\u00eda, (Hond\u00f3n de las Nieves).<\/p>\n","protected":false},"excerpt":{"rendered":"<p>Carlos Aznar Pav\u00eda Cronista Oficial de Fiestas El a\u00f1o 1978 se fundaron las fiestas de Moros y Cristianos en Aspe. Las circunstancias que rodearon al nacimiento de estas fiestas, puede que no sean las mismas que los pueblos con m\u00e1s o menos antig\u00fcedad que Aspe. Las fiestas bienales que Aspe celebra en honor a su [&hellip;]<\/p>\n","protected":false},"author":1,"featured_media":0,"parent":77,"menu_order":21,"comment_status":"closed","ping_status":"open","template":"onecolumn-page.php","meta":{"footnotes":""},"class_list":["post-91","page","type-page","status-publish","hentry"],"_links":{"self":[{"href":"https:\/\/web.morosycristianosdeaspe.es\/index.php?rest_route=\/wp\/v2\/pages\/91","targetHints":{"allow":["GET"]}}],"collection":[{"href":"https:\/\/web.morosycristianosdeaspe.es\/index.php?rest_route=\/wp\/v2\/pages"}],"about":[{"href":"https:\/\/web.morosycristianosdeaspe.es\/index.php?rest_route=\/wp\/v2\/types\/page"}],"author":[{"embeddable":true,"href":"https:\/\/web.morosycristianosdeaspe.es\/index.php?rest_route=\/wp\/v2\/users\/1"}],"replies":[{"embeddable":true,"href":"https:\/\/web.morosycristianosdeaspe.es\/index.php?rest_route=%2Fwp%2Fv2%2Fcomments&post=91"}],"version-history":[{"count":0,"href":"https:\/\/web.morosycristianosdeaspe.es\/index.php?rest_route=\/wp\/v2\/pages\/91\/revisions"}],"up":[{"embeddable":true,"href":"https:\/\/web.morosycristianosdeaspe.es\/index.php?rest_route=\/wp\/v2\/pages\/77"}],"wp:attachment":[{"href":"https:\/\/web.morosycristianosdeaspe.es\/index.php?rest_route=%2Fwp%2Fv2%2Fmedia&parent=91"}],"curies":[{"name":"wp","href":"https:\/\/api.w.org\/{rel}","templated":true}]}}

<p align="right"><em><span style="color: #880000;">Carlos Aznar Pavía<br />
Cronista Oficial de Fiestas</span></em></p>
<p>El año 1978 se fundaron las fiestas de Moros y Cristianos en Aspe. Las circunstancias que rodearon al nacimiento de estas fiestas, puede que no sean las mismas que los pueblos con más o menos antigüedad que Aspe.<br />
Las fiestas bienales que Aspe celebra en honor a su patrona la virgen de las Nieves datan del año 1418, ese año fue el que marca la tradición, en el que unos jóvenes pelegrinos de camino hacia Yecla, dejaron milagrosamente una imagen de la Virgen en la entonces pedanía de aspe, Hondón.</p>
<p>El hallazgo o aparición de la Virgen de las Nieves tuvo lugar 74 años antes del descubrimiento de América; 33 años antes del nacimiento de Isabel la Católica y todavía no se había terminado la reconquista de España.</p>
<p>La Imagen de la Virgen a lo largo de estos casi VI siglos siempre ha permanecido y permanece en su santuario de Hondón a excepción de cuando Aspe, le dedica sus fiestas que son a partir del tres de agosto, día en que es trasladada en una multitudinaria romería que parte de Hondón a las 17:h para hacer su entrada triunfal en Aspe a las 21:h. En el año 1769 empezaron los conflictos entre Aspe y Hondón al convertirse el santuario en parroquia. Hubo que establecer unas normas jurídicas para el traslado de la imagen de una parroquia a otra, este fue el primer Concordato. El documento original se encuentra en el archivo municipal de Aspe. En el se estipulan unas normas que el Ayuntamiento de Aspe deberá observar en las traslaciones: &#8211; Aviso previo al cura de Hondón, -acompañamiento de un número de 20 luces, &#8211; estancia en Aspe de 15 días. Volvieron a surgir desavenencias entre los curas de ambas parroquias y en el año 1776 y se estableció el segundo Concordato, que venia a ratificar el anterior y jurídicamente suponía un acuerdo tripartito entre el Ayuntamiento de Aspe y los curas de Aspe y Hondón. Este documento se allá recogido en el libro de los Cavildos, 6 de mayo de 1976 y la reunión tuvo lugar en la sala capitular del Ayuntamiento. Este Concordato vino a solucionar las desavenencias surgidas y además elaboro el reglamento del ceremonial que conlleva a la traslación de la Imagen. En el Año 1839 Hondón se segrego de Aspe teniendo Ayuntamiento propio y estableciendo las lindes de su termino municipal, como segregación de Aspe en 1842. Volvieron los conflictos entre los dos pueblos por la posesión y el patronazgo de la Virgen de las Nieves y hubo que redactar un tercer Concordato, este sigue vigente, sin una sola enmienda hasta nuestros días, jurídicamente está basado en los anteriores y tiene siete artículos.</p>
<p>El artículo 1º determina la residencia normal de la Virgen en su camarín de Hondón. El Nº 3 es innovador y en el se establece el carácter bienal, comenzando ese año en Aspe; de ahí que venga los años pares.</p>
<p>E hecho estas aclaraciones para que el lector, pueda entender el porque Aspe solo tiene fiestas patronales los años pares, esa peculiaridad hace que sean unas fiestas muy esperadas y deseadas, pero que también dejaban un gran vacio los años impares.</p>
<p>Las Fiestas de Moros y Cristianos fueron pensadas para llenar ese vacio, y aunque las romerías de la traída y llevada de la Virgen a Hondón, como la estancia de la Imagen en Aspe son insustituibles, hemos conseguido unas grandiosas fiestas de Moros y Cristiano, dándole mas realce a las patronales. La Virgen de las nieves preside todos nuestros actos, y a ella como nuestra Patrona le dedicamos misas y ofrendas. Una cosa tuvimos claro y es que siempre respetaríamos las tradicionales fechas de unas fiestas que de tan antiguas se pierden en el tiempo, incluso los años impares las Fiestas de Moros y Cristianos dan comienzo la tarde del día 7 de agosto, dejando atrás los días fuertes de las Fiestas Patronales, que son el 3-4-5 festividad de la Virgen de las Nieves. Los años impares la Unión de Moros y Cristianos le dedica los actos a una Hermosa Imagen de la Virgen de las Nieves que se encuentra en una capilla de la calle que lleva su nombre.</p>
<p>Nuestros historiadores influyeron mucho en la implantación de estas fiestas. El escritor y poeta David Jiménez Puerto, en el año 1940 escribió una obra en tres actos titulada “La Invención de La Serranica”, en ella supo plasmar la convivencia entre Moros y Cristianos, o lo que es lo mismo, entre Cristianos viejos y Moros conversos “Mudéjares”. David Jiménez, hombre al que siempre admiré y del que he leído todo lo que ha caído en mis manos, ya había lanzado un mensaje cuarenta años antes del inicio de estas fiestas, mesclando el relato de la aparición de la Virgen de las Nieves con una hermosa historia de amor entre un Moro y una Cristiana. El padre Navarro, también había nos escribió otro mensaje en su libro “Aspe y su Patrona” publicado en el año 1977, Teniente Coronel Castrense, este sacerdote fallecido recientemente, dice en su libro: “De las noticias que hemos podido recoger una de ellas se remonta a principios del siglo XVII. En la visita que a esta parroquia hizo el entonces Obispo de Orihuela, D Fray Andrés Balaguer, el 28 de octubre de 1607, halló que solo habían dos doblas o misas cantadas perpetuas: La primera en 5 de agosto, día de Ntra. Sra. De las Nieves… pagada por la Aljama Mora, por ser voto de la villa”. “libro de visitas (Fol. 159).</p>
<p>Por todo lo expuesto la Unión de Moros y Cristianos, ha cuidado y potenciado lo actos en honor a la Virgen, en estos 32 años de su historia, lo demuestran con sus ofrendas tanto en su capilla de la calle que lleva su nombre, como en la Basílica durante la estancia de su sagrada imagen entre nosotros, las misas festeras, las ofrendas, en su procesión del día 5. El honor y la ilusión de todo festero de tener una fotografía Junto a la “Serranica” para poder ponerla en sitio preferente.</p>
<p>(Serranica): Nombre cariñoso que se da a la Virgen de las Nieves, por venir cada dos años de la serranía, (Hondón de las Nieves).</p>

<p>Carlos Aznar Pavía Cronista Oficial de Fiestas El año 1978 se fundaron las fiestas de Moros y Cristianos en Aspe. Las circunstancias que rodearon al nacimiento de estas fiestas, puede que no sean las mismas que los pueblos con más o menos antigüedad que Aspe. Las fiestas bienales que Aspe celebra en honor a su [&hellip;]</p>
